{"id":10970,"date":"2018-12-17T14:51:14","date_gmt":"2018-12-17T12:51:14","guid":{"rendered":"http:\/\/localhost\/plus\/elv3\/?page_id=10970"},"modified":"2018-12-17T14:51:34","modified_gmt":"2018-12-17T12:51:34","slug":"tingimused","status":"publish","type":"page","link":"https:\/\/elvtehnika.ee\/test\/tingimused\/","title":{"rendered":"Kasutus- ja m\u00fc\u00fcgitingimused"},"content":{"rendered":"<h2>1. P\u00d5HIM\u00d5ISTED<\/h2>\n<p>1.1. Klient \u2013 isik, kes teeb www.elvtehnika.ee veebikeskkonnas tellimuse.<\/p>\n<p>1.2. M\u00fc\u00fcja \u2013 ELV Tehnikateenused O\u00dc.<\/p>\n","protected":false},"excerpt":{"rendered":"<p>1. P\u00d5HIM\u00d5ISTED 1.1. Klient \u2013 isik, kes teeb www.elvtehnika.ee veebikeskkonnas tellimuse. 1.2. M\u00fc\u00fcja \u2013 ELV Tehnikateenused O\u00dc.<\/p>\n","protected":false},"author":2,"featured_media":0,"parent":0,"menu_order":0,"comment_status":"closed","ping_status":"closed","template":"","meta":[],"acf":[],"yoast_head":"<!-- This site is optimized with the Yoast SEO plugin v20.5 - https:\/\/yoast.com\/wordpress\/plugins\/seo\/ -->\n<title>Kasutus- ja m\u00fc\u00fcgitingimused - ELV Tehnika<\/title>\n<meta name=\"robots\" content=\"noindex, follow, max-snippet:-1, max-image-preview:large, max-video-preview:-1\" \/>\n<meta property=\"og:locale\" content=\"et_EE\" \/>\n<meta property=\"og:type\" content=\"article\" \/>\n<meta property=\"og:title\" content=\"Kasutus- ja m\u00fc\u00fcgitingimused - ELV Tehnika\" \/>\n<meta property=\"og:description\" content=\"1. P\u00d5HIM\u00d5ISTED 1.1. Klient \u2013 isik, kes teeb www.elvtehnika.ee veebikeskkonnas tellimuse. 1.2. M\u00fc\u00fcja \u2013 ELV Tehnikateenused O\u00dc.\" \/>\n<meta property=\"og:url\" content=\"https:\/\/elvtehnika.ee\/test\/tingimused\/\" \/>\n<meta property=\"og:site_name\" content=\"ELV Tehnika\" \/>\n<meta property=\"article:modified_time\" content=\"2018-12-17T12:51:34+00:00\" \/>\n<script type=\"application\/ld+json\" class=\"yoast-schema-graph\">{\"@context\":\"https:\/\/schema.org\",\"@graph\":[{\"@type\":\"WebPage\",\"@id\":\"https:\/\/elvtehnika.ee\/test\/tingimused\/\",\"url\":\"https:\/\/elvtehnika.ee\/test\/tingimused\/\",\"name\":\"Kasutus- ja m\u00fc\u00fcgitingimused - ELV Tehnika\",\"isPartOf\":{\"@id\":\"https:\/\/elvtehnika.ee\/test\/#website\"},\"datePublished\":\"2018-12-17T12:51:14+00:00\",\"dateModified\":\"2018-12-17T12:51:34+00:00\",\"breadcrumb\":{\"@id\":\"https:\/\/elvtehnika.ee\/test\/tingimused\/#breadcrumb\"},\"inLanguage\":\"et\",\"potentialAction\":[{\"@type\":\"ReadAction\",\"target\":[\"https:\/\/elvtehnika.ee\/test\/tingimused\/\"]}]},{\"@type\":\"BreadcrumbList\",\"@id\":\"https:\/\/elvtehnika.ee\/test\/tingimused\/#breadcrumb\",\"itemListElement\":[{\"@type\":\"ListItem\",\"position\":1,\"name\":\"Home\",\"item\":\"https:\/\/elvtehnika.ee\/test\/\"},{\"@type\":\"ListItem\",\"position\":2,\"name\":\"Kasutus- ja m\u00fc\u00fcgitingimused\"}]},{\"@type\":\"WebSite\",\"@id\":\"https:\/\/elvtehnika.ee\/test\/#website\",\"url\":\"https:\/\/elvtehnika.ee\/test\/\",\"name\":\"ELV Tehnika\",\"description\":\"Heli-, valgus- ja esitlustehnika\",\"potentialAction\":[{\"@type\":\"SearchAction\",\"target\":{\"@type\":\"EntryPoint\",\"urlTemplate\":\"https:\/\/elvtehnika.ee\/test\/?s={search_term_string}\"},\"query-input\":\"required name=search_term_string\"}],\"inLanguage\":\"et\"}]}<\/script>\n<!-- \/ Yoast SEO plugin. -->","yoast_head_json":{"title":"Kasutus- ja m\u00fc\u00fcgitingimused - ELV Tehnika","robots":{"index":"noindex","follow":"follow","max-snippet":"max-snippet:-1","max-image-preview":"max-image-preview:large","max-video-preview":"max-video-preview:-1"},"og_locale":"et_EE","og_type":"article","og_title":"Kasutus- ja m\u00fc\u00fcgitingimused - ELV Tehnika","og_description":"1. P\u00d5HIM\u00d5ISTED 1.1. Klient \u2013 isik, kes teeb www.elvtehnika.ee veebikeskkonnas tellimuse. 1.2. M\u00fc\u00fcja \u2013 ELV Tehnikateenused O\u00dc.","og_url":"https:\/\/elvtehnika.ee\/test\/tingimused\/","og_site_name":"ELV Tehnika","article_modified_time":"2018-12-17T12:51:34+00:00","schema":{"@context":"https:\/\/schema.org","@graph":[{"@type":"WebPage","@id":"https:\/\/elvtehnika.ee\/test\/tingimused\/","url":"https:\/\/elvtehnika.ee\/test\/tingimused\/","name":"Kasutus- ja m\u00fc\u00fcgitingimused - ELV Tehnika","isPartOf":{"@id":"https:\/\/elvtehnika.ee\/test\/#website"},"datePublished":"2018-12-17T12:51:14+00:00","dateModified":"2018-12-17T12:51:34+00:00","breadcrumb":{"@id":"https:\/\/elvtehnika.ee\/test\/tingimused\/#breadcrumb"},"inLanguage":"et","potentialAction":[{"@type":"ReadAction","target":["https:\/\/elvtehnika.ee\/test\/tingimused\/"]}]},{"@type":"BreadcrumbList","@id":"https:\/\/elvtehnika.ee\/test\/tingimused\/#breadcrumb","itemListElement":[{"@type":"ListItem","position":1,"name":"Home","item":"https:\/\/elvtehnika.ee\/test\/"},{"@type":"ListItem","position":2,"name":"Kasutus- ja m\u00fc\u00fcgitingimused"}]},{"@type":"WebSite","@id":"https:\/\/elvtehnika.ee\/test\/#website","url":"https:\/\/elvtehnika.ee\/test\/","name":"ELV Tehnika","description":"Heli-, valgus- ja esitlustehnika","potentialAction":[{"@type":"SearchAction","target":{"@type":"EntryPoint","urlTemplate":"https:\/\/elvtehnika.ee\/test\/?s={search_term_string}"},"query-input":"required name=search_term_string"}],"inLanguage":"et"}]}},"_links":{"self":[{"href":"https:\/\/elvtehnika.ee\/test\/wp-json\/wp\/v2\/pages\/10970"}],"collection":[{"href":"https:\/\/elvtehnika.ee\/test\/wp-json\/wp\/v2\/pages"}],"about":[{"href":"https:\/\/elvtehnika.ee\/test\/wp-json\/wp\/v2\/types\/page"}],"author":[{"embeddable":true,"href":"https:\/\/elvtehnika.ee\/test\/wp-json\/wp\/v2\/users\/2"}],"replies":[{"embeddable":true,"href":"https:\/\/elvtehnika.ee\/test\/wp-json\/wp\/v2\/comments?post=10970"}],"version-history":[{"count":2,"href":"https:\/\/elvtehnika.ee\/test\/wp-json\/wp\/v2\/pages\/10970\/revisions"}],"predecessor-version":[{"id":10972,"href":"https:\/\/elvtehnika.ee\/test\/wp-json\/wp\/v2\/pages\/10970\/revisions\/10972"}],"wp:attachment":[{"href":"https:\/\/elvtehnika.ee\/test\/wp-json\/wp\/v2\/media?parent=10970"}],"curies":[{"name":"wp","href":"https:\/\/api.w.org\/{rel}","templated":true}]}}

Kasutus- ja müügitingimused

<h2>1. PÕHIMÕISTED</h2>
<p>1.1. Klient – isik, kes teeb www.elvtehnika.ee veebikeskkonnas tellimuse.</p>
<p>1.2. Müüja – ELV Tehnikateenused OÜ.</p>

<p>1. PÕHIMÕISTED 1.1. Klient – isik, kes teeb www.elvtehnika.ee veebikeskkonnas tellimuse. 1.2. Müüja – ELV Tehnikateenused OÜ.</p>

<!-- This site is optimized with the Yoast SEO plugin v20.5 - https://yoast.com/wordpress/plugins/seo/ -->
<title>Kasutus- ja müügitingimused - ELV Tehnika</title>
<meta name="robots" content="noindex, follow, max-snippet:-1, max-image-preview:large, max-video-preview:-1" />
<meta property="og:locale" content="et_EE" />
<meta property="og:type" content="article" />
<meta property="og:title" content="Kasutus- ja müügitingimused - ELV Tehnika" />
<meta property="og:description" content="1. PÕHIMÕISTED 1.1. Klient – isik, kes teeb www.elvtehnika.ee veebikeskkonnas tellimuse. 1.2. Müüja – ELV Tehnikateenused OÜ." />
<meta property="og:url" content="https://elvtehnika.ee/test/tingimused/" />
<meta property="og:site_name" content="ELV Tehnika" />
<meta property="article:modified_time" content="2018-12-17T12:51:34+00:00" />
<script type="application/ld+json" class="yoast-schema-graph">{"@context":"https://schema.org","@graph":[{"@type":"WebPage","@id":"https://elvtehnika.ee/test/tingimused/","url":"https://elvtehnika.ee/test/tingimused/","name":"Kasutus- ja müügitingimused - ELV Tehnika","isPartOf":{"@id":"https://elvtehnika.ee/test/#website"},"datePublished":"2018-12-17T12:51:14+00:00","dateModified":"2018-12-17T12:51:34+00:00","breadcrumb":{"@id":"https://elvtehnika.ee/test/tingimused/#breadcrumb"},"inLanguage":"et","potentialAction":[{"@type":"ReadAction","target":["https://elvtehnika.ee/test/tingimused/"]}]},{"@type":"BreadcrumbList","@id":"https://elvtehnika.ee/test/tingimused/#breadcrumb","itemListElement":[{"@type":"ListItem","position":1,"name":"Home","item":"https://elvtehnika.ee/test/"},{"@type":"ListItem","position":2,"name":"Kasutus- ja müügitingimused"}]},{"@type":"WebSite","@id":"https://elvtehnika.ee/test/#website","url":"https://elvtehnika.ee/test/","name":"ELV Tehnika","description":"Heli-, valgus- ja esitlustehnika","potentialAction":[{"@type":"SearchAction","target":{"@type":"EntryPoint","urlTemplate":"https://elvtehnika.ee/test/?s={search_term_string}"},"query-input":"required name=search_term_string"}],"inLanguage":"et"}]}</script>
<!-- / Yoast SEO plugin. -->

Kasutus- ja müügitingimused - ELV Tehnika

1. PÕHIMÕISTED 1.1. Klient – isik, kes teeb www.elvtehnika.ee veebikeskkonnas tellimuse. 1.2. Müüja – ELV Tehnikateenused OÜ.
