{"id":58,"date":"2015-02-22T15:25:37","date_gmt":"2015-02-22T15:25:37","guid":{"rendered":"http:\/\/localhost\/2015\/elvtehnika\/?page_id=58"},"modified":"2018-09-24T17:40:21","modified_gmt":"2018-09-24T14:40:21","slug":"valgustehnika-rent","status":"publish","type":"page","link":"https:\/\/elvtehnika.ee\/test\/valgustehnika-rent\/","title":{"rendered":"Valgustehnika rent"},"content":{"rendered":"<p><a href=\"https:\/\/elvtehnika.ee\/test\/1\/wp-content\/uploads\/valgustehnika-rentimine-ja-valguslahendused.jpg\"><img decoding=\"async\" loading=\"lazy\" class=\"alignright wp-image-3985\" src=\"https:\/\/elvtehnika.ee\/test\/1\/wp-content\/uploads\/valgustehnika-rentimine-ja-valguslahendused.jpg\" alt=\"valgustehnika rentimine ja valguslahendused\" width=\"209\" height=\"329\" \/><\/a>Siit lehelt leiate valiku erinevaid valgustehnika komplekte ruumide v\u00e4rviliseks muutmiseks, lava valgustamiseks ning pidulike v\u00f5i \u00f6\u00f6klubi stiilis muusika j\u00e4rgi liikuvate valgusdekoratsioonide loomiseks.<\/p>\n<p style=\"text-align: left;\">Seadmed on lihtsad k\u00e4sitleda, s\u00f5iduautoga transportida ning \u00fcles seada. T\u00e4nu kaasaegsele LED tehnoloogiale saab nende kompaktsete seadmetega ka p\u00e4ris suuri saale v\u00f5i arvestatava suurusega v\u00e4liplatse valgustada.<\/p>\n<p>Ruumi intensiivse v\u00e4rvilise valgusega dekoreerimine muudab \u00fcrituse palju pidulikumaks ning aitab meeleolu luua.<\/p>\n<p>Tutvuge allpoololevate lahendustega ning broneerige kiirelt ja mugalalt sobiv tehnika!<\/p>\n<p>Alati saab ka komplektides muudatusi teha. Kui m\u00f5ni komplekt on peaaegu \u00f5ige, saatke selle broneeringusoov\u00a0ja m\u00e4rkige lisainfoks mis muutusi soovite komplektis.<\/p>\n","protected":false},"excerpt":{"rendered":"<p>Siit lehelt leiate valiku erinevaid valgustehnika komplekte ruumide v\u00e4rviliseks muutmiseks, lava valgustamiseks ning pidulike v\u00f5i \u00f6\u00f6klubi stiilis muusika j\u00e4rgi liikuvate valgusdekoratsioonide loomiseks. Seadmed on lihtsad k\u00e4sitleda, s\u00f5iduautoga transportida ning \u00fcles seada. T\u00e4nu kaasaegsele LED tehnoloogiale saab nende kompaktsete seadmetega ka p\u00e4ris suuri saale v\u00f5i arvestatava suurusega v\u00e4liplatse valgustada. Ruumi intensiivse v\u00e4rvilise valgusega dekoreerimine muudab \u00fcrituse [&hellip;]<\/p>\n","protected":false},"author":2,"featured_media":0,"parent":0,"menu_order":0,"comment_status":"closed","ping_status":"closed","template":"templates\/for-rent.php","meta":[],"acf":[],"yoast_head":"<!-- This site is optimized with the Yoast SEO plugin v20.5 - https:\/\/yoast.com\/wordpress\/plugins\/seo\/ -->\n<title>Valgustehnika rent - ELV Tehnika<\/title>\n<meta name=\"description\" content=\"Valgustehnika rent - v\u00e4rviline LED valgustus saali v\u00e4rvimiseks, t\u00e4ntsup\u00f5randa valgusdekoratsioon, LED lavavalgustus, peegelkera ja UV valgus\" \/>\n<meta name=\"robots\" content=\"noindex, follow, max-snippet:-1, max-image-preview:large, max-video-preview:-1\" \/>\n<meta property=\"og:locale\" content=\"et_EE\" \/>\n<meta property=\"og:type\" content=\"article\" \/>\n<meta property=\"og:title\" content=\"Valgustehnika rent - ELV Tehnika\" \/>\n<meta property=\"og:description\" content=\"Valgustehnika rent - v\u00e4rviline LED valgustus saali v\u00e4rvimiseks, t\u00e4ntsup\u00f5randa valgusdekoratsioon, LED lavavalgustus, peegelkera ja UV valgus\" \/>\n<meta property=\"og:url\" content=\"https:\/\/elvtehnika.ee\/test\/valgustehnika-rent\/\" \/>\n<meta property=\"og:site_name\" content=\"ELV Tehnika\" \/>\n<meta property=\"article:modified_time\" content=\"2018-09-24T14:40:21+00:00\" \/>\n<meta property=\"og:image\" content=\"https:\/\/elvtehnika.ee\/test\/1\/wp-content\/uploads\/valgustehnika-rentimine-ja-valguslahendused.jpg\" \/>\n<meta name=\"twitter:label1\" content=\"Est. reading time\" \/>\n\t<meta name=\"twitter:data1\" content=\"1 minut\" \/>\n<script type=\"application\/ld+json\" class=\"yoast-schema-graph\">{\"@context\":\"https:\/\/schema.org\",\"@graph\":[{\"@type\":\"WebPage\",\"@id\":\"https:\/\/elvtehnika.ee\/test\/valgustehnika-rent\/\",\"url\":\"https:\/\/elvtehnika.ee\/test\/valgustehnika-rent\/\",\"name\":\"Valgustehnika rent - ELV Tehnika\",\"isPartOf\":{\"@id\":\"https:\/\/elvtehnika.ee\/test\/#website\"},\"datePublished\":\"2015-02-22T15:25:37+00:00\",\"dateModified\":\"2018-09-24T14:40:21+00:00\",\"description\":\"Valgustehnika rent - v\u00e4rviline LED valgustus saali v\u00e4rvimiseks, t\u00e4ntsup\u00f5randa valgusdekoratsioon, LED lavavalgustus, peegelkera ja UV valgus\",\"breadcrumb\":{\"@id\":\"https:\/\/elvtehnika.ee\/test\/valgustehnika-rent\/#breadcrumb\"},\"inLanguage\":\"et\",\"potentialAction\":[{\"@type\":\"ReadAction\",\"target\":[\"https:\/\/elvtehnika.ee\/test\/valgustehnika-rent\/\"]}]},{\"@type\":\"BreadcrumbList\",\"@id\":\"https:\/\/elvtehnika.ee\/test\/valgustehnika-rent\/#breadcrumb\",\"itemListElement\":[{\"@type\":\"ListItem\",\"position\":1,\"name\":\"Home\",\"item\":\"https:\/\/elvtehnika.ee\/test\/\"},{\"@type\":\"ListItem\",\"position\":2,\"name\":\"Valgustehnika rent\"}]},{\"@type\":\"WebSite\",\"@id\":\"https:\/\/elvtehnika.ee\/test\/#website\",\"url\":\"https:\/\/elvtehnika.ee\/test\/\",\"name\":\"ELV Tehnika\",\"description\":\"Heli-, valgus- ja esitlustehnika\",\"potentialAction\":[{\"@type\":\"SearchAction\",\"target\":{\"@type\":\"EntryPoint\",\"urlTemplate\":\"https:\/\/elvtehnika.ee\/test\/?s={search_term_string}\"},\"query-input\":\"required name=search_term_string\"}],\"inLanguage\":\"et\"}]}<\/script>\n<!-- \/ Yoast SEO plugin. -->","yoast_head_json":{"title":"Valgustehnika rent - ELV Tehnika","description":"Valgustehnika rent - v\u00e4rviline LED valgustus saali v\u00e4rvimiseks, t\u00e4ntsup\u00f5randa valgusdekoratsioon, LED lavavalgustus, peegelkera ja UV valgus","robots":{"index":"noindex","follow":"follow","max-snippet":"max-snippet:-1","max-image-preview":"max-image-preview:large","max-video-preview":"max-video-preview:-1"},"og_locale":"et_EE","og_type":"article","og_title":"Valgustehnika rent - ELV Tehnika","og_description":"Valgustehnika rent - v\u00e4rviline LED valgustus saali v\u00e4rvimiseks, t\u00e4ntsup\u00f5randa valgusdekoratsioon, LED lavavalgustus, peegelkera ja UV valgus","og_url":"https:\/\/elvtehnika.ee\/test\/valgustehnika-rent\/","og_site_name":"ELV Tehnika","article_modified_time":"2018-09-24T14:40:21+00:00","og_image":[{"url":"https:\/\/elvtehnika.ee\/test\/1\/wp-content\/uploads\/valgustehnika-rentimine-ja-valguslahendused.jpg"}],"twitter_misc":{"Est. reading time":"1 minut"},"schema":{"@context":"https:\/\/schema.org","@graph":[{"@type":"WebPage","@id":"https:\/\/elvtehnika.ee\/test\/valgustehnika-rent\/","url":"https:\/\/elvtehnika.ee\/test\/valgustehnika-rent\/","name":"Valgustehnika rent - ELV Tehnika","isPartOf":{"@id":"https:\/\/elvtehnika.ee\/test\/#website"},"datePublished":"2015-02-22T15:25:37+00:00","dateModified":"2018-09-24T14:40:21+00:00","description":"Valgustehnika rent - v\u00e4rviline LED valgustus saali v\u00e4rvimiseks, t\u00e4ntsup\u00f5randa valgusdekoratsioon, LED lavavalgustus, peegelkera ja UV valgus","breadcrumb":{"@id":"https:\/\/elvtehnika.ee\/test\/valgustehnika-rent\/#breadcrumb"},"inLanguage":"et","potentialAction":[{"@type":"ReadAction","target":["https:\/\/elvtehnika.ee\/test\/valgustehnika-rent\/"]}]},{"@type":"BreadcrumbList","@id":"https:\/\/elvtehnika.ee\/test\/valgustehnika-rent\/#breadcrumb","itemListElement":[{"@type":"ListItem","position":1,"name":"Home","item":"https:\/\/elvtehnika.ee\/test\/"},{"@type":"ListItem","position":2,"name":"Valgustehnika rent"}]},{"@type":"WebSite","@id":"https:\/\/elvtehnika.ee\/test\/#website","url":"https:\/\/elvtehnika.ee\/test\/","name":"ELV Tehnika","description":"Heli-, valgus- ja esitlustehnika","potentialAction":[{"@type":"SearchAction","target":{"@type":"EntryPoint","urlTemplate":"https:\/\/elvtehnika.ee\/test\/?s={search_term_string}"},"query-input":"required name=search_term_string"}],"inLanguage":"et"}]}},"_links":{"self":[{"href":"https:\/\/elvtehnika.ee\/test\/wp-json\/wp\/v2\/pages\/58"}],"collection":[{"href":"https:\/\/elvtehnika.ee\/test\/wp-json\/wp\/v2\/pages"}],"about":[{"href":"https:\/\/elvtehnika.ee\/test\/wp-json\/wp\/v2\/types\/page"}],"author":[{"embeddable":true,"href":"https:\/\/elvtehnika.ee\/test\/wp-json\/wp\/v2\/users\/2"}],"replies":[{"embeddable":true,"href":"https:\/\/elvtehnika.ee\/test\/wp-json\/wp\/v2\/comments?post=58"}],"version-history":[{"count":4,"href":"https:\/\/elvtehnika.ee\/test\/wp-json\/wp\/v2\/pages\/58\/revisions"}],"predecessor-version":[{"id":10614,"href":"https:\/\/elvtehnika.ee\/test\/wp-json\/wp\/v2\/pages\/58\/revisions\/10614"}],"wp:attachment":[{"href":"https:\/\/elvtehnika.ee\/test\/wp-json\/wp\/v2\/media?parent=58"}],"curies":[{"name":"wp","href":"https:\/\/api.w.org\/{rel}","templated":true}]}}

<p><a href="https://elvtehnika.ee/test/1/wp-content/uploads/valgustehnika-rentimine-ja-valguslahendused.jpg"><img decoding="async" loading="lazy" class="alignright wp-image-3985" src="https://elvtehnika.ee/test/1/wp-content/uploads/valgustehnika-rentimine-ja-valguslahendused.jpg" alt="valgustehnika rentimine ja valguslahendused" width="209" height="329" /></a>Siit lehelt leiate valiku erinevaid valgustehnika komplekte ruumide värviliseks muutmiseks, lava valgustamiseks ning pidulike või ööklubi stiilis muusika järgi liikuvate valgusdekoratsioonide loomiseks.</p>
<p style="text-align: left;">Seadmed on lihtsad käsitleda, sõiduautoga transportida ning üles seada. Tänu kaasaegsele LED tehnoloogiale saab nende kompaktsete seadmetega ka päris suuri saale või arvestatava suurusega väliplatse valgustada.</p>
<p>Ruumi intensiivse värvilise valgusega dekoreerimine muudab ürituse palju pidulikumaks ning aitab meeleolu luua.</p>
<p>Tutvuge allpoololevate lahendustega ning broneerige kiirelt ja mugalalt sobiv tehnika!</p>
<p>Alati saab ka komplektides muudatusi teha. Kui mõni komplekt on peaaegu õige, saatke selle broneeringusoov ja märkige lisainfoks mis muutusi soovite komplektis.</p>

<p>Siit lehelt leiate valiku erinevaid valgustehnika komplekte ruumide värviliseks muutmiseks, lava valgustamiseks ning pidulike või ööklubi stiilis muusika järgi liikuvate valgusdekoratsioonide loomiseks. Seadmed on lihtsad käsitleda, sõiduautoga transportida ning üles seada. Tänu kaasaegsele LED tehnoloogiale saab nende kompaktsete seadmetega ka päris suuri saale või arvestatava suurusega väliplatse valgustada. Ruumi intensiivse värvilise valgusega dekoreerimine muudab ürituse [&hellip;]</p>

<!-- This site is optimized with the Yoast SEO plugin v20.5 - https://yoast.com/wordpress/plugins/seo/ -->
<title>Valgustehnika rent - ELV Tehnika</title>
<meta name="description" content="Valgustehnika rent - värviline LED valgustus saali värvimiseks, täntsupõranda valgusdekoratsioon, LED lavavalgustus, peegelkera ja UV valgus" />
<meta name="robots" content="noindex, follow, max-snippet:-1, max-image-preview:large, max-video-preview:-1" />
<meta property="og:locale" content="et_EE" />
<meta property="og:type" content="article" />
<meta property="og:title" content="Valgustehnika rent - ELV Tehnika" />
<meta property="og:description" content="Valgustehnika rent - värviline LED valgustus saali värvimiseks, täntsupõranda valgusdekoratsioon, LED lavavalgustus, peegelkera ja UV valgus" />
<meta property="og:url" content="https://elvtehnika.ee/test/valgustehnika-rent/" />
<meta property="og:site_name" content="ELV Tehnika" />
<meta property="article:modified_time" content="2018-09-24T14:40:21+00:00" />
<meta property="og:image" content="https://elvtehnika.ee/test/1/wp-content/uploads/valgustehnika-rentimine-ja-valguslahendused.jpg" />
<meta name="twitter:label1" content="Est. reading time" />
	<meta name="twitter:data1" content="1 minut" />
<script type="application/ld+json" class="yoast-schema-graph">{"@context":"https://schema.org","@graph":[{"@type":"WebPage","@id":"https://elvtehnika.ee/test/valgustehnika-rent/","url":"https://elvtehnika.ee/test/valgustehnika-rent/","name":"Valgustehnika rent - ELV Tehnika","isPartOf":{"@id":"https://elvtehnika.ee/test/#website"},"datePublished":"2015-02-22T15:25:37+00:00","dateModified":"2018-09-24T14:40:21+00:00","description":"Valgustehnika rent - värviline LED valgustus saali värvimiseks, täntsupõranda valgusdekoratsioon, LED lavavalgustus, peegelkera ja UV valgus","breadcrumb":{"@id":"https://elvtehnika.ee/test/valgustehnika-rent/#breadcrumb"},"inLanguage":"et","potentialAction":[{"@type":"ReadAction","target":["https://elvtehnika.ee/test/valgustehnika-rent/"]}]},{"@type":"BreadcrumbList","@id":"https://elvtehnika.ee/test/valgustehnika-rent/#breadcrumb","itemListElement":[{"@type":"ListItem","position":1,"name":"Home","item":"https://elvtehnika.ee/test/"},{"@type":"ListItem","position":2,"name":"Valgustehnika rent"}]},{"@type":"WebSite","@id":"https://elvtehnika.ee/test/#website","url":"https://elvtehnika.ee/test/","name":"ELV Tehnika","description":"Heli-, valgus- ja esitlustehnika","potentialAction":[{"@type":"SearchAction","target":{"@type":"EntryPoint","urlTemplate":"https://elvtehnika.ee/test/?s={search_term_string}"},"query-input":"required name=search_term_string"}],"inLanguage":"et"}]}</script>
<!-- / Yoast SEO plugin. -->

Valgustehnika rent - värviline LED valgustus saali värvimiseks, täntsupõranda valgusdekoratsioon, LED lavavalgustus, peegelkera ja UV valgus
