{"id":60,"date":"2015-02-22T15:26:42","date_gmt":"2015-02-22T15:26:42","guid":{"rendered":"http:\/\/localhost\/2015\/elvtehnika\/?page_id=60"},"modified":"2018-09-24T17:39:52","modified_gmt":"2018-09-24T14:39:52","slug":"esitlustehnika-rent","status":"publish","type":"page","link":"https:\/\/elvtehnika.ee\/test\/esitlustehnika-rent\/","title":{"rendered":"Esitlustehnika rent"},"content":{"rendered":"<p><img decoding=\"async\" loading=\"lazy\" class=\"alignright wp-image-8830\" src=\"https:\/\/elvtehnika.ee\/test\/1\/wp-content\/uploads\/2-pilti-korvuti-videopilt-ja-esitused-erm-ajutiste-naituste-saal-265x200.jpg\" alt=\"\" width=\"300\" height=\"226\" srcset=\"https:\/\/elvtehnika.ee\/test\/wp-content\/uploads\/2-pilti-korvuti-videopilt-ja-esitused-erm-ajutiste-naituste-saal-265x200.jpg 265w, https:\/\/elvtehnika.ee\/test\/wp-content\/uploads\/2-pilti-korvuti-videopilt-ja-esitused-erm-ajutiste-naituste-saal-600x453.jpg 600w, https:\/\/elvtehnika.ee\/test\/wp-content\/uploads\/2-pilti-korvuti-videopilt-ja-esitused-erm-ajutiste-naituste-saal-300x226.jpg 300w, https:\/\/elvtehnika.ee\/test\/wp-content\/uploads\/2-pilti-korvuti-videopilt-ja-esitused-erm-ajutiste-naituste-saal-768x579.jpg 768w, https:\/\/elvtehnika.ee\/test\/wp-content\/uploads\/2-pilti-korvuti-videopilt-ja-esitused-erm-ajutiste-naituste-saal-1024x772.jpg 1024w, https:\/\/elvtehnika.ee\/test\/wp-content\/uploads\/2-pilti-korvuti-videopilt-ja-esitused-erm-ajutiste-naituste-saal.jpg 1200w\" sizes=\"(max-width: 300px) 100vw, 300px\" \/>Leidke kiirelt ja mugavalt professionaalne lahendus oma s\u00f5numi publikuni viimiseks. Oleme Teile meeleldi abiks esitlustehnikaga konverentside, koolituste ja muude \u00fcrituste l\u00e4biviimisel.<\/p>\n<p>Pakume projektoreid, ekraane, esitlusarvuteid ning nende paigaldust. Saame olla abiks nii esitlustehnikaga v\u00e4ikeste koolitusr\u00fchmade jaoks kui ka suurte 5*3 meetrit ekraanidega ning 5000 LUM ja 6000 LUM projektoritega publikule 300-600 inimest.<\/p>\n<p>Meie ekraanid on \u00fcldjuhul nii eest kui ka tagant projitseetritavad(m\u00f5lemat t\u00fc\u00fcpi linad olemas) sobitudes v\u00f5imalikult h\u00e4sti ruumi ja \u00fcrituse kontseptsiooniga ning n\u00e4hes kenad v\u00e4lja.<\/p>\n<p><img decoding=\"async\" loading=\"lazy\" class=\"size-medium wp-image-2074 alignright\" src=\"https:\/\/elvtehnika.ee\/test\/1\/wp-content\/uploads\/esitlustehnika-rentimine-konverentsile1-300x212.jpg\" alt=\"esitlustehnika konverentsil projektor ja suur ekraan\" width=\"300\" height=\"212\" srcset=\"https:\/\/elvtehnika.ee\/test\/wp-content\/uploads\/esitlustehnika-rentimine-konverentsile1-300x212.jpg 300w, https:\/\/elvtehnika.ee\/test\/wp-content\/uploads\/esitlustehnika-rentimine-konverentsile1-600x424.jpg 600w, https:\/\/elvtehnika.ee\/test\/wp-content\/uploads\/esitlustehnika-rentimine-konverentsile1-282x200.jpg 282w, https:\/\/elvtehnika.ee\/test\/wp-content\/uploads\/esitlustehnika-rentimine-konverentsile1-1024x724.jpg 1024w\" sizes=\"(max-width: 300px) 100vw, 300px\" \/><\/p>\n<p>Pakume ka LED ekraani renti, mida saab kasutada ka v\u00e4litingimustes muutes pildi selgelt n\u00e4htavaks ka otsese p\u00e4ikese k\u00e4es.<\/p>\n<p>Allpool leiate valiku tehnikakomplektidest, mida saate lihtsalt ja kiirelt kodulehe kaudu broneerida.<\/p>\n<p>Alati saab ka komplektides muudatusi teha. Kui m\u00f5ni komplekt on peaaegu \u00f5ige, saatke selle broneeringusoov\u00a0ja m\u00e4rkige lisainfoks mis muutusi soovite komplektis.<\/p>\n","protected":false},"excerpt":{"rendered":"<p>Leidke kiirelt ja mugavalt professionaalne lahendus oma s\u00f5numi publikuni viimiseks. Oleme Teile meeleldi abiks esitlustehnikaga konverentside, koolituste ja muude \u00fcrituste l\u00e4biviimisel. Pakume projektoreid, ekraane, esitlusarvuteid ning nende paigaldust. Saame olla abiks nii esitlustehnikaga v\u00e4ikeste koolitusr\u00fchmade jaoks kui ka suurte 5*3 meetrit ekraanidega ning 5000 LUM ja 6000 LUM projektoritega publikule 300-600 inimest. Meie ekraanid on [&hellip;]<\/p>\n","protected":false},"author":2,"featured_media":0,"parent":0,"menu_order":0,"comment_status":"closed","ping_status":"closed","template":"templates\/for-rent.php","meta":[],"acf":[],"yoast_head":"<!-- This site is optimized with the Yoast SEO plugin v20.5 - https:\/\/yoast.com\/wordpress\/plugins\/seo\/ -->\n<title>Esitlustehnika rent - ELV Tehnika<\/title>\n<meta name=\"description\" content=\"Esitlustehnika komplektid ja seadmed rendiks Teie \u00fcritusele - projektori, ekraani ja led ekraani rent Tartus ning Tallinnas\" \/>\n<meta name=\"robots\" content=\"noindex, follow, max-snippet:-1, max-image-preview:large, max-video-preview:-1\" \/>\n<meta property=\"og:locale\" content=\"et_EE\" \/>\n<meta property=\"og:type\" content=\"article\" \/>\n<meta property=\"og:title\" content=\"Esitlustehnika rent - ELV Tehnika\" \/>\n<meta property=\"og:description\" content=\"Esitlustehnika komplektid ja seadmed rendiks Teie \u00fcritusele - projektori, ekraani ja led ekraani rent Tartus ning Tallinnas\" \/>\n<meta property=\"og:url\" content=\"https:\/\/elvtehnika.ee\/test\/esitlustehnika-rent\/\" \/>\n<meta property=\"og:site_name\" content=\"ELV Tehnika\" \/>\n<meta property=\"article:modified_time\" content=\"2018-09-24T14:39:52+00:00\" \/>\n<meta property=\"og:image\" content=\"https:\/\/elvtehnika.ee\/test\/1\/wp-content\/uploads\/2-pilti-korvuti-videopilt-ja-esitused-erm-ajutiste-naituste-saal-265x200.jpg\" \/>\n<meta name=\"twitter:label1\" content=\"Est. reading time\" \/>\n\t<meta name=\"twitter:data1\" content=\"1 minut\" \/>\n<script type=\"application\/ld+json\" class=\"yoast-schema-graph\">{\"@context\":\"https:\/\/schema.org\",\"@graph\":[{\"@type\":\"WebPage\",\"@id\":\"https:\/\/elvtehnika.ee\/test\/esitlustehnika-rent\/\",\"url\":\"https:\/\/elvtehnika.ee\/test\/esitlustehnika-rent\/\",\"name\":\"Esitlustehnika rent - ELV Tehnika\",\"isPartOf\":{\"@id\":\"https:\/\/elvtehnika.ee\/test\/#website\"},\"datePublished\":\"2015-02-22T15:26:42+00:00\",\"dateModified\":\"2018-09-24T14:39:52+00:00\",\"description\":\"Esitlustehnika komplektid ja seadmed rendiks Teie \u00fcritusele - projektori, ekraani ja led ekraani rent Tartus ning Tallinnas\",\"breadcrumb\":{\"@id\":\"https:\/\/elvtehnika.ee\/test\/esitlustehnika-rent\/#breadcrumb\"},\"inLanguage\":\"et\",\"potentialAction\":[{\"@type\":\"ReadAction\",\"target\":[\"https:\/\/elvtehnika.ee\/test\/esitlustehnika-rent\/\"]}]},{\"@type\":\"BreadcrumbList\",\"@id\":\"https:\/\/elvtehnika.ee\/test\/esitlustehnika-rent\/#breadcrumb\",\"itemListElement\":[{\"@type\":\"ListItem\",\"position\":1,\"name\":\"Home\",\"item\":\"https:\/\/elvtehnika.ee\/test\/\"},{\"@type\":\"ListItem\",\"position\":2,\"name\":\"Esitlustehnika rent\"}]},{\"@type\":\"WebSite\",\"@id\":\"https:\/\/elvtehnika.ee\/test\/#website\",\"url\":\"https:\/\/elvtehnika.ee\/test\/\",\"name\":\"ELV Tehnika\",\"description\":\"Heli-, valgus- ja esitlustehnika\",\"potentialAction\":[{\"@type\":\"SearchAction\",\"target\":{\"@type\":\"EntryPoint\",\"urlTemplate\":\"https:\/\/elvtehnika.ee\/test\/?s={search_term_string}\"},\"query-input\":\"required name=search_term_string\"}],\"inLanguage\":\"et\"}]}<\/script>\n<!-- \/ Yoast SEO plugin. -->","yoast_head_json":{"title":"Esitlustehnika rent - ELV Tehnika","description":"Esitlustehnika komplektid ja seadmed rendiks Teie \u00fcritusele - projektori, ekraani ja led ekraani rent Tartus ning Tallinnas","robots":{"index":"noindex","follow":"follow","max-snippet":"max-snippet:-1","max-image-preview":"max-image-preview:large","max-video-preview":"max-video-preview:-1"},"og_locale":"et_EE","og_type":"article","og_title":"Esitlustehnika rent - ELV Tehnika","og_description":"Esitlustehnika komplektid ja seadmed rendiks Teie \u00fcritusele - projektori, ekraani ja led ekraani rent Tartus ning Tallinnas","og_url":"https:\/\/elvtehnika.ee\/test\/esitlustehnika-rent\/","og_site_name":"ELV Tehnika","article_modified_time":"2018-09-24T14:39:52+00:00","og_image":[{"url":"https:\/\/elvtehnika.ee\/test\/1\/wp-content\/uploads\/2-pilti-korvuti-videopilt-ja-esitused-erm-ajutiste-naituste-saal-265x200.jpg"}],"twitter_misc":{"Est. reading time":"1 minut"},"schema":{"@context":"https:\/\/schema.org","@graph":[{"@type":"WebPage","@id":"https:\/\/elvtehnika.ee\/test\/esitlustehnika-rent\/","url":"https:\/\/elvtehnika.ee\/test\/esitlustehnika-rent\/","name":"Esitlustehnika rent - ELV Tehnika","isPartOf":{"@id":"https:\/\/elvtehnika.ee\/test\/#website"},"datePublished":"2015-02-22T15:26:42+00:00","dateModified":"2018-09-24T14:39:52+00:00","description":"Esitlustehnika komplektid ja seadmed rendiks Teie \u00fcritusele - projektori, ekraani ja led ekraani rent Tartus ning Tallinnas","breadcrumb":{"@id":"https:\/\/elvtehnika.ee\/test\/esitlustehnika-rent\/#breadcrumb"},"inLanguage":"et","potentialAction":[{"@type":"ReadAction","target":["https:\/\/elvtehnika.ee\/test\/esitlustehnika-rent\/"]}]},{"@type":"BreadcrumbList","@id":"https:\/\/elvtehnika.ee\/test\/esitlustehnika-rent\/#breadcrumb","itemListElement":[{"@type":"ListItem","position":1,"name":"Home","item":"https:\/\/elvtehnika.ee\/test\/"},{"@type":"ListItem","position":2,"name":"Esitlustehnika rent"}]},{"@type":"WebSite","@id":"https:\/\/elvtehnika.ee\/test\/#website","url":"https:\/\/elvtehnika.ee\/test\/","name":"ELV Tehnika","description":"Heli-, valgus- ja esitlustehnika","potentialAction":[{"@type":"SearchAction","target":{"@type":"EntryPoint","urlTemplate":"https:\/\/elvtehnika.ee\/test\/?s={search_term_string}"},"query-input":"required name=search_term_string"}],"inLanguage":"et"}]}},"_links":{"self":[{"href":"https:\/\/elvtehnika.ee\/test\/wp-json\/wp\/v2\/pages\/60"}],"collection":[{"href":"https:\/\/elvtehnika.ee\/test\/wp-json\/wp\/v2\/pages"}],"about":[{"href":"https:\/\/elvtehnika.ee\/test\/wp-json\/wp\/v2\/types\/page"}],"author":[{"embeddable":true,"href":"https:\/\/elvtehnika.ee\/test\/wp-json\/wp\/v2\/users\/2"}],"replies":[{"embeddable":true,"href":"https:\/\/elvtehnika.ee\/test\/wp-json\/wp\/v2\/comments?post=60"}],"version-history":[{"count":4,"href":"https:\/\/elvtehnika.ee\/test\/wp-json\/wp\/v2\/pages\/60\/revisions"}],"predecessor-version":[{"id":10613,"href":"https:\/\/elvtehnika.ee\/test\/wp-json\/wp\/v2\/pages\/60\/revisions\/10613"}],"wp:attachment":[{"href":"https:\/\/elvtehnika.ee\/test\/wp-json\/wp\/v2\/media?parent=60"}],"curies":[{"name":"wp","href":"https:\/\/api.w.org\/{rel}","templated":true}]}}

<p><img decoding="async" loading="lazy" class="alignright wp-image-8830" src="https://elvtehnika.ee/test/1/wp-content/uploads/2-pilti-korvuti-videopilt-ja-esitused-erm-ajutiste-naituste-saal-265x200.jpg" alt="" width="300" height="226" srcset="https://elvtehnika.ee/test/wp-content/uploads/2-pilti-korvuti-videopilt-ja-esitused-erm-ajutiste-naituste-saal-265x200.jpg 265w, https://elvtehnika.ee/test/wp-content/uploads/2-pilti-korvuti-videopilt-ja-esitused-erm-ajutiste-naituste-saal-600x453.jpg 600w, https://elvtehnika.ee/test/wp-content/uploads/2-pilti-korvuti-videopilt-ja-esitused-erm-ajutiste-naituste-saal-300x226.jpg 300w, https://elvtehnika.ee/test/wp-content/uploads/2-pilti-korvuti-videopilt-ja-esitused-erm-ajutiste-naituste-saal-768x579.jpg 768w, https://elvtehnika.ee/test/wp-content/uploads/2-pilti-korvuti-videopilt-ja-esitused-erm-ajutiste-naituste-saal-1024x772.jpg 1024w, https://elvtehnika.ee/test/wp-content/uploads/2-pilti-korvuti-videopilt-ja-esitused-erm-ajutiste-naituste-saal.jpg 1200w" sizes="(max-width: 300px) 100vw, 300px" />Leidke kiirelt ja mugavalt professionaalne lahendus oma sõnumi publikuni viimiseks. Oleme Teile meeleldi abiks esitlustehnikaga konverentside, koolituste ja muude ürituste läbiviimisel.</p>
<p>Pakume projektoreid, ekraane, esitlusarvuteid ning nende paigaldust. Saame olla abiks nii esitlustehnikaga väikeste koolitusrühmade jaoks kui ka suurte 5*3 meetrit ekraanidega ning 5000 LUM ja 6000 LUM projektoritega publikule 300-600 inimest.</p>
<p>Meie ekraanid on üldjuhul nii eest kui ka tagant projitseetritavad(mõlemat tüüpi linad olemas) sobitudes võimalikult hästi ruumi ja ürituse kontseptsiooniga ning nähes kenad välja.</p>
<p><img decoding="async" loading="lazy" class="size-medium wp-image-2074 alignright" src="https://elvtehnika.ee/test/1/wp-content/uploads/esitlustehnika-rentimine-konverentsile1-300x212.jpg" alt="esitlustehnika konverentsil projektor ja suur ekraan" width="300" height="212" srcset="https://elvtehnika.ee/test/wp-content/uploads/esitlustehnika-rentimine-konverentsile1-300x212.jpg 300w, https://elvtehnika.ee/test/wp-content/uploads/esitlustehnika-rentimine-konverentsile1-600x424.jpg 600w, https://elvtehnika.ee/test/wp-content/uploads/esitlustehnika-rentimine-konverentsile1-282x200.jpg 282w, https://elvtehnika.ee/test/wp-content/uploads/esitlustehnika-rentimine-konverentsile1-1024x724.jpg 1024w" sizes="(max-width: 300px) 100vw, 300px" /></p>
<p>Pakume ka LED ekraani renti, mida saab kasutada ka välitingimustes muutes pildi selgelt nähtavaks ka otsese päikese käes.</p>
<p>Allpool leiate valiku tehnikakomplektidest, mida saate lihtsalt ja kiirelt kodulehe kaudu broneerida.</p>
<p>Alati saab ka komplektides muudatusi teha. Kui mõni komplekt on peaaegu õige, saatke selle broneeringusoov ja märkige lisainfoks mis muutusi soovite komplektis.</p>

<p>Leidke kiirelt ja mugavalt professionaalne lahendus oma sõnumi publikuni viimiseks. Oleme Teile meeleldi abiks esitlustehnikaga konverentside, koolituste ja muude ürituste läbiviimisel. Pakume projektoreid, ekraane, esitlusarvuteid ning nende paigaldust. Saame olla abiks nii esitlustehnikaga väikeste koolitusrühmade jaoks kui ka suurte 5*3 meetrit ekraanidega ning 5000 LUM ja 6000 LUM projektoritega publikule 300-600 inimest. Meie ekraanid on [&hellip;]</p>

<!-- This site is optimized with the Yoast SEO plugin v20.5 - https://yoast.com/wordpress/plugins/seo/ -->
<title>Esitlustehnika rent - ELV Tehnika</title>
<meta name="description" content="Esitlustehnika komplektid ja seadmed rendiks Teie üritusele - projektori, ekraani ja led ekraani rent Tartus ning Tallinnas" />
<meta name="robots" content="noindex, follow, max-snippet:-1, max-image-preview:large, max-video-preview:-1" />
<meta property="og:locale" content="et_EE" />
<meta property="og:type" content="article" />
<meta property="og:title" content="Esitlustehnika rent - ELV Tehnika" />
<meta property="og:description" content="Esitlustehnika komplektid ja seadmed rendiks Teie üritusele - projektori, ekraani ja led ekraani rent Tartus ning Tallinnas" />
<meta property="og:url" content="https://elvtehnika.ee/test/esitlustehnika-rent/" />
<meta property="og:site_name" content="ELV Tehnika" />
<meta property="article:modified_time" content="2018-09-24T14:39:52+00:00" />
<meta property="og:image" content="https://elvtehnika.ee/test/1/wp-content/uploads/2-pilti-korvuti-videopilt-ja-esitused-erm-ajutiste-naituste-saal-265x200.jpg" />
<meta name="twitter:label1" content="Est. reading time" />
	<meta name="twitter:data1" content="1 minut" />
<script type="application/ld+json" class="yoast-schema-graph">{"@context":"https://schema.org","@graph":[{"@type":"WebPage","@id":"https://elvtehnika.ee/test/esitlustehnika-rent/","url":"https://elvtehnika.ee/test/esitlustehnika-rent/","name":"Esitlustehnika rent - ELV Tehnika","isPartOf":{"@id":"https://elvtehnika.ee/test/#website"},"datePublished":"2015-02-22T15:26:42+00:00","dateModified":"2018-09-24T14:39:52+00:00","description":"Esitlustehnika komplektid ja seadmed rendiks Teie üritusele - projektori, ekraani ja led ekraani rent Tartus ning Tallinnas","breadcrumb":{"@id":"https://elvtehnika.ee/test/esitlustehnika-rent/#breadcrumb"},"inLanguage":"et","potentialAction":[{"@type":"ReadAction","target":["https://elvtehnika.ee/test/esitlustehnika-rent/"]}]},{"@type":"BreadcrumbList","@id":"https://elvtehnika.ee/test/esitlustehnika-rent/#breadcrumb","itemListElement":[{"@type":"ListItem","position":1,"name":"Home","item":"https://elvtehnika.ee/test/"},{"@type":"ListItem","position":2,"name":"Esitlustehnika rent"}]},{"@type":"WebSite","@id":"https://elvtehnika.ee/test/#website","url":"https://elvtehnika.ee/test/","name":"ELV Tehnika","description":"Heli-, valgus- ja esitlustehnika","potentialAction":[{"@type":"SearchAction","target":{"@type":"EntryPoint","urlTemplate":"https://elvtehnika.ee/test/?s={search_term_string}"},"query-input":"required name=search_term_string"}],"inLanguage":"et"}]}</script>
<!-- / Yoast SEO plugin. -->

Esitlustehnika komplektid ja seadmed rendiks Teie üritusele - projektori, ekraani ja led ekraani rent Tartus ning Tallinnas
