{"id":893,"date":"2015-05-24T15:48:52","date_gmt":"2015-05-24T15:48:52","guid":{"rendered":"http:\/\/www.elvtehnika.ee\/?page_id=893"},"modified":"2015-10-02T09:13:38","modified_gmt":"2015-10-02T09:13:38","slug":"heli-ja-valgustehnika-rent-pusikliendihinnaga","status":"publish","type":"page","link":"https:\/\/elvtehnika.ee\/test\/heli-ja-valgustehnika-rent-pusikliendihinnaga\/","title":{"rendered":"Heli- ja valgustehnika rent p\u00fcsikliendihinnaga"},"content":{"rendered":"<p><a href=\"https:\/\/elvtehnika.ee\/test\/1\/wp-content\/uploads\/heliv\u00f5imendustehnika.jpg\"><img decoding=\"async\" loading=\"lazy\" class=\"alignright wp-image-658 size-medium\" src=\"https:\/\/elvtehnika.ee\/test\/1\/wp-content\/uploads\/heliv\u00f5imendustehnika-300x263.jpg\" alt=\"heliv\u00f5imendustehnika, helitehnika rent\" width=\"300\" height=\"263\" srcset=\"https:\/\/elvtehnika.ee\/test\/wp-content\/uploads\/heliv\u00f5imendustehnika-300x263.jpg 300w, https:\/\/elvtehnika.ee\/test\/wp-content\/uploads\/heliv\u00f5imendustehnika-600x528.jpg 600w, https:\/\/elvtehnika.ee\/test\/wp-content\/uploads\/heliv\u00f5imendustehnika-227x200.jpg 227w, https:\/\/elvtehnika.ee\/test\/wp-content\/uploads\/heliv\u00f5imendustehnika-1024x900.jpg 1024w, https:\/\/elvtehnika.ee\/test\/wp-content\/uploads\/heliv\u00f5imendustehnika.jpg 1073w\" sizes=\"(max-width: 300px) 100vw, 300px\" \/><\/a>Saage kvaliteetne helitehnika ja valgustehnika v\u00e4ga soodsa hinnaga ja mugavalt k\u00e4tte kui olete p\u00fcsiv renditehnika kasutaja. Hindame p\u00fcsivaid ja h\u00e4id koost\u00f6\u00f6partnereid ning <strong>pakume Teile tehnikat hinnaga kuni -50% tavalisest jaehinnast<\/strong> ning teeme seadmete k\u00e4ttesaamise ja tagastamise v\u00f5imalikult mugavaks ja paindlikuks.<\/p>\n<p>Meie eesm\u00e4rk on, et Teil oleks mugav \u00fcritusi teha ja tehnikat kasutada ning meil oleks p\u00fcsiv sissetulek klientidelt, keda usaldame ja kellega ka meil on lihtne ja kiire asju ajada. Samuti j\u00e4\u00e4b Teile <strong>tasu tehnika vahendamiselt<\/strong> kui m\u00fc\u00fcte selle l\u00f5ppkliendile edasi jaehinnaga. Vahendussummad v\u00f5ivad olla igati arvestatava suurusega ning anda m\u00e4rkimisv\u00e4\u00e4rse sissetuleku kui olete regulaarne \u00fcrituste l\u00e4biviija v\u00f5i \u00fcrituste tehnilise k\u00fclje teostaja.<\/p>\n<p>Kui olete huvitatud p\u00fcsivast, mugavast ja soodsast tehnika rendialasest koost\u00f6\u00f6st,<a href=\"https:\/\/elvtehnika.ee\/test\/1\/wp-content\/uploads\/Tehnikakomplekt-17.jpg\"><img decoding=\"async\" loading=\"lazy\" class=\"alignright size-medium wp-image-516\" src=\"https:\/\/elvtehnika.ee\/test\/1\/wp-content\/uploads\/Tehnikakomplekt-17-262x300.jpg\" alt=\"valgustehnika rent\" width=\"262\" height=\"300\" srcset=\"https:\/\/elvtehnika.ee\/test\/wp-content\/uploads\/Tehnikakomplekt-17-262x300.jpg 262w, https:\/\/elvtehnika.ee\/test\/wp-content\/uploads\/Tehnikakomplekt-17-174x200.jpg 174w, https:\/\/elvtehnika.ee\/test\/wp-content\/uploads\/Tehnikakomplekt-17.jpg 326w\" sizes=\"(max-width: 262px) 100vw, 262px\" \/><\/a> <a title=\"Kontakt\" href=\"https:\/\/elvtehnika.ee\/test\/kontakt\/\">v\u00f5tke \u00fchendust<\/a> ning leiame hea lahenduse.<\/p>\n","protected":false},"excerpt":{"rendered":"<p>Saage kvaliteetne helitehnika ja valgustehnika v\u00e4ga soodsa hinnaga ja mugavalt k\u00e4tte kui olete p\u00fcsiv renditehnika kasutaja. Hindame p\u00fcsivaid ja h\u00e4id koost\u00f6\u00f6partnereid ning pakume Teile tehnikat hinnaga kuni -50% tavalisest jaehinnast ning teeme seadmete k\u00e4ttesaamise ja tagastamise v\u00f5imalikult mugavaks ja paindlikuks. Meie eesm\u00e4rk on, et Teil oleks mugav \u00fcritusi teha ja tehnikat kasutada ning meil oleks [&hellip;]<\/p>\n","protected":false},"author":3,"featured_media":0,"parent":0,"menu_order":0,"comment_status":"closed","ping_status":"open","template":"","meta":[],"acf":[],"yoast_head":"<!-- This site is optimized with the Yoast SEO plugin v20.5 - https:\/\/yoast.com\/wordpress\/plugins\/seo\/ -->\n<title>Heli- ja valgustehnika rent p\u00fcsikliendihinnaga - ELV Tehnika<\/title>\n<meta name=\"robots\" content=\"noindex, follow, max-snippet:-1, max-image-preview:large, max-video-preview:-1\" \/>\n<meta property=\"og:locale\" content=\"et_EE\" \/>\n<meta property=\"og:type\" content=\"article\" \/>\n<meta property=\"og:title\" content=\"Heli- ja valgustehnika rent p\u00fcsikliendihinnaga - ELV Tehnika\" \/>\n<meta property=\"og:description\" content=\"Saage kvaliteetne helitehnika ja valgustehnika v\u00e4ga soodsa hinnaga ja mugavalt k\u00e4tte kui olete p\u00fcsiv renditehnika kasutaja. Hindame p\u00fcsivaid ja h\u00e4id koost\u00f6\u00f6partnereid ning pakume Teile tehnikat hinnaga kuni -50% tavalisest jaehinnast ning teeme seadmete k\u00e4ttesaamise ja tagastamise v\u00f5imalikult mugavaks ja paindlikuks. Meie eesm\u00e4rk on, et Teil oleks mugav \u00fcritusi teha ja tehnikat kasutada ning meil oleks [&hellip;]\" \/>\n<meta property=\"og:url\" content=\"https:\/\/elvtehnika.ee\/test\/heli-ja-valgustehnika-rent-pusikliendihinnaga\/\" \/>\n<meta property=\"og:site_name\" content=\"ELV Tehnika\" \/>\n<meta property=\"article:modified_time\" content=\"2015-10-02T09:13:38+00:00\" \/>\n<meta property=\"og:image\" content=\"https:\/\/elvtehnika.ee\/test\/1\/wp-content\/uploads\/Tehnikakomplekt-17-262x300.jpg\" \/>\n<meta name=\"twitter:label1\" content=\"Est. reading time\" \/>\n\t<meta name=\"twitter:data1\" content=\"1 minut\" \/>\n<script type=\"application\/ld+json\" class=\"yoast-schema-graph\">{\"@context\":\"https:\/\/schema.org\",\"@graph\":[{\"@type\":\"WebPage\",\"@id\":\"https:\/\/elvtehnika.ee\/test\/heli-ja-valgustehnika-rent-pusikliendihinnaga\/\",\"url\":\"https:\/\/elvtehnika.ee\/test\/heli-ja-valgustehnika-rent-pusikliendihinnaga\/\",\"name\":\"Heli- ja valgustehnika rent p\u00fcsikliendihinnaga - ELV Tehnika\",\"isPartOf\":{\"@id\":\"https:\/\/elvtehnika.ee\/test\/#website\"},\"datePublished\":\"2015-05-24T15:48:52+00:00\",\"dateModified\":\"2015-10-02T09:13:38+00:00\",\"breadcrumb\":{\"@id\":\"https:\/\/elvtehnika.ee\/test\/heli-ja-valgustehnika-rent-pusikliendihinnaga\/#breadcrumb\"},\"inLanguage\":\"et\",\"potentialAction\":[{\"@type\":\"ReadAction\",\"target\":[\"https:\/\/elvtehnika.ee\/test\/heli-ja-valgustehnika-rent-pusikliendihinnaga\/\"]}]},{\"@type\":\"BreadcrumbList\",\"@id\":\"https:\/\/elvtehnika.ee\/test\/heli-ja-valgustehnika-rent-pusikliendihinnaga\/#breadcrumb\",\"itemListElement\":[{\"@type\":\"ListItem\",\"position\":1,\"name\":\"Home\",\"item\":\"https:\/\/elvtehnika.ee\/test\/\"},{\"@type\":\"ListItem\",\"position\":2,\"name\":\"Heli- ja valgustehnika rent p\u00fcsikliendihinnaga\"}]},{\"@type\":\"WebSite\",\"@id\":\"https:\/\/elvtehnika.ee\/test\/#website\",\"url\":\"https:\/\/elvtehnika.ee\/test\/\",\"name\":\"ELV Tehnika\",\"description\":\"Heli-, valgus- ja esitlustehnika\",\"potentialAction\":[{\"@type\":\"SearchAction\",\"target\":{\"@type\":\"EntryPoint\",\"urlTemplate\":\"https:\/\/elvtehnika.ee\/test\/?s={search_term_string}\"},\"query-input\":\"required name=search_term_string\"}],\"inLanguage\":\"et\"}]}<\/script>\n<!-- \/ Yoast SEO plugin. -->","yoast_head_json":{"title":"Heli- ja valgustehnika rent p\u00fcsikliendihinnaga - ELV Tehnika","robots":{"index":"noindex","follow":"follow","max-snippet":"max-snippet:-1","max-image-preview":"max-image-preview:large","max-video-preview":"max-video-preview:-1"},"og_locale":"et_EE","og_type":"article","og_title":"Heli- ja valgustehnika rent p\u00fcsikliendihinnaga - ELV Tehnika","og_description":"Saage kvaliteetne helitehnika ja valgustehnika v\u00e4ga soodsa hinnaga ja mugavalt k\u00e4tte kui olete p\u00fcsiv renditehnika kasutaja. Hindame p\u00fcsivaid ja h\u00e4id koost\u00f6\u00f6partnereid ning pakume Teile tehnikat hinnaga kuni -50% tavalisest jaehinnast ning teeme seadmete k\u00e4ttesaamise ja tagastamise v\u00f5imalikult mugavaks ja paindlikuks. Meie eesm\u00e4rk on, et Teil oleks mugav \u00fcritusi teha ja tehnikat kasutada ning meil oleks [&hellip;]","og_url":"https:\/\/elvtehnika.ee\/test\/heli-ja-valgustehnika-rent-pusikliendihinnaga\/","og_site_name":"ELV Tehnika","article_modified_time":"2015-10-02T09:13:38+00:00","og_image":[{"url":"https:\/\/elvtehnika.ee\/test\/1\/wp-content\/uploads\/Tehnikakomplekt-17-262x300.jpg"}],"twitter_misc":{"Est. reading time":"1 minut"},"schema":{"@context":"https:\/\/schema.org","@graph":[{"@type":"WebPage","@id":"https:\/\/elvtehnika.ee\/test\/heli-ja-valgustehnika-rent-pusikliendihinnaga\/","url":"https:\/\/elvtehnika.ee\/test\/heli-ja-valgustehnika-rent-pusikliendihinnaga\/","name":"Heli- ja valgustehnika rent p\u00fcsikliendihinnaga - ELV Tehnika","isPartOf":{"@id":"https:\/\/elvtehnika.ee\/test\/#website"},"datePublished":"2015-05-24T15:48:52+00:00","dateModified":"2015-10-02T09:13:38+00:00","breadcrumb":{"@id":"https:\/\/elvtehnika.ee\/test\/heli-ja-valgustehnika-rent-pusikliendihinnaga\/#breadcrumb"},"inLanguage":"et","potentialAction":[{"@type":"ReadAction","target":["https:\/\/elvtehnika.ee\/test\/heli-ja-valgustehnika-rent-pusikliendihinnaga\/"]}]},{"@type":"BreadcrumbList","@id":"https:\/\/elvtehnika.ee\/test\/heli-ja-valgustehnika-rent-pusikliendihinnaga\/#breadcrumb","itemListElement":[{"@type":"ListItem","position":1,"name":"Home","item":"https:\/\/elvtehnika.ee\/test\/"},{"@type":"ListItem","position":2,"name":"Heli- ja valgustehnika rent p\u00fcsikliendihinnaga"}]},{"@type":"WebSite","@id":"https:\/\/elvtehnika.ee\/test\/#website","url":"https:\/\/elvtehnika.ee\/test\/","name":"ELV Tehnika","description":"Heli-, valgus- ja esitlustehnika","potentialAction":[{"@type":"SearchAction","target":{"@type":"EntryPoint","urlTemplate":"https:\/\/elvtehnika.ee\/test\/?s={search_term_string}"},"query-input":"required name=search_term_string"}],"inLanguage":"et"}]}},"_links":{"self":[{"href":"https:\/\/elvtehnika.ee\/test\/wp-json\/wp\/v2\/pages\/893"}],"collection":[{"href":"https:\/\/elvtehnika.ee\/test\/wp-json\/wp\/v2\/pages"}],"about":[{"href":"https:\/\/elvtehnika.ee\/test\/wp-json\/wp\/v2\/types\/page"}],"author":[{"embeddable":true,"href":"https:\/\/elvtehnika.ee\/test\/wp-json\/wp\/v2\/users\/3"}],"replies":[{"embeddable":true,"href":"https:\/\/elvtehnika.ee\/test\/wp-json\/wp\/v2\/comments?post=893"}],"version-history":[{"count":3,"href":"https:\/\/elvtehnika.ee\/test\/wp-json\/wp\/v2\/pages\/893\/revisions"}],"predecessor-version":[{"id":2445,"href":"https:\/\/elvtehnika.ee\/test\/wp-json\/wp\/v2\/pages\/893\/revisions\/2445"}],"wp:attachment":[{"href":"https:\/\/elvtehnika.ee\/test\/wp-json\/wp\/v2\/media?parent=893"}],"curies":[{"name":"wp","href":"https:\/\/api.w.org\/{rel}","templated":true}]}}

Heli- ja valgustehnika rent püsikliendihinnaga

<p><a href="https://elvtehnika.ee/test/1/wp-content/uploads/helivõimendustehnika.jpg"><img decoding="async" loading="lazy" class="alignright wp-image-658 size-medium" src="https://elvtehnika.ee/test/1/wp-content/uploads/helivõimendustehnika-300x263.jpg" alt="helivõimendustehnika, helitehnika rent" width="300" height="263" srcset="https://elvtehnika.ee/test/wp-content/uploads/helivõimendustehnika-300x263.jpg 300w, https://elvtehnika.ee/test/wp-content/uploads/helivõimendustehnika-600x528.jpg 600w, https://elvtehnika.ee/test/wp-content/uploads/helivõimendustehnika-227x200.jpg 227w, https://elvtehnika.ee/test/wp-content/uploads/helivõimendustehnika-1024x900.jpg 1024w, https://elvtehnika.ee/test/wp-content/uploads/helivõimendustehnika.jpg 1073w" sizes="(max-width: 300px) 100vw, 300px" /></a>Saage kvaliteetne helitehnika ja valgustehnika väga soodsa hinnaga ja mugavalt kätte kui olete püsiv renditehnika kasutaja. Hindame püsivaid ja häid koostööpartnereid ning <strong>pakume Teile tehnikat hinnaga kuni -50% tavalisest jaehinnast</strong> ning teeme seadmete kättesaamise ja tagastamise võimalikult mugavaks ja paindlikuks.</p>
<p>Meie eesmärk on, et Teil oleks mugav üritusi teha ja tehnikat kasutada ning meil oleks püsiv sissetulek klientidelt, keda usaldame ja kellega ka meil on lihtne ja kiire asju ajada. Samuti jääb Teile <strong>tasu tehnika vahendamiselt</strong> kui müüte selle lõppkliendile edasi jaehinnaga. Vahendussummad võivad olla igati arvestatava suurusega ning anda märkimisväärse sissetuleku kui olete regulaarne ürituste läbiviija või ürituste tehnilise külje teostaja.</p>
<p>Kui olete huvitatud püsivast, mugavast ja soodsast tehnika rendialasest koostööst,<a href="https://elvtehnika.ee/test/1/wp-content/uploads/Tehnikakomplekt-17.jpg"><img decoding="async" loading="lazy" class="alignright size-medium wp-image-516" src="https://elvtehnika.ee/test/1/wp-content/uploads/Tehnikakomplekt-17-262x300.jpg" alt="valgustehnika rent" width="262" height="300" srcset="https://elvtehnika.ee/test/wp-content/uploads/Tehnikakomplekt-17-262x300.jpg 262w, https://elvtehnika.ee/test/wp-content/uploads/Tehnikakomplekt-17-174x200.jpg 174w, https://elvtehnika.ee/test/wp-content/uploads/Tehnikakomplekt-17.jpg 326w" sizes="(max-width: 262px) 100vw, 262px" /></a> <a title="Kontakt" href="https://elvtehnika.ee/test/kontakt/">võtke ühendust</a> ning leiame hea lahenduse.</p>

<p>Saage kvaliteetne helitehnika ja valgustehnika väga soodsa hinnaga ja mugavalt kätte kui olete püsiv renditehnika kasutaja. Hindame püsivaid ja häid koostööpartnereid ning pakume Teile tehnikat hinnaga kuni -50% tavalisest jaehinnast ning teeme seadmete kättesaamise ja tagastamise võimalikult mugavaks ja paindlikuks. Meie eesmärk on, et Teil oleks mugav üritusi teha ja tehnikat kasutada ning meil oleks [&hellip;]</p>

<!-- This site is optimized with the Yoast SEO plugin v20.5 - https://yoast.com/wordpress/plugins/seo/ -->
<title>Heli- ja valgustehnika rent püsikliendihinnaga - ELV Tehnika</title>
<meta name="robots" content="noindex, follow, max-snippet:-1, max-image-preview:large, max-video-preview:-1" />
<meta property="og:locale" content="et_EE" />
<meta property="og:type" content="article" />
<meta property="og:title" content="Heli- ja valgustehnika rent püsikliendihinnaga - ELV Tehnika" />
<meta property="og:description" content="Saage kvaliteetne helitehnika ja valgustehnika väga soodsa hinnaga ja mugavalt kätte kui olete püsiv renditehnika kasutaja. Hindame püsivaid ja häid koostööpartnereid ning pakume Teile tehnikat hinnaga kuni -50% tavalisest jaehinnast ning teeme seadmete kättesaamise ja tagastamise võimalikult mugavaks ja paindlikuks. Meie eesmärk on, et Teil oleks mugav üritusi teha ja tehnikat kasutada ning meil oleks [&hellip;]" />
<meta property="og:url" content="https://elvtehnika.ee/test/heli-ja-valgustehnika-rent-pusikliendihinnaga/" />
<meta property="og:site_name" content="ELV Tehnika" />
<meta property="article:modified_time" content="2015-10-02T09:13:38+00:00" />
<meta property="og:image" content="https://elvtehnika.ee/test/1/wp-content/uploads/Tehnikakomplekt-17-262x300.jpg" />
<meta name="twitter:label1" content="Est. reading time" />
	<meta name="twitter:data1" content="1 minut" />
<script type="application/ld+json" class="yoast-schema-graph">{"@context":"https://schema.org","@graph":[{"@type":"WebPage","@id":"https://elvtehnika.ee/test/heli-ja-valgustehnika-rent-pusikliendihinnaga/","url":"https://elvtehnika.ee/test/heli-ja-valgustehnika-rent-pusikliendihinnaga/","name":"Heli- ja valgustehnika rent püsikliendihinnaga - ELV Tehnika","isPartOf":{"@id":"https://elvtehnika.ee/test/#website"},"datePublished":"2015-05-24T15:48:52+00:00","dateModified":"2015-10-02T09:13:38+00:00","breadcrumb":{"@id":"https://elvtehnika.ee/test/heli-ja-valgustehnika-rent-pusikliendihinnaga/#breadcrumb"},"inLanguage":"et","potentialAction":[{"@type":"ReadAction","target":["https://elvtehnika.ee/test/heli-ja-valgustehnika-rent-pusikliendihinnaga/"]}]},{"@type":"BreadcrumbList","@id":"https://elvtehnika.ee/test/heli-ja-valgustehnika-rent-pusikliendihinnaga/#breadcrumb","itemListElement":[{"@type":"ListItem","position":1,"name":"Home","item":"https://elvtehnika.ee/test/"},{"@type":"ListItem","position":2,"name":"Heli- ja valgustehnika rent püsikliendihinnaga"}]},{"@type":"WebSite","@id":"https://elvtehnika.ee/test/#website","url":"https://elvtehnika.ee/test/","name":"ELV Tehnika","description":"Heli-, valgus- ja esitlustehnika","potentialAction":[{"@type":"SearchAction","target":{"@type":"EntryPoint","urlTemplate":"https://elvtehnika.ee/test/?s={search_term_string}"},"query-input":"required name=search_term_string"}],"inLanguage":"et"}]}</script>
<!-- / Yoast SEO plugin. -->

Heli- ja valgustehnika rent püsikliendihinnaga - ELV Tehnika

Saage kvaliteetne helitehnika ja valgustehnika väga soodsa hinnaga ja mugavalt kätte kui olete püsiv renditehnika kasutaja. Hindame püsivaid ja häid koostööpartnereid ning pakume Teile tehnikat hinnaga kuni -50% tavalisest jaehinnast ning teeme seadmete kättesaamise ja tagastamise võimalikult mugavaks ja paindlikuks. Meie eesmärk on, et Teil oleks mugav üritusi teha ja tehnikat kasutada ning meil oleks [&hellip;]
