{"id":9,"date":"2015-02-21T09:51:51","date_gmt":"2015-02-21T09:51:51","guid":{"rendered":"http:\/\/localhost\/2015\/elvtehnika\/?page_id=9"},"modified":"2018-09-24T17:40:44","modified_gmt":"2018-09-24T14:40:44","slug":"helitehnika-rent","status":"publish","type":"page","link":"https:\/\/elvtehnika.ee\/test\/helitehnika-rent\/","title":{"rendered":"Helitehnika rent"},"content":{"rendered":"<p><a href=\"https:\/\/elvtehnika.ee\/test\/1\/wp-content\/uploads\/rendi-helitehnika.jpg\"><img decoding=\"async\" loading=\"lazy\" class=\"wp-image-2334 alignright\" src=\"https:\/\/elvtehnika.ee\/test\/1\/wp-content\/uploads\/rendi-helitehnika-239x300.jpg\" alt=\"rendi-helitehnika\" width=\"221\" height=\"277\" srcset=\"https:\/\/elvtehnika.ee\/test\/wp-content\/uploads\/rendi-helitehnika-239x300.jpg 239w, https:\/\/elvtehnika.ee\/test\/wp-content\/uploads\/rendi-helitehnika-159x200.jpg 159w, https:\/\/elvtehnika.ee\/test\/wp-content\/uploads\/rendi-helitehnika.jpg 491w\" sizes=\"(max-width: 221px) 100vw, 221px\" \/><\/a>Alltpoolt leiate valiku helitehnika komplekte, mille saate rentida ning \u00fcldjuhul ise kaasa v\u00f5tta ja paigaldada.<\/p>\n<p>See on soodne ja praktiline lahendus kui soovite oma \u00fcritusele tantsumuusikat, taustmuusikat, Teil tuleb m\u00f5ni muusikaline kollektiiv esinema v\u00f5i vajate seadmeid k\u00f5ne kuuldavaks tegemiseks kas 100-le v\u00f5i ka 500-le inimesele ja rohkemale.<\/p>\n<p>Oleme Teile heameelega tehnikaga abiks ning vastame t\u00e4psustavatele <a href=\"https:\/\/elvtehnika.ee\/test\/kontakt\/\">k\u00fcsimustele<\/a>. Meilt saate kiirelt professionaalse lahenduse oma \u00fcritusele.<\/p>\n<p>Kui soovite <a href=\"https:\/\/elvtehnika.ee\/test\/urituste-tehniline-teenindamine\/\">erilahendust ja tehnilist tuge &#8211; v\u00f5tke \u00fchendust<\/a><\/p>\n<p>Alati saab ka komplektides muudatusi teha. Kui m\u00f5ni komplekt on peaaegu \u00f5ige, saatke selle broneeringusoov\u00a0ja m\u00e4rkige lisainfoks mis muutusi soovite komplektis.<\/p>\n","protected":false},"excerpt":{"rendered":"<p>Alltpoolt leiate valiku helitehnika komplekte, mille saate rentida ning \u00fcldjuhul ise kaasa v\u00f5tta ja paigaldada. See on soodne ja praktiline lahendus kui soovite oma \u00fcritusele tantsumuusikat, taustmuusikat, Teil tuleb m\u00f5ni muusikaline kollektiiv esinema v\u00f5i vajate seadmeid k\u00f5ne kuuldavaks tegemiseks kas 100-le v\u00f5i ka 500-le inimesele ja rohkemale. Oleme Teile heameelega tehnikaga abiks ning vastame t\u00e4psustavatele [&hellip;]<\/p>\n","protected":false},"author":2,"featured_media":0,"parent":0,"menu_order":0,"comment_status":"closed","ping_status":"closed","template":"templates\/for-rent.php","meta":[],"acf":[],"yoast_head":"<!-- This site is optimized with the Yoast SEO plugin v20.5 - https:\/\/yoast.com\/wordpress\/plugins\/seo\/ -->\n<title>Helitehnika rent - ELV Tehnika<\/title>\n<meta name=\"description\" content=\"Helitehnika - aktiivk\u00f5larid, bassik\u00f5larid, raadiomikrofonid ning muud seadmed Teie \u00fcritusele - Tehnika rent Tartus ja Tallinnas - rendi tehnika mugavalt\" \/>\n<meta name=\"robots\" content=\"noindex, follow, max-snippet:-1, max-image-preview:large, max-video-preview:-1\" \/>\n<meta property=\"og:locale\" content=\"et_EE\" \/>\n<meta property=\"og:type\" content=\"article\" \/>\n<meta property=\"og:title\" content=\"Helitehnika rent - ELV Tehnika\" \/>\n<meta property=\"og:description\" content=\"Helitehnika - aktiivk\u00f5larid, bassik\u00f5larid, raadiomikrofonid ning muud seadmed Teie \u00fcritusele - Tehnika rent Tartus ja Tallinnas - rendi tehnika mugavalt\" \/>\n<meta property=\"og:url\" content=\"https:\/\/elvtehnika.ee\/test\/helitehnika-rent\/\" \/>\n<meta property=\"og:site_name\" content=\"ELV Tehnika\" \/>\n<meta property=\"article:modified_time\" content=\"2018-09-24T14:40:44+00:00\" \/>\n<meta property=\"og:image\" content=\"https:\/\/elvtehnika.ee\/test\/1\/wp-content\/uploads\/rendi-helitehnika-239x300.jpg\" \/>\n<meta name=\"twitter:label1\" content=\"Est. reading time\" \/>\n\t<meta name=\"twitter:data1\" content=\"1 minut\" \/>\n<script type=\"application\/ld+json\" class=\"yoast-schema-graph\">{\"@context\":\"https:\/\/schema.org\",\"@graph\":[{\"@type\":\"WebPage\",\"@id\":\"https:\/\/elvtehnika.ee\/test\/helitehnika-rent\/\",\"url\":\"https:\/\/elvtehnika.ee\/test\/helitehnika-rent\/\",\"name\":\"Helitehnika rent - ELV Tehnika\",\"isPartOf\":{\"@id\":\"https:\/\/elvtehnika.ee\/test\/#website\"},\"datePublished\":\"2015-02-21T09:51:51+00:00\",\"dateModified\":\"2018-09-24T14:40:44+00:00\",\"description\":\"Helitehnika - aktiivk\u00f5larid, bassik\u00f5larid, raadiomikrofonid ning muud seadmed Teie \u00fcritusele - Tehnika rent Tartus ja Tallinnas - rendi tehnika mugavalt\",\"breadcrumb\":{\"@id\":\"https:\/\/elvtehnika.ee\/test\/helitehnika-rent\/#breadcrumb\"},\"inLanguage\":\"et\",\"potentialAction\":[{\"@type\":\"ReadAction\",\"target\":[\"https:\/\/elvtehnika.ee\/test\/helitehnika-rent\/\"]}]},{\"@type\":\"BreadcrumbList\",\"@id\":\"https:\/\/elvtehnika.ee\/test\/helitehnika-rent\/#breadcrumb\",\"itemListElement\":[{\"@type\":\"ListItem\",\"position\":1,\"name\":\"Home\",\"item\":\"https:\/\/elvtehnika.ee\/test\/\"},{\"@type\":\"ListItem\",\"position\":2,\"name\":\"Helitehnika rent\"}]},{\"@type\":\"WebSite\",\"@id\":\"https:\/\/elvtehnika.ee\/test\/#website\",\"url\":\"https:\/\/elvtehnika.ee\/test\/\",\"name\":\"ELV Tehnika\",\"description\":\"Heli-, valgus- ja esitlustehnika\",\"potentialAction\":[{\"@type\":\"SearchAction\",\"target\":{\"@type\":\"EntryPoint\",\"urlTemplate\":\"https:\/\/elvtehnika.ee\/test\/?s={search_term_string}\"},\"query-input\":\"required name=search_term_string\"}],\"inLanguage\":\"et\"}]}<\/script>\n<!-- \/ Yoast SEO plugin. -->","yoast_head_json":{"title":"Helitehnika rent - ELV Tehnika","description":"Helitehnika - aktiivk\u00f5larid, bassik\u00f5larid, raadiomikrofonid ning muud seadmed Teie \u00fcritusele - Tehnika rent Tartus ja Tallinnas - rendi tehnika mugavalt","robots":{"index":"noindex","follow":"follow","max-snippet":"max-snippet:-1","max-image-preview":"max-image-preview:large","max-video-preview":"max-video-preview:-1"},"og_locale":"et_EE","og_type":"article","og_title":"Helitehnika rent - ELV Tehnika","og_description":"Helitehnika - aktiivk\u00f5larid, bassik\u00f5larid, raadiomikrofonid ning muud seadmed Teie \u00fcritusele - Tehnika rent Tartus ja Tallinnas - rendi tehnika mugavalt","og_url":"https:\/\/elvtehnika.ee\/test\/helitehnika-rent\/","og_site_name":"ELV Tehnika","article_modified_time":"2018-09-24T14:40:44+00:00","og_image":[{"url":"https:\/\/elvtehnika.ee\/test\/1\/wp-content\/uploads\/rendi-helitehnika-239x300.jpg"}],"twitter_misc":{"Est. reading time":"1 minut"},"schema":{"@context":"https:\/\/schema.org","@graph":[{"@type":"WebPage","@id":"https:\/\/elvtehnika.ee\/test\/helitehnika-rent\/","url":"https:\/\/elvtehnika.ee\/test\/helitehnika-rent\/","name":"Helitehnika rent - ELV Tehnika","isPartOf":{"@id":"https:\/\/elvtehnika.ee\/test\/#website"},"datePublished":"2015-02-21T09:51:51+00:00","dateModified":"2018-09-24T14:40:44+00:00","description":"Helitehnika - aktiivk\u00f5larid, bassik\u00f5larid, raadiomikrofonid ning muud seadmed Teie \u00fcritusele - Tehnika rent Tartus ja Tallinnas - rendi tehnika mugavalt","breadcrumb":{"@id":"https:\/\/elvtehnika.ee\/test\/helitehnika-rent\/#breadcrumb"},"inLanguage":"et","potentialAction":[{"@type":"ReadAction","target":["https:\/\/elvtehnika.ee\/test\/helitehnika-rent\/"]}]},{"@type":"BreadcrumbList","@id":"https:\/\/elvtehnika.ee\/test\/helitehnika-rent\/#breadcrumb","itemListElement":[{"@type":"ListItem","position":1,"name":"Home","item":"https:\/\/elvtehnika.ee\/test\/"},{"@type":"ListItem","position":2,"name":"Helitehnika rent"}]},{"@type":"WebSite","@id":"https:\/\/elvtehnika.ee\/test\/#website","url":"https:\/\/elvtehnika.ee\/test\/","name":"ELV Tehnika","description":"Heli-, valgus- ja esitlustehnika","potentialAction":[{"@type":"SearchAction","target":{"@type":"EntryPoint","urlTemplate":"https:\/\/elvtehnika.ee\/test\/?s={search_term_string}"},"query-input":"required name=search_term_string"}],"inLanguage":"et"}]}},"_links":{"self":[{"href":"https:\/\/elvtehnika.ee\/test\/wp-json\/wp\/v2\/pages\/9"}],"collection":[{"href":"https:\/\/elvtehnika.ee\/test\/wp-json\/wp\/v2\/pages"}],"about":[{"href":"https:\/\/elvtehnika.ee\/test\/wp-json\/wp\/v2\/types\/page"}],"author":[{"embeddable":true,"href":"https:\/\/elvtehnika.ee\/test\/wp-json\/wp\/v2\/users\/2"}],"replies":[{"embeddable":true,"href":"https:\/\/elvtehnika.ee\/test\/wp-json\/wp\/v2\/comments?post=9"}],"version-history":[{"count":4,"href":"https:\/\/elvtehnika.ee\/test\/wp-json\/wp\/v2\/pages\/9\/revisions"}],"predecessor-version":[{"id":10615,"href":"https:\/\/elvtehnika.ee\/test\/wp-json\/wp\/v2\/pages\/9\/revisions\/10615"}],"wp:attachment":[{"href":"https:\/\/elvtehnika.ee\/test\/wp-json\/wp\/v2\/media?parent=9"}],"curies":[{"name":"wp","href":"https:\/\/api.w.org\/{rel}","templated":true}]}}

<p><a href="https://elvtehnika.ee/test/1/wp-content/uploads/rendi-helitehnika.jpg"><img decoding="async" loading="lazy" class="wp-image-2334 alignright" src="https://elvtehnika.ee/test/1/wp-content/uploads/rendi-helitehnika-239x300.jpg" alt="rendi-helitehnika" width="221" height="277" srcset="https://elvtehnika.ee/test/wp-content/uploads/rendi-helitehnika-239x300.jpg 239w, https://elvtehnika.ee/test/wp-content/uploads/rendi-helitehnika-159x200.jpg 159w, https://elvtehnika.ee/test/wp-content/uploads/rendi-helitehnika.jpg 491w" sizes="(max-width: 221px) 100vw, 221px" /></a>Alltpoolt leiate valiku helitehnika komplekte, mille saate rentida ning üldjuhul ise kaasa võtta ja paigaldada.</p>
<p>See on soodne ja praktiline lahendus kui soovite oma üritusele tantsumuusikat, taustmuusikat, Teil tuleb mõni muusikaline kollektiiv esinema või vajate seadmeid kõne kuuldavaks tegemiseks kas 100-le või ka 500-le inimesele ja rohkemale.</p>
<p>Oleme Teile heameelega tehnikaga abiks ning vastame täpsustavatele <a href="https://elvtehnika.ee/test/kontakt/">küsimustele</a>. Meilt saate kiirelt professionaalse lahenduse oma üritusele.</p>
<p>Kui soovite <a href="https://elvtehnika.ee/test/urituste-tehniline-teenindamine/">erilahendust ja tehnilist tuge &#8211; võtke ühendust</a></p>
<p>Alati saab ka komplektides muudatusi teha. Kui mõni komplekt on peaaegu õige, saatke selle broneeringusoov ja märkige lisainfoks mis muutusi soovite komplektis.</p>

<p>Alltpoolt leiate valiku helitehnika komplekte, mille saate rentida ning üldjuhul ise kaasa võtta ja paigaldada. See on soodne ja praktiline lahendus kui soovite oma üritusele tantsumuusikat, taustmuusikat, Teil tuleb mõni muusikaline kollektiiv esinema või vajate seadmeid kõne kuuldavaks tegemiseks kas 100-le või ka 500-le inimesele ja rohkemale. Oleme Teile heameelega tehnikaga abiks ning vastame täpsustavatele [&hellip;]</p>

<!-- This site is optimized with the Yoast SEO plugin v20.5 - https://yoast.com/wordpress/plugins/seo/ -->
<title>Helitehnika rent - ELV Tehnika</title>
<meta name="description" content="Helitehnika - aktiivkõlarid, bassikõlarid, raadiomikrofonid ning muud seadmed Teie üritusele - Tehnika rent Tartus ja Tallinnas - rendi tehnika mugavalt" />
<meta name="robots" content="noindex, follow, max-snippet:-1, max-image-preview:large, max-video-preview:-1" />
<meta property="og:locale" content="et_EE" />
<meta property="og:type" content="article" />
<meta property="og:title" content="Helitehnika rent - ELV Tehnika" />
<meta property="og:description" content="Helitehnika - aktiivkõlarid, bassikõlarid, raadiomikrofonid ning muud seadmed Teie üritusele - Tehnika rent Tartus ja Tallinnas - rendi tehnika mugavalt" />
<meta property="og:url" content="https://elvtehnika.ee/test/helitehnika-rent/" />
<meta property="og:site_name" content="ELV Tehnika" />
<meta property="article:modified_time" content="2018-09-24T14:40:44+00:00" />
<meta property="og:image" content="https://elvtehnika.ee/test/1/wp-content/uploads/rendi-helitehnika-239x300.jpg" />
<meta name="twitter:label1" content="Est. reading time" />
	<meta name="twitter:data1" content="1 minut" />
<script type="application/ld+json" class="yoast-schema-graph">{"@context":"https://schema.org","@graph":[{"@type":"WebPage","@id":"https://elvtehnika.ee/test/helitehnika-rent/","url":"https://elvtehnika.ee/test/helitehnika-rent/","name":"Helitehnika rent - ELV Tehnika","isPartOf":{"@id":"https://elvtehnika.ee/test/#website"},"datePublished":"2015-02-21T09:51:51+00:00","dateModified":"2018-09-24T14:40:44+00:00","description":"Helitehnika - aktiivkõlarid, bassikõlarid, raadiomikrofonid ning muud seadmed Teie üritusele - Tehnika rent Tartus ja Tallinnas - rendi tehnika mugavalt","breadcrumb":{"@id":"https://elvtehnika.ee/test/helitehnika-rent/#breadcrumb"},"inLanguage":"et","potentialAction":[{"@type":"ReadAction","target":["https://elvtehnika.ee/test/helitehnika-rent/"]}]},{"@type":"BreadcrumbList","@id":"https://elvtehnika.ee/test/helitehnika-rent/#breadcrumb","itemListElement":[{"@type":"ListItem","position":1,"name":"Home","item":"https://elvtehnika.ee/test/"},{"@type":"ListItem","position":2,"name":"Helitehnika rent"}]},{"@type":"WebSite","@id":"https://elvtehnika.ee/test/#website","url":"https://elvtehnika.ee/test/","name":"ELV Tehnika","description":"Heli-, valgus- ja esitlustehnika","potentialAction":[{"@type":"SearchAction","target":{"@type":"EntryPoint","urlTemplate":"https://elvtehnika.ee/test/?s={search_term_string}"},"query-input":"required name=search_term_string"}],"inLanguage":"et"}]}</script>
<!-- / Yoast SEO plugin. -->

Helitehnika - aktiivkõlarid, bassikõlarid, raadiomikrofonid ning muud seadmed Teie üritusele - Tehnika rent Tartus ja Tallinnas - rendi tehnika mugavalt
