{"id":908,"date":"2015-05-25T13:12:01","date_gmt":"2015-05-25T13:12:01","guid":{"rendered":"http:\/\/www.elvtehnika.ee\/?page_id=908"},"modified":"2017-04-10T21:41:26","modified_gmt":"2017-04-10T18:41:26","slug":"esitlustehnika-muuk-esitlustehnika-erilahendused","status":"publish","type":"page","link":"https:\/\/elvtehnika.ee\/test\/esitlustehnika-muuk-esitlustehnika-erilahendused\/","title":{"rendered":"Esitlustehnika m\u00fc\u00fck ja erilahendused"},"content":{"rendered":"<p><a href=\"https:\/\/elvtehnika.ee\/test\/1\/wp-content\/uploads\/Statsionaarne-esitlustehnika-komplekt-1-elektriline-ekraan-laestatiiv-projektor-kaabeldus.jpg\"><img decoding=\"async\" loading=\"lazy\" class=\"wp-image-1965 size-thumbnail alignright\" src=\"https:\/\/elvtehnika.ee\/test\/1\/wp-content\/uploads\/Statsionaarne-esitlustehnika-komplekt-1-elektriline-ekraan-laestatiiv-projektor-kaabeldus-290x148.jpg\" alt=\"esitlustehnika\" width=\"290\" height=\"148\" srcset=\"https:\/\/elvtehnika.ee\/test\/wp-content\/uploads\/Statsionaarne-esitlustehnika-komplekt-1-elektriline-ekraan-laestatiiv-projektor-kaabeldus-290x148.jpg 290w, https:\/\/elvtehnika.ee\/test\/wp-content\/uploads\/Statsionaarne-esitlustehnika-komplekt-1-elektriline-ekraan-laestatiiv-projektor-kaabeldus-600x308.jpg 600w, https:\/\/elvtehnika.ee\/test\/wp-content\/uploads\/Statsionaarne-esitlustehnika-komplekt-1-elektriline-ekraan-laestatiiv-projektor-kaabeldus-300x153.jpg 300w, https:\/\/elvtehnika.ee\/test\/wp-content\/uploads\/Statsionaarne-esitlustehnika-komplekt-1-elektriline-ekraan-laestatiiv-projektor-kaabeldus-1024x525.jpg 1024w, https:\/\/elvtehnika.ee\/test\/wp-content\/uploads\/Statsionaarne-esitlustehnika-komplekt-1-elektriline-ekraan-laestatiiv-projektor-kaabeldus.jpg 1241w\" sizes=\"(max-width: 290px) 100vw, 290px\" \/><\/a>Soovite hakata kasutama oma tegevuses uudseid ja Teie tegevust paremini toetavaid\u00a0esitlusvahendeid v\u00f5i olemasolevaid uuendada? Oleme heameelega abiks, kuulame Teie soovid \u00e4ra ning saame kasulik\u00a0olla j\u00e4rgnevaga:<\/p>\n<p>&#8211; mobiilsed projektori ja ekraani komplektid kvaliteetsetelt tootjatelt, projektorid ning erineva suurusega nii eest kui ka tagant projektseeritavad ekraanid;<\/p>\n<p><a href=\"https:\/\/elvtehnika.ee\/test\/1\/wp-content\/uploads\/smart-signage-infoekraanid-26.jpg\"><img decoding=\"async\" loading=\"lazy\" class=\"alignright wp-image-2048 size-medium\" src=\"https:\/\/elvtehnika.ee\/test\/1\/wp-content\/uploads\/smart-signage-infoekraanid-26-300x227.jpg\" alt=\"smart signage infoekraanid 26\" width=\"300\" height=\"227\" srcset=\"https:\/\/elvtehnika.ee\/test\/wp-content\/uploads\/smart-signage-infoekraanid-26-300x227.jpg 300w, https:\/\/elvtehnika.ee\/test\/wp-content\/uploads\/smart-signage-infoekraanid-26-600x454.jpg 600w, https:\/\/elvtehnika.ee\/test\/wp-content\/uploads\/smart-signage-infoekraanid-26-264x200.jpg 264w, https:\/\/elvtehnika.ee\/test\/wp-content\/uploads\/smart-signage-infoekraanid-26.jpg 666w\" sizes=\"(max-width: 300px) 100vw, 300px\" \/><\/a>&#8211; konverentsisaali v\u00f5i n\u00f5upidamisruumi esitlustehnika uuendamine ja esitlustehnilise lahenduse v\u00e4ljat\u00f6\u00f6tamine;<\/p>\n<p>&#8211; sobivad mikrofonid ja k\u00f5larid ettekanneteks, demoesinemisteks ning video heli esitamiseks;<\/p>\n<p>&#8211; LED ekraanid v\u00e4ga selge, ereda ja kontrastse pildi kuvamiseks kaubanduspindadel ning muudes avalikes kohtades;<\/p>\n<p>&#8211; smart-signage infotablood, reklaamekraanid ja\u00a0targad ekraanide s\u00fcsteemid poodidesse, tanklatesse, s\u00f6\u00f6gikohtadesse ning teenindusb\u00fcroodesse muutmaks Teie t\u00f6\u00f6protsessi\u00a0efektiivsemaks ja parandamaks<a href=\"https:\/\/elvtehnika.ee\/test\/1\/wp-content\/uploads\/smart-signage-infoekraanid-19.jpg\"><img decoding=\"async\" loading=\"lazy\" class=\"alignright wp-image-2047 size-medium\" src=\"https:\/\/elvtehnika.ee\/test\/1\/wp-content\/uploads\/smart-signage-infoekraanid-19-300x167.jpg\" alt=\"smart signage infoekraanid 19\" width=\"300\" height=\"167\" srcset=\"https:\/\/elvtehnika.ee\/test\/wp-content\/uploads\/smart-signage-infoekraanid-19-300x167.jpg 300w, https:\/\/elvtehnika.ee\/test\/wp-content\/uploads\/smart-signage-infoekraanid-19-600x335.jpg 600w, https:\/\/elvtehnika.ee\/test\/wp-content\/uploads\/smart-signage-infoekraanid-19-290x162.jpg 290w, https:\/\/elvtehnika.ee\/test\/wp-content\/uploads\/smart-signage-infoekraanid-19.jpg 739w\" sizes=\"(max-width: 300px) 100vw, 300px\" \/><\/a> kaupade ning teenuste esitlemist klientidele;<\/p>\n<p>V\u00f5tke allpool oleva vormi l\u00e4bi \u00fchendust ja kirjeldage oma soove v\u00f5i tutvuge valmiskomplektidega:<\/p>\n<p><a href=\"https:\/\/elvtehnika.ee\/test\/muugikomplektid\/esitlustehnika\/\"><img decoding=\"async\" loading=\"lazy\" class=\"alignleft size-medium wp-image-2337\" src=\"https:\/\/elvtehnika.ee\/test\/1\/wp-content\/uploads\/esitlustehnika-komplektid-300x295.jpg\" alt=\"esitlustehnika komplektid\" width=\"300\" height=\"295\" srcset=\"https:\/\/elvtehnika.ee\/test\/wp-content\/uploads\/esitlustehnika-komplektid-300x295.jpg 300w, https:\/\/elvtehnika.ee\/test\/wp-content\/uploads\/esitlustehnika-komplektid-600x592.jpg 600w, https:\/\/elvtehnika.ee\/test\/wp-content\/uploads\/esitlustehnika-komplektid-202x200.jpg 202w, https:\/\/elvtehnika.ee\/test\/wp-content\/uploads\/esitlustehnika-komplektid.jpg 707w\" sizes=\"(max-width: 300px) 100vw, 300px\" \/><\/a><\/p>\n","protected":false},"excerpt":{"rendered":"<p>Soovite hakata kasutama oma tegevuses uudseid ja Teie tegevust paremini toetavaid\u00a0esitlusvahendeid v\u00f5i olemasolevaid uuendada? Oleme heameelega abiks, kuulame Teie soovid \u00e4ra ning saame kasulik\u00a0olla j\u00e4rgnevaga: &#8211; mobiilsed projektori ja ekraani komplektid kvaliteetsetelt tootjatelt, projektorid ning erineva suurusega nii eest kui ka tagant projektseeritavad ekraanid; &#8211; konverentsisaali v\u00f5i n\u00f5upidamisruumi esitlustehnika uuendamine ja esitlustehnilise lahenduse v\u00e4ljat\u00f6\u00f6tamine; &#8211; [&hellip;]<\/p>\n","protected":false},"author":2,"featured_media":0,"parent":0,"menu_order":0,"comment_status":"closed","ping_status":"closed","template":"templates\/template-for-sale-custom.php","meta":[],"acf":[],"yoast_head":"<!-- This site is optimized with the Yoast SEO plugin v20.5 - https:\/\/yoast.com\/wordpress\/plugins\/seo\/ -->\n<title>Esitlustehnika m\u00fc\u00fck ja erilahendused - ELV Tehnika<\/title>\n<meta name=\"description\" content=\"Esitlustehnika m\u00fc\u00fck - erilahendused vastavalt Teie soovidele\" \/>\n<meta name=\"robots\" content=\"noindex, follow, max-snippet:-1, max-image-preview:large, max-video-preview:-1\" \/>\n<meta property=\"og:locale\" content=\"et_EE\" \/>\n<meta property=\"og:type\" content=\"article\" \/>\n<meta property=\"og:title\" content=\"Esitlustehnika m\u00fc\u00fck ja erilahendused - ELV Tehnika\" \/>\n<meta property=\"og:description\" content=\"Esitlustehnika m\u00fc\u00fck - erilahendused vastavalt Teie soovidele\" \/>\n<meta property=\"og:url\" content=\"https:\/\/elvtehnika.ee\/test\/esitlustehnika-muuk-esitlustehnika-erilahendused\/\" \/>\n<meta property=\"og:site_name\" content=\"ELV Tehnika\" \/>\n<meta property=\"article:modified_time\" content=\"2017-04-10T18:41:26+00:00\" \/>\n<meta property=\"og:image\" content=\"https:\/\/elvtehnika.ee\/test\/1\/wp-content\/uploads\/Statsionaarne-esitlustehnika-komplekt-1-elektriline-ekraan-laestatiiv-projektor-kaabeldus-290x148.jpg\" \/>\n<meta name=\"twitter:label1\" content=\"Est. reading time\" \/>\n\t<meta name=\"twitter:data1\" content=\"1 minut\" \/>\n<script type=\"application\/ld+json\" class=\"yoast-schema-graph\">{\"@context\":\"https:\/\/schema.org\",\"@graph\":[{\"@type\":\"WebPage\",\"@id\":\"https:\/\/elvtehnika.ee\/test\/esitlustehnika-muuk-esitlustehnika-erilahendused\/\",\"url\":\"https:\/\/elvtehnika.ee\/test\/esitlustehnika-muuk-esitlustehnika-erilahendused\/\",\"name\":\"Esitlustehnika m\u00fc\u00fck ja erilahendused - ELV Tehnika\",\"isPartOf\":{\"@id\":\"https:\/\/elvtehnika.ee\/test\/#website\"},\"datePublished\":\"2015-05-25T13:12:01+00:00\",\"dateModified\":\"2017-04-10T18:41:26+00:00\",\"description\":\"Esitlustehnika m\u00fc\u00fck - erilahendused vastavalt Teie soovidele\",\"breadcrumb\":{\"@id\":\"https:\/\/elvtehnika.ee\/test\/esitlustehnika-muuk-esitlustehnika-erilahendused\/#breadcrumb\"},\"inLanguage\":\"et\",\"potentialAction\":[{\"@type\":\"ReadAction\",\"target\":[\"https:\/\/elvtehnika.ee\/test\/esitlustehnika-muuk-esitlustehnika-erilahendused\/\"]}]},{\"@type\":\"BreadcrumbList\",\"@id\":\"https:\/\/elvtehnika.ee\/test\/esitlustehnika-muuk-esitlustehnika-erilahendused\/#breadcrumb\",\"itemListElement\":[{\"@type\":\"ListItem\",\"position\":1,\"name\":\"Home\",\"item\":\"https:\/\/elvtehnika.ee\/test\/\"},{\"@type\":\"ListItem\",\"position\":2,\"name\":\"Esitlustehnika m\u00fc\u00fck ja erilahendused\"}]},{\"@type\":\"WebSite\",\"@id\":\"https:\/\/elvtehnika.ee\/test\/#website\",\"url\":\"https:\/\/elvtehnika.ee\/test\/\",\"name\":\"ELV Tehnika\",\"description\":\"Heli-, valgus- ja esitlustehnika\",\"potentialAction\":[{\"@type\":\"SearchAction\",\"target\":{\"@type\":\"EntryPoint\",\"urlTemplate\":\"https:\/\/elvtehnika.ee\/test\/?s={search_term_string}\"},\"query-input\":\"required name=search_term_string\"}],\"inLanguage\":\"et\"}]}<\/script>\n<!-- \/ Yoast SEO plugin. -->","yoast_head_json":{"title":"Esitlustehnika m\u00fc\u00fck ja erilahendused - ELV Tehnika","description":"Esitlustehnika m\u00fc\u00fck - erilahendused vastavalt Teie soovidele","robots":{"index":"noindex","follow":"follow","max-snippet":"max-snippet:-1","max-image-preview":"max-image-preview:large","max-video-preview":"max-video-preview:-1"},"og_locale":"et_EE","og_type":"article","og_title":"Esitlustehnika m\u00fc\u00fck ja erilahendused - ELV Tehnika","og_description":"Esitlustehnika m\u00fc\u00fck - erilahendused vastavalt Teie soovidele","og_url":"https:\/\/elvtehnika.ee\/test\/esitlustehnika-muuk-esitlustehnika-erilahendused\/","og_site_name":"ELV Tehnika","article_modified_time":"2017-04-10T18:41:26+00:00","og_image":[{"url":"https:\/\/elvtehnika.ee\/test\/1\/wp-content\/uploads\/Statsionaarne-esitlustehnika-komplekt-1-elektriline-ekraan-laestatiiv-projektor-kaabeldus-290x148.jpg"}],"twitter_misc":{"Est. reading time":"1 minut"},"schema":{"@context":"https:\/\/schema.org","@graph":[{"@type":"WebPage","@id":"https:\/\/elvtehnika.ee\/test\/esitlustehnika-muuk-esitlustehnika-erilahendused\/","url":"https:\/\/elvtehnika.ee\/test\/esitlustehnika-muuk-esitlustehnika-erilahendused\/","name":"Esitlustehnika m\u00fc\u00fck ja erilahendused - ELV Tehnika","isPartOf":{"@id":"https:\/\/elvtehnika.ee\/test\/#website"},"datePublished":"2015-05-25T13:12:01+00:00","dateModified":"2017-04-10T18:41:26+00:00","description":"Esitlustehnika m\u00fc\u00fck - erilahendused vastavalt Teie soovidele","breadcrumb":{"@id":"https:\/\/elvtehnika.ee\/test\/esitlustehnika-muuk-esitlustehnika-erilahendused\/#breadcrumb"},"inLanguage":"et","potentialAction":[{"@type":"ReadAction","target":["https:\/\/elvtehnika.ee\/test\/esitlustehnika-muuk-esitlustehnika-erilahendused\/"]}]},{"@type":"BreadcrumbList","@id":"https:\/\/elvtehnika.ee\/test\/esitlustehnika-muuk-esitlustehnika-erilahendused\/#breadcrumb","itemListElement":[{"@type":"ListItem","position":1,"name":"Home","item":"https:\/\/elvtehnika.ee\/test\/"},{"@type":"ListItem","position":2,"name":"Esitlustehnika m\u00fc\u00fck ja erilahendused"}]},{"@type":"WebSite","@id":"https:\/\/elvtehnika.ee\/test\/#website","url":"https:\/\/elvtehnika.ee\/test\/","name":"ELV Tehnika","description":"Heli-, valgus- ja esitlustehnika","potentialAction":[{"@type":"SearchAction","target":{"@type":"EntryPoint","urlTemplate":"https:\/\/elvtehnika.ee\/test\/?s={search_term_string}"},"query-input":"required name=search_term_string"}],"inLanguage":"et"}]}},"_links":{"self":[{"href":"https:\/\/elvtehnika.ee\/test\/wp-json\/wp\/v2\/pages\/908"}],"collection":[{"href":"https:\/\/elvtehnika.ee\/test\/wp-json\/wp\/v2\/pages"}],"about":[{"href":"https:\/\/elvtehnika.ee\/test\/wp-json\/wp\/v2\/types\/page"}],"author":[{"embeddable":true,"href":"https:\/\/elvtehnika.ee\/test\/wp-json\/wp\/v2\/users\/2"}],"replies":[{"embeddable":true,"href":"https:\/\/elvtehnika.ee\/test\/wp-json\/wp\/v2\/comments?post=908"}],"version-history":[{"count":4,"href":"https:\/\/elvtehnika.ee\/test\/wp-json\/wp\/v2\/pages\/908\/revisions"}],"predecessor-version":[{"id":6171,"href":"https:\/\/elvtehnika.ee\/test\/wp-json\/wp\/v2\/pages\/908\/revisions\/6171"}],"wp:attachment":[{"href":"https:\/\/elvtehnika.ee\/test\/wp-json\/wp\/v2\/media?parent=908"}],"curies":[{"name":"wp","href":"https:\/\/api.w.org\/{rel}","templated":true}]}}

Esitlustehnika müük ja erilahendused

<p><a href="https://elvtehnika.ee/test/1/wp-content/uploads/Statsionaarne-esitlustehnika-komplekt-1-elektriline-ekraan-laestatiiv-projektor-kaabeldus.jpg"><img decoding="async" loading="lazy" class="wp-image-1965 size-thumbnail alignright" src="https://elvtehnika.ee/test/1/wp-content/uploads/Statsionaarne-esitlustehnika-komplekt-1-elektriline-ekraan-laestatiiv-projektor-kaabeldus-290x148.jpg" alt="esitlustehnika" width="290" height="148" srcset="https://elvtehnika.ee/test/wp-content/uploads/Statsionaarne-esitlustehnika-komplekt-1-elektriline-ekraan-laestatiiv-projektor-kaabeldus-290x148.jpg 290w, https://elvtehnika.ee/test/wp-content/uploads/Statsionaarne-esitlustehnika-komplekt-1-elektriline-ekraan-laestatiiv-projektor-kaabeldus-600x308.jpg 600w, https://elvtehnika.ee/test/wp-content/uploads/Statsionaarne-esitlustehnika-komplekt-1-elektriline-ekraan-laestatiiv-projektor-kaabeldus-300x153.jpg 300w, https://elvtehnika.ee/test/wp-content/uploads/Statsionaarne-esitlustehnika-komplekt-1-elektriline-ekraan-laestatiiv-projektor-kaabeldus-1024x525.jpg 1024w, https://elvtehnika.ee/test/wp-content/uploads/Statsionaarne-esitlustehnika-komplekt-1-elektriline-ekraan-laestatiiv-projektor-kaabeldus.jpg 1241w" sizes="(max-width: 290px) 100vw, 290px" /></a>Soovite hakata kasutama oma tegevuses uudseid ja Teie tegevust paremini toetavaid esitlusvahendeid või olemasolevaid uuendada? Oleme heameelega abiks, kuulame Teie soovid ära ning saame kasulik olla järgnevaga:</p>
<p>&#8211; mobiilsed projektori ja ekraani komplektid kvaliteetsetelt tootjatelt, projektorid ning erineva suurusega nii eest kui ka tagant projektseeritavad ekraanid;</p>
<p><a href="https://elvtehnika.ee/test/1/wp-content/uploads/smart-signage-infoekraanid-26.jpg"><img decoding="async" loading="lazy" class="alignright wp-image-2048 size-medium" src="https://elvtehnika.ee/test/1/wp-content/uploads/smart-signage-infoekraanid-26-300x227.jpg" alt="smart signage infoekraanid 26" width="300" height="227" srcset="https://elvtehnika.ee/test/wp-content/uploads/smart-signage-infoekraanid-26-300x227.jpg 300w, https://elvtehnika.ee/test/wp-content/uploads/smart-signage-infoekraanid-26-600x454.jpg 600w, https://elvtehnika.ee/test/wp-content/uploads/smart-signage-infoekraanid-26-264x200.jpg 264w, https://elvtehnika.ee/test/wp-content/uploads/smart-signage-infoekraanid-26.jpg 666w" sizes="(max-width: 300px) 100vw, 300px" /></a>&#8211; konverentsisaali või nõupidamisruumi esitlustehnika uuendamine ja esitlustehnilise lahenduse väljatöötamine;</p>
<p>&#8211; sobivad mikrofonid ja kõlarid ettekanneteks, demoesinemisteks ning video heli esitamiseks;</p>
<p>&#8211; LED ekraanid väga selge, ereda ja kontrastse pildi kuvamiseks kaubanduspindadel ning muudes avalikes kohtades;</p>
<p>&#8211; smart-signage infotablood, reklaamekraanid ja targad ekraanide süsteemid poodidesse, tanklatesse, söögikohtadesse ning teenindusbüroodesse muutmaks Teie tööprotsessi efektiivsemaks ja parandamaks<a href="https://elvtehnika.ee/test/1/wp-content/uploads/smart-signage-infoekraanid-19.jpg"><img decoding="async" loading="lazy" class="alignright wp-image-2047 size-medium" src="https://elvtehnika.ee/test/1/wp-content/uploads/smart-signage-infoekraanid-19-300x167.jpg" alt="smart signage infoekraanid 19" width="300" height="167" srcset="https://elvtehnika.ee/test/wp-content/uploads/smart-signage-infoekraanid-19-300x167.jpg 300w, https://elvtehnika.ee/test/wp-content/uploads/smart-signage-infoekraanid-19-600x335.jpg 600w, https://elvtehnika.ee/test/wp-content/uploads/smart-signage-infoekraanid-19-290x162.jpg 290w, https://elvtehnika.ee/test/wp-content/uploads/smart-signage-infoekraanid-19.jpg 739w" sizes="(max-width: 300px) 100vw, 300px" /></a> kaupade ning teenuste esitlemist klientidele;</p>
<p>Võtke allpool oleva vormi läbi ühendust ja kirjeldage oma soove või tutvuge valmiskomplektidega:</p>
<p><a href="https://elvtehnika.ee/test/muugikomplektid/esitlustehnika/"><img decoding="async" loading="lazy" class="alignleft size-medium wp-image-2337" src="https://elvtehnika.ee/test/1/wp-content/uploads/esitlustehnika-komplektid-300x295.jpg" alt="esitlustehnika komplektid" width="300" height="295" srcset="https://elvtehnika.ee/test/wp-content/uploads/esitlustehnika-komplektid-300x295.jpg 300w, https://elvtehnika.ee/test/wp-content/uploads/esitlustehnika-komplektid-600x592.jpg 600w, https://elvtehnika.ee/test/wp-content/uploads/esitlustehnika-komplektid-202x200.jpg 202w, https://elvtehnika.ee/test/wp-content/uploads/esitlustehnika-komplektid.jpg 707w" sizes="(max-width: 300px) 100vw, 300px" /></a></p>

<p>Soovite hakata kasutama oma tegevuses uudseid ja Teie tegevust paremini toetavaid esitlusvahendeid või olemasolevaid uuendada? Oleme heameelega abiks, kuulame Teie soovid ära ning saame kasulik olla järgnevaga: &#8211; mobiilsed projektori ja ekraani komplektid kvaliteetsetelt tootjatelt, projektorid ning erineva suurusega nii eest kui ka tagant projektseeritavad ekraanid; &#8211; konverentsisaali või nõupidamisruumi esitlustehnika uuendamine ja esitlustehnilise lahenduse väljatöötamine; &#8211; [&hellip;]</p>

<!-- This site is optimized with the Yoast SEO plugin v20.5 - https://yoast.com/wordpress/plugins/seo/ -->
<title>Esitlustehnika müük ja erilahendused - ELV Tehnika</title>
<meta name="description" content="Esitlustehnika müük - erilahendused vastavalt Teie soovidele" />
<meta name="robots" content="noindex, follow, max-snippet:-1, max-image-preview:large, max-video-preview:-1" />
<meta property="og:locale" content="et_EE" />
<meta property="og:type" content="article" />
<meta property="og:title" content="Esitlustehnika müük ja erilahendused - ELV Tehnika" />
<meta property="og:description" content="Esitlustehnika müük - erilahendused vastavalt Teie soovidele" />
<meta property="og:url" content="https://elvtehnika.ee/test/esitlustehnika-muuk-esitlustehnika-erilahendused/" />
<meta property="og:site_name" content="ELV Tehnika" />
<meta property="article:modified_time" content="2017-04-10T18:41:26+00:00" />
<meta property="og:image" content="https://elvtehnika.ee/test/1/wp-content/uploads/Statsionaarne-esitlustehnika-komplekt-1-elektriline-ekraan-laestatiiv-projektor-kaabeldus-290x148.jpg" />
<meta name="twitter:label1" content="Est. reading time" />
	<meta name="twitter:data1" content="1 minut" />
<script type="application/ld+json" class="yoast-schema-graph">{"@context":"https://schema.org","@graph":[{"@type":"WebPage","@id":"https://elvtehnika.ee/test/esitlustehnika-muuk-esitlustehnika-erilahendused/","url":"https://elvtehnika.ee/test/esitlustehnika-muuk-esitlustehnika-erilahendused/","name":"Esitlustehnika müük ja erilahendused - ELV Tehnika","isPartOf":{"@id":"https://elvtehnika.ee/test/#website"},"datePublished":"2015-05-25T13:12:01+00:00","dateModified":"2017-04-10T18:41:26+00:00","description":"Esitlustehnika müük - erilahendused vastavalt Teie soovidele","breadcrumb":{"@id":"https://elvtehnika.ee/test/esitlustehnika-muuk-esitlustehnika-erilahendused/#breadcrumb"},"inLanguage":"et","potentialAction":[{"@type":"ReadAction","target":["https://elvtehnika.ee/test/esitlustehnika-muuk-esitlustehnika-erilahendused/"]}]},{"@type":"BreadcrumbList","@id":"https://elvtehnika.ee/test/esitlustehnika-muuk-esitlustehnika-erilahendused/#breadcrumb","itemListElement":[{"@type":"ListItem","position":1,"name":"Home","item":"https://elvtehnika.ee/test/"},{"@type":"ListItem","position":2,"name":"Esitlustehnika müük ja erilahendused"}]},{"@type":"WebSite","@id":"https://elvtehnika.ee/test/#website","url":"https://elvtehnika.ee/test/","name":"ELV Tehnika","description":"Heli-, valgus- ja esitlustehnika","potentialAction":[{"@type":"SearchAction","target":{"@type":"EntryPoint","urlTemplate":"https://elvtehnika.ee/test/?s={search_term_string}"},"query-input":"required name=search_term_string"}],"inLanguage":"et"}]}</script>
<!-- / Yoast SEO plugin. -->

Esitlustehnika müük ja erilahendused - ELV Tehnika

Esitlustehnika müük - erilahendused vastavalt Teie soovidele
