{"id":11028,"date":"2018-08-12T13:20:09","date_gmt":"2018-08-12T10:20:09","guid":{"rendered":"http:\/\/localhost\/plus\/elv3\/epood\/tehnika-transpordikohver-flyht-pro-wp-safe-box-1-ip65\/"},"modified":"2018-12-21T17:30:26","modified_gmt":"2018-12-21T15:30:26","slug":"tehnika-transpordikohver-flyht-pro-wp-safe-box-1-ip65","status":"publish","type":"product","link":"https:\/\/elvtehnika.ee\/test\/epood\/tehnika-transpordikohver-flyht-pro-wp-safe-box-1-ip65\/","title":{"rendered":"Tehnika transpordikohver Flyht Pro WP Safe Box 1 IP65"},"content":{"rendered":"","protected":false},"excerpt":{"rendered":"","protected":false},"featured_media":9597,"template":"","meta":[],"acf":[],"yoast_head":"<!-- This site is optimized with the Yoast SEO plugin v20.5 - https:\/\/yoast.com\/wordpress\/plugins\/seo\/ -->\n<title>Tehnika transpordikohver Flyht Pro WP Safe Box 1 IP65 - ELV Tehnika<\/title>\n<meta name=\"description\" content=\"lmastikukindel, tugevast plastikust, tugeva sangaga tehnika transpordikohver koos t\u00e4idismaterjaliga, sisem\u00f5\u00f5dud\u00a0(pikkus*laius*k\u00f5rgus): 510 x 292 x 175 mm.\" \/>\n<meta name=\"robots\" content=\"noindex, follow, max-snippet:-1, max-image-preview:large, max-video-preview:-1\" \/>\n<meta property=\"og:locale\" content=\"et_EE\" \/>\n<meta property=\"og:type\" content=\"article\" \/>\n<meta property=\"og:title\" content=\"Tehnika transpordikohver Flyht Pro WP Safe Box 1 IP65 - ELV Tehnika\" \/>\n<meta property=\"og:description\" content=\"lmastikukindel, tugevast plastikust, tugeva sangaga tehnika transpordikohver koos t\u00e4idismaterjaliga, sisem\u00f5\u00f5dud\u00a0(pikkus*laius*k\u00f5rgus): 510 x 292 x 175 mm.\" \/>\n<meta property=\"og:url\" content=\"https:\/\/elvtehnika.ee\/test\/epood\/tehnika-transpordikohver-flyht-pro-wp-safe-box-1-ip65\/\" \/>\n<meta property=\"og:site_name\" content=\"ELV Tehnika\" \/>\n<meta property=\"article:modified_time\" content=\"2018-12-21T15:30:26+00:00\" \/>\n<meta property=\"og:image\" content=\"https:\/\/elvtehnika.ee\/test\/wp-content\/uploads\/flyht-pro-wp-safe-box-1-ip65.jpg\" \/>\n\t<meta property=\"og:image:width\" content=\"367\" \/>\n\t<meta property=\"og:image:height\" content=\"620\" \/>\n\t<meta property=\"og:image:type\" content=\"image\/jpeg\" \/>\n<script type=\"application\/ld+json\" class=\"yoast-schema-graph\">{\"@context\":\"https:\/\/schema.org\",\"@graph\":[{\"@type\":\"WebPage\",\"@id\":\"https:\/\/elvtehnika.ee\/test\/epood\/tehnika-transpordikohver-flyht-pro-wp-safe-box-1-ip65\/\",\"url\":\"https:\/\/elvtehnika.ee\/test\/epood\/tehnika-transpordikohver-flyht-pro-wp-safe-box-1-ip65\/\",\"name\":\"Tehnika transpordikohver Flyht Pro WP Safe Box 1 IP65 - ELV Tehnika\",\"isPartOf\":{\"@id\":\"https:\/\/elvtehnika.ee\/test\/#website\"},\"datePublished\":\"2018-08-12T10:20:09+00:00\",\"dateModified\":\"2018-12-21T15:30:26+00:00\",\"description\":\"lmastikukindel, tugevast plastikust, tugeva sangaga tehnika transpordikohver koos t\u00e4idismaterjaliga, sisem\u00f5\u00f5dud\u00a0(pikkus*laius*k\u00f5rgus): 510 x 292 x 175 mm.\",\"breadcrumb\":{\"@id\":\"https:\/\/elvtehnika.ee\/test\/epood\/tehnika-transpordikohver-flyht-pro-wp-safe-box-1-ip65\/#breadcrumb\"},\"inLanguage\":\"et\",\"potentialAction\":[{\"@type\":\"ReadAction\",\"target\":[\"https:\/\/elvtehnika.ee\/test\/epood\/tehnika-transpordikohver-flyht-pro-wp-safe-box-1-ip65\/\"]}]},{\"@type\":\"BreadcrumbList\",\"@id\":\"https:\/\/elvtehnika.ee\/test\/epood\/tehnika-transpordikohver-flyht-pro-wp-safe-box-1-ip65\/#breadcrumb\",\"itemListElement\":[{\"@type\":\"ListItem\",\"position\":1,\"name\":\"Home\",\"item\":\"https:\/\/elvtehnika.ee\/test\/\"},{\"@type\":\"ListItem\",\"position\":2,\"name\":\"E-pood\",\"item\":\"https:\/\/elvtehnika.ee\/test\/epood\/\"},{\"@type\":\"ListItem\",\"position\":3,\"name\":\"Tehnika transpordikohver Flyht Pro WP Safe Box 1 IP65\"}]},{\"@type\":\"WebSite\",\"@id\":\"https:\/\/elvtehnika.ee\/test\/#website\",\"url\":\"https:\/\/elvtehnika.ee\/test\/\",\"name\":\"ELV Tehnika\",\"description\":\"Heli-, valgus- ja esitlustehnika\",\"potentialAction\":[{\"@type\":\"SearchAction\",\"target\":{\"@type\":\"EntryPoint\",\"urlTemplate\":\"https:\/\/elvtehnika.ee\/test\/?s={search_term_string}\"},\"query-input\":\"required name=search_term_string\"}],\"inLanguage\":\"et\"}]}<\/script>\n<!-- \/ Yoast SEO plugin. -->","yoast_head_json":{"title":"Tehnika transpordikohver Flyht Pro WP Safe Box 1 IP65 - ELV Tehnika","description":"lmastikukindel, tugevast plastikust, tugeva sangaga tehnika transpordikohver koos t\u00e4idismaterjaliga, sisem\u00f5\u00f5dud\u00a0(pikkus*laius*k\u00f5rgus): 510 x 292 x 175 mm.","robots":{"index":"noindex","follow":"follow","max-snippet":"max-snippet:-1","max-image-preview":"max-image-preview:large","max-video-preview":"max-video-preview:-1"},"og_locale":"et_EE","og_type":"article","og_title":"Tehnika transpordikohver Flyht Pro WP Safe Box 1 IP65 - ELV Tehnika","og_description":"lmastikukindel, tugevast plastikust, tugeva sangaga tehnika transpordikohver koos t\u00e4idismaterjaliga, sisem\u00f5\u00f5dud\u00a0(pikkus*laius*k\u00f5rgus): 510 x 292 x 175 mm.","og_url":"https:\/\/elvtehnika.ee\/test\/epood\/tehnika-transpordikohver-flyht-pro-wp-safe-box-1-ip65\/","og_site_name":"ELV Tehnika","article_modified_time":"2018-12-21T15:30:26+00:00","og_image":[{"width":367,"height":620,"url":"https:\/\/elvtehnika.ee\/test\/wp-content\/uploads\/flyht-pro-wp-safe-box-1-ip65.jpg","type":"image\/jpeg"}],"schema":{"@context":"https:\/\/schema.org","@graph":[{"@type":"WebPage","@id":"https:\/\/elvtehnika.ee\/test\/epood\/tehnika-transpordikohver-flyht-pro-wp-safe-box-1-ip65\/","url":"https:\/\/elvtehnika.ee\/test\/epood\/tehnika-transpordikohver-flyht-pro-wp-safe-box-1-ip65\/","name":"Tehnika transpordikohver Flyht Pro WP Safe Box 1 IP65 - ELV Tehnika","isPartOf":{"@id":"https:\/\/elvtehnika.ee\/test\/#website"},"datePublished":"2018-08-12T10:20:09+00:00","dateModified":"2018-12-21T15:30:26+00:00","description":"lmastikukindel, tugevast plastikust, tugeva sangaga tehnika transpordikohver koos t\u00e4idismaterjaliga, sisem\u00f5\u00f5dud\u00a0(pikkus*laius*k\u00f5rgus): 510 x 292 x 175 mm.","breadcrumb":{"@id":"https:\/\/elvtehnika.ee\/test\/epood\/tehnika-transpordikohver-flyht-pro-wp-safe-box-1-ip65\/#breadcrumb"},"inLanguage":"et","potentialAction":[{"@type":"ReadAction","target":["https:\/\/elvtehnika.ee\/test\/epood\/tehnika-transpordikohver-flyht-pro-wp-safe-box-1-ip65\/"]}]},{"@type":"BreadcrumbList","@id":"https:\/\/elvtehnika.ee\/test\/epood\/tehnika-transpordikohver-flyht-pro-wp-safe-box-1-ip65\/#breadcrumb","itemListElement":[{"@type":"ListItem","position":1,"name":"Home","item":"https:\/\/elvtehnika.ee\/test\/"},{"@type":"ListItem","position":2,"name":"E-pood","item":"https:\/\/elvtehnika.ee\/test\/epood\/"},{"@type":"ListItem","position":3,"name":"Tehnika transpordikohver Flyht Pro WP Safe Box 1 IP65"}]},{"@type":"WebSite","@id":"https:\/\/elvtehnika.ee\/test\/#website","url":"https:\/\/elvtehnika.ee\/test\/","name":"ELV Tehnika","description":"Heli-, valgus- ja esitlustehnika","potentialAction":[{"@type":"SearchAction","target":{"@type":"EntryPoint","urlTemplate":"https:\/\/elvtehnika.ee\/test\/?s={search_term_string}"},"query-input":"required name=search_term_string"}],"inLanguage":"et"}]}},"_links":{"self":[{"href":"https:\/\/elvtehnika.ee\/test\/wp-json\/wp\/v2\/product\/11028"}],"collection":[{"href":"https:\/\/elvtehnika.ee\/test\/wp-json\/wp\/v2\/product"}],"about":[{"href":"https:\/\/elvtehnika.ee\/test\/wp-json\/wp\/v2\/types\/product"}],"wp:featuredmedia":[{"embeddable":true,"href":"https:\/\/elvtehnika.ee\/test\/wp-json\/wp\/v2\/media\/9597"}],"wp:attachment":[{"href":"https:\/\/elvtehnika.ee\/test\/wp-json\/wp\/v2\/media?parent=11028"}],"curies":[{"name":"wp","href":"https:\/\/api.w.org\/{rel}","templated":true}]}}