{"id":11042,"date":"2018-08-11T23:28:31","date_gmt":"2018-08-11T20:28:31","guid":{"rendered":"http:\/\/localhost\/plus\/elv3\/epood\/digitaalne-helipult-soundcraft-si-impact\/"},"modified":"2018-12-21T17:30:26","modified_gmt":"2018-12-21T15:30:26","slug":"digitaalne-helipult-soundcraft-si-impact","status":"publish","type":"product","link":"https:\/\/elvtehnika.ee\/test\/epood\/digitaalne-helipult-soundcraft-si-impact\/","title":{"rendered":"Digitaalne helipult Soundcraft Si Impact"},"content":{"rendered":"","protected":false},"excerpt":{"rendered":"","protected":false},"featured_media":9643,"template":"","meta":[],"acf":[],"yoast_head":"<!-- This site is optimized with the Yoast SEO plugin v20.5 - https:\/\/yoast.com\/wordpress\/plugins\/seo\/ -->\n<title>Digitaalne helipult Soundcraft Si Impact - ELV Tehnika<\/title>\n<meta name=\"description\" content=\"Digitaalne helipult Soundcraft Si Impact, Soundcraft Si Impact on v\u00e4ga v\u00f5imekas digitaalne helipult, mis on m\u00f5eldud kasutamiseks olukordades, kus on vaja hallata suur hulk erinevaid helisignaale. Seadet on v\u00f5imalik \u00fchendada ja juhtida juhtmevabalt iPad tahvelarvuti kaudu. 32 mikrofonisisendit, 8 XLR combi-sisendit.\" \/>\n<meta name=\"robots\" content=\"noindex, follow, max-snippet:-1, max-image-preview:large, max-video-preview:-1\" \/>\n<meta property=\"og:locale\" content=\"et_EE\" \/>\n<meta property=\"og:type\" content=\"article\" \/>\n<meta property=\"og:title\" content=\"Digitaalne helipult Soundcraft Si Impact - ELV Tehnika\" \/>\n<meta property=\"og:description\" content=\"Digitaalne helipult Soundcraft Si Impact, Soundcraft Si Impact on v\u00e4ga v\u00f5imekas digitaalne helipult, mis on m\u00f5eldud kasutamiseks olukordades, kus on vaja hallata suur hulk erinevaid helisignaale. Seadet on v\u00f5imalik \u00fchendada ja juhtida juhtmevabalt iPad tahvelarvuti kaudu. 32 mikrofonisisendit, 8 XLR combi-sisendit.\" \/>\n<meta property=\"og:url\" content=\"https:\/\/elvtehnika.ee\/test\/epood\/digitaalne-helipult-soundcraft-si-impact\/\" \/>\n<meta property=\"og:site_name\" content=\"ELV Tehnika\" \/>\n<meta property=\"article:modified_time\" content=\"2018-12-21T15:30:26+00:00\" \/>\n<meta property=\"og:image\" content=\"https:\/\/elvtehnika.ee\/test\/wp-content\/uploads\/digitaalne-helipult-soundcraft-si-impact-1.jpg\" \/>\n\t<meta property=\"og:image:width\" content=\"820\" \/>\n\t<meta property=\"og:image:height\" content=\"374\" \/>\n\t<meta property=\"og:image:type\" content=\"image\/jpeg\" \/>\n<script type=\"application\/ld+json\" class=\"yoast-schema-graph\">{\"@context\":\"https:\/\/schema.org\",\"@graph\":[{\"@type\":\"WebPage\",\"@id\":\"https:\/\/elvtehnika.ee\/test\/epood\/digitaalne-helipult-soundcraft-si-impact\/\",\"url\":\"https:\/\/elvtehnika.ee\/test\/epood\/digitaalne-helipult-soundcraft-si-impact\/\",\"name\":\"Digitaalne helipult Soundcraft Si Impact - ELV Tehnika\",\"isPartOf\":{\"@id\":\"https:\/\/elvtehnika.ee\/test\/#website\"},\"datePublished\":\"2018-08-11T20:28:31+00:00\",\"dateModified\":\"2018-12-21T15:30:26+00:00\",\"description\":\"Digitaalne helipult Soundcraft Si Impact, Soundcraft Si Impact on v\u00e4ga v\u00f5imekas digitaalne helipult, mis on m\u00f5eldud kasutamiseks olukordades, kus on vaja hallata suur hulk erinevaid helisignaale. Seadet on v\u00f5imalik \u00fchendada ja juhtida juhtmevabalt iPad tahvelarvuti kaudu. 32 mikrofonisisendit, 8 XLR combi-sisendit.\",\"breadcrumb\":{\"@id\":\"https:\/\/elvtehnika.ee\/test\/epood\/digitaalne-helipult-soundcraft-si-impact\/#breadcrumb\"},\"inLanguage\":\"et\",\"potentialAction\":[{\"@type\":\"ReadAction\",\"target\":[\"https:\/\/elvtehnika.ee\/test\/epood\/digitaalne-helipult-soundcraft-si-impact\/\"]}]},{\"@type\":\"BreadcrumbList\",\"@id\":\"https:\/\/elvtehnika.ee\/test\/epood\/digitaalne-helipult-soundcraft-si-impact\/#breadcrumb\",\"itemListElement\":[{\"@type\":\"ListItem\",\"position\":1,\"name\":\"Home\",\"item\":\"https:\/\/elvtehnika.ee\/test\/\"},{\"@type\":\"ListItem\",\"position\":2,\"name\":\"E-pood\",\"item\":\"https:\/\/elvtehnika.ee\/test\/epood\/\"},{\"@type\":\"ListItem\",\"position\":3,\"name\":\"Digitaalne helipult Soundcraft Si Impact\"}]},{\"@type\":\"WebSite\",\"@id\":\"https:\/\/elvtehnika.ee\/test\/#website\",\"url\":\"https:\/\/elvtehnika.ee\/test\/\",\"name\":\"ELV Tehnika\",\"description\":\"Heli-, valgus- ja esitlustehnika\",\"potentialAction\":[{\"@type\":\"SearchAction\",\"target\":{\"@type\":\"EntryPoint\",\"urlTemplate\":\"https:\/\/elvtehnika.ee\/test\/?s={search_term_string}\"},\"query-input\":\"required name=search_term_string\"}],\"inLanguage\":\"et\"}]}<\/script>\n<!-- \/ Yoast SEO plugin. -->","yoast_head_json":{"title":"Digitaalne helipult Soundcraft Si Impact - ELV Tehnika","description":"Digitaalne helipult Soundcraft Si Impact, Soundcraft Si Impact on v\u00e4ga v\u00f5imekas digitaalne helipult, mis on m\u00f5eldud kasutamiseks olukordades, kus on vaja hallata suur hulk erinevaid helisignaale. Seadet on v\u00f5imalik \u00fchendada ja juhtida juhtmevabalt iPad tahvelarvuti kaudu. 32 mikrofonisisendit, 8 XLR combi-sisendit.","robots":{"index":"noindex","follow":"follow","max-snippet":"max-snippet:-1","max-image-preview":"max-image-preview:large","max-video-preview":"max-video-preview:-1"},"og_locale":"et_EE","og_type":"article","og_title":"Digitaalne helipult Soundcraft Si Impact - ELV Tehnika","og_description":"Digitaalne helipult Soundcraft Si Impact, Soundcraft Si Impact on v\u00e4ga v\u00f5imekas digitaalne helipult, mis on m\u00f5eldud kasutamiseks olukordades, kus on vaja hallata suur hulk erinevaid helisignaale. Seadet on v\u00f5imalik \u00fchendada ja juhtida juhtmevabalt iPad tahvelarvuti kaudu. 32 mikrofonisisendit, 8 XLR combi-sisendit.","og_url":"https:\/\/elvtehnika.ee\/test\/epood\/digitaalne-helipult-soundcraft-si-impact\/","og_site_name":"ELV Tehnika","article_modified_time":"2018-12-21T15:30:26+00:00","og_image":[{"width":820,"height":374,"url":"https:\/\/elvtehnika.ee\/test\/wp-content\/uploads\/digitaalne-helipult-soundcraft-si-impact-1.jpg","type":"image\/jpeg"}],"schema":{"@context":"https:\/\/schema.org","@graph":[{"@type":"WebPage","@id":"https:\/\/elvtehnika.ee\/test\/epood\/digitaalne-helipult-soundcraft-si-impact\/","url":"https:\/\/elvtehnika.ee\/test\/epood\/digitaalne-helipult-soundcraft-si-impact\/","name":"Digitaalne helipult Soundcraft Si Impact - ELV Tehnika","isPartOf":{"@id":"https:\/\/elvtehnika.ee\/test\/#website"},"datePublished":"2018-08-11T20:28:31+00:00","dateModified":"2018-12-21T15:30:26+00:00","description":"Digitaalne helipult Soundcraft Si Impact, Soundcraft Si Impact on v\u00e4ga v\u00f5imekas digitaalne helipult, mis on m\u00f5eldud kasutamiseks olukordades, kus on vaja hallata suur hulk erinevaid helisignaale. Seadet on v\u00f5imalik \u00fchendada ja juhtida juhtmevabalt iPad tahvelarvuti kaudu. 32 mikrofonisisendit, 8 XLR combi-sisendit.","breadcrumb":{"@id":"https:\/\/elvtehnika.ee\/test\/epood\/digitaalne-helipult-soundcraft-si-impact\/#breadcrumb"},"inLanguage":"et","potentialAction":[{"@type":"ReadAction","target":["https:\/\/elvtehnika.ee\/test\/epood\/digitaalne-helipult-soundcraft-si-impact\/"]}]},{"@type":"BreadcrumbList","@id":"https:\/\/elvtehnika.ee\/test\/epood\/digitaalne-helipult-soundcraft-si-impact\/#breadcrumb","itemListElement":[{"@type":"ListItem","position":1,"name":"Home","item":"https:\/\/elvtehnika.ee\/test\/"},{"@type":"ListItem","position":2,"name":"E-pood","item":"https:\/\/elvtehnika.ee\/test\/epood\/"},{"@type":"ListItem","position":3,"name":"Digitaalne helipult Soundcraft Si Impact"}]},{"@type":"WebSite","@id":"https:\/\/elvtehnika.ee\/test\/#website","url":"https:\/\/elvtehnika.ee\/test\/","name":"ELV Tehnika","description":"Heli-, valgus- ja esitlustehnika","potentialAction":[{"@type":"SearchAction","target":{"@type":"EntryPoint","urlTemplate":"https:\/\/elvtehnika.ee\/test\/?s={search_term_string}"},"query-input":"required name=search_term_string"}],"inLanguage":"et"}]}},"_links":{"self":[{"href":"https:\/\/elvtehnika.ee\/test\/wp-json\/wp\/v2\/product\/11042"}],"collection":[{"href":"https:\/\/elvtehnika.ee\/test\/wp-json\/wp\/v2\/product"}],"about":[{"href":"https:\/\/elvtehnika.ee\/test\/wp-json\/wp\/v2\/types\/product"}],"wp:featuredmedia":[{"embeddable":true,"href":"https:\/\/elvtehnika.ee\/test\/wp-json\/wp\/v2\/media\/9643"}],"wp:attachment":[{"href":"https:\/\/elvtehnika.ee\/test\/wp-json\/wp\/v2\/media?parent=11042"}],"curies":[{"name":"wp","href":"https:\/\/api.w.org\/{rel}","templated":true}]}}