{"id":11045,"date":"2018-08-11T22:51:46","date_gmt":"2018-08-11T19:51:46","guid":{"rendered":"http:\/\/localhost\/plus\/elv3\/epood\/akuga-aktiivkolar-ld-systems-roadbuddy-10-hhd-2-b5-koos-kahe-raadiomikrofoniga\/"},"modified":"2018-12-21T17:30:27","modified_gmt":"2018-12-21T15:30:27","slug":"akuga-aktiivkolar-ld-systems-roadbuddy-10-hhd-2-b5-koos-kahe-raadiomikrofoniga","status":"publish","type":"product","link":"https:\/\/elvtehnika.ee\/test\/epood\/akuga-aktiivkolar-ld-systems-roadbuddy-10-hhd-2-b5-koos-kahe-raadiomikrofoniga\/","title":{"rendered":"Akuga aktiivk\u00f5lar LD Systems ROADBUDDY 10 HHD 2 B5 koos kahe raadiomikrofoniga"},"content":{"rendered":"","protected":false},"excerpt":{"rendered":"","protected":false},"featured_media":9935,"template":"","meta":[],"acf":[],"yoast_head":"<!-- This site is optimized with the Yoast SEO plugin v20.5 - https:\/\/yoast.com\/wordpress\/plugins\/seo\/ -->\n<title>Akuga aktiivk\u00f5lar LD Systems ROADBUDDY 10 HHD 2 B5 koos kahe raadiomikrofoniga - ELV Tehnika<\/title>\n<meta name=\"description\" content=\"Akuga aktiivk\u00f5lar LD Systems ROADBUDDY 10 HHD 2 B5 koos kahe k\u00e4simikrofoniga on korraliku v\u00f5imsusega mobiilne aktiivk\u00f5lar, mis on disainitud eelk\u00f5ige vokaalseteks ja muusikalisteks esitlusteks. Suurep\u00e4rane aku tagab k\u00f5lari kestvuse kuni 8 h. 480 W peak, 120 W RMS, maksimaalne helir\u00f5hk 115 dB SPL, 10&quot; LF, 1&quot; HF\" \/>\n<meta name=\"robots\" content=\"noindex, follow, max-snippet:-1, max-image-preview:large, max-video-preview:-1\" \/>\n<meta property=\"og:locale\" content=\"et_EE\" \/>\n<meta property=\"og:type\" content=\"article\" \/>\n<meta property=\"og:title\" content=\"Akuga aktiivk\u00f5lar LD Systems ROADBUDDY 10 HHD 2 B5 koos kahe raadiomikrofoniga - ELV Tehnika\" \/>\n<meta property=\"og:description\" content=\"Akuga aktiivk\u00f5lar LD Systems ROADBUDDY 10 HHD 2 B5 koos kahe k\u00e4simikrofoniga on korraliku v\u00f5imsusega mobiilne aktiivk\u00f5lar, mis on disainitud eelk\u00f5ige vokaalseteks ja muusikalisteks esitlusteks. Suurep\u00e4rane aku tagab k\u00f5lari kestvuse kuni 8 h. 480 W peak, 120 W RMS, maksimaalne helir\u00f5hk 115 dB SPL, 10&quot; LF, 1&quot; HF\" \/>\n<meta property=\"og:url\" content=\"https:\/\/elvtehnika.ee\/test\/epood\/akuga-aktiivkolar-ld-systems-roadbuddy-10-hhd-2-b5-koos-kahe-raadiomikrofoniga\/\" \/>\n<meta property=\"og:site_name\" content=\"ELV Tehnika\" \/>\n<meta property=\"article:modified_time\" content=\"2018-12-21T15:30:27+00:00\" \/>\n<meta property=\"og:image\" content=\"https:\/\/elvtehnika.ee\/test\/wp-content\/uploads\/akuga-aktiivkolar-ld-systems-roadbuddy-10-hhd-2-b5.jpg\" \/>\n\t<meta property=\"og:image:width\" content=\"1000\" \/>\n\t<meta property=\"og:image:height\" content=\"1000\" \/>\n\t<meta property=\"og:image:type\" content=\"image\/jpeg\" \/>\n<script type=\"application\/ld+json\" class=\"yoast-schema-graph\">{\"@context\":\"https:\/\/schema.org\",\"@graph\":[{\"@type\":\"WebPage\",\"@id\":\"https:\/\/elvtehnika.ee\/test\/epood\/akuga-aktiivkolar-ld-systems-roadbuddy-10-hhd-2-b5-koos-kahe-raadiomikrofoniga\/\",\"url\":\"https:\/\/elvtehnika.ee\/test\/epood\/akuga-aktiivkolar-ld-systems-roadbuddy-10-hhd-2-b5-koos-kahe-raadiomikrofoniga\/\",\"name\":\"Akuga aktiivk\u00f5lar LD Systems ROADBUDDY 10 HHD 2 B5 koos kahe raadiomikrofoniga - ELV Tehnika\",\"isPartOf\":{\"@id\":\"https:\/\/elvtehnika.ee\/test\/#website\"},\"datePublished\":\"2018-08-11T19:51:46+00:00\",\"dateModified\":\"2018-12-21T15:30:27+00:00\",\"description\":\"Akuga aktiivk\u00f5lar LD Systems ROADBUDDY 10 HHD 2 B5 koos kahe k\u00e4simikrofoniga on korraliku v\u00f5imsusega mobiilne aktiivk\u00f5lar, mis on disainitud eelk\u00f5ige vokaalseteks ja muusikalisteks esitlusteks. Suurep\u00e4rane aku tagab k\u00f5lari kestvuse kuni 8 h. 480 W peak, 120 W RMS, maksimaalne helir\u00f5hk 115 dB SPL, 10\\\" LF, 1\\\" HF\",\"breadcrumb\":{\"@id\":\"https:\/\/elvtehnika.ee\/test\/epood\/akuga-aktiivkolar-ld-systems-roadbuddy-10-hhd-2-b5-koos-kahe-raadiomikrofoniga\/#breadcrumb\"},\"inLanguage\":\"et\",\"potentialAction\":[{\"@type\":\"ReadAction\",\"target\":[\"https:\/\/elvtehnika.ee\/test\/epood\/akuga-aktiivkolar-ld-systems-roadbuddy-10-hhd-2-b5-koos-kahe-raadiomikrofoniga\/\"]}]},{\"@type\":\"BreadcrumbList\",\"@id\":\"https:\/\/elvtehnika.ee\/test\/epood\/akuga-aktiivkolar-ld-systems-roadbuddy-10-hhd-2-b5-koos-kahe-raadiomikrofoniga\/#breadcrumb\",\"itemListElement\":[{\"@type\":\"ListItem\",\"position\":1,\"name\":\"Home\",\"item\":\"https:\/\/elvtehnika.ee\/test\/\"},{\"@type\":\"ListItem\",\"position\":2,\"name\":\"E-pood\",\"item\":\"https:\/\/elvtehnika.ee\/test\/epood\/\"},{\"@type\":\"ListItem\",\"position\":3,\"name\":\"Akuga aktiivk\u00f5lar LD Systems ROADBUDDY 10 HHD 2 B5 koos kahe raadiomikrofoniga\"}]},{\"@type\":\"WebSite\",\"@id\":\"https:\/\/elvtehnika.ee\/test\/#website\",\"url\":\"https:\/\/elvtehnika.ee\/test\/\",\"name\":\"ELV Tehnika\",\"description\":\"Heli-, valgus- ja esitlustehnika\",\"potentialAction\":[{\"@type\":\"SearchAction\",\"target\":{\"@type\":\"EntryPoint\",\"urlTemplate\":\"https:\/\/elvtehnika.ee\/test\/?s={search_term_string}\"},\"query-input\":\"required name=search_term_string\"}],\"inLanguage\":\"et\"}]}<\/script>\n<!-- \/ Yoast SEO plugin. -->","yoast_head_json":{"title":"Akuga aktiivk\u00f5lar LD Systems ROADBUDDY 10 HHD 2 B5 koos kahe raadiomikrofoniga - ELV Tehnika","description":"Akuga aktiivk\u00f5lar LD Systems ROADBUDDY 10 HHD 2 B5 koos kahe k\u00e4simikrofoniga on korraliku v\u00f5imsusega mobiilne aktiivk\u00f5lar, mis on disainitud eelk\u00f5ige vokaalseteks ja muusikalisteks esitlusteks. Suurep\u00e4rane aku tagab k\u00f5lari kestvuse kuni 8 h. 480 W peak, 120 W RMS, maksimaalne helir\u00f5hk 115 dB SPL, 10\" LF, 1\" HF","robots":{"index":"noindex","follow":"follow","max-snippet":"max-snippet:-1","max-image-preview":"max-image-preview:large","max-video-preview":"max-video-preview:-1"},"og_locale":"et_EE","og_type":"article","og_title":"Akuga aktiivk\u00f5lar LD Systems ROADBUDDY 10 HHD 2 B5 koos kahe raadiomikrofoniga - ELV Tehnika","og_description":"Akuga aktiivk\u00f5lar LD Systems ROADBUDDY 10 HHD 2 B5 koos kahe k\u00e4simikrofoniga on korraliku v\u00f5imsusega mobiilne aktiivk\u00f5lar, mis on disainitud eelk\u00f5ige vokaalseteks ja muusikalisteks esitlusteks. Suurep\u00e4rane aku tagab k\u00f5lari kestvuse kuni 8 h. 480 W peak, 120 W RMS, maksimaalne helir\u00f5hk 115 dB SPL, 10\" LF, 1\" HF","og_url":"https:\/\/elvtehnika.ee\/test\/epood\/akuga-aktiivkolar-ld-systems-roadbuddy-10-hhd-2-b5-koos-kahe-raadiomikrofoniga\/","og_site_name":"ELV Tehnika","article_modified_time":"2018-12-21T15:30:27+00:00","og_image":[{"width":1000,"height":1000,"url":"https:\/\/elvtehnika.ee\/test\/wp-content\/uploads\/akuga-aktiivkolar-ld-systems-roadbuddy-10-hhd-2-b5.jpg","type":"image\/jpeg"}],"schema":{"@context":"https:\/\/schema.org","@graph":[{"@type":"WebPage","@id":"https:\/\/elvtehnika.ee\/test\/epood\/akuga-aktiivkolar-ld-systems-roadbuddy-10-hhd-2-b5-koos-kahe-raadiomikrofoniga\/","url":"https:\/\/elvtehnika.ee\/test\/epood\/akuga-aktiivkolar-ld-systems-roadbuddy-10-hhd-2-b5-koos-kahe-raadiomikrofoniga\/","name":"Akuga aktiivk\u00f5lar LD Systems ROADBUDDY 10 HHD 2 B5 koos kahe raadiomikrofoniga - ELV Tehnika","isPartOf":{"@id":"https:\/\/elvtehnika.ee\/test\/#website"},"datePublished":"2018-08-11T19:51:46+00:00","dateModified":"2018-12-21T15:30:27+00:00","description":"Akuga aktiivk\u00f5lar LD Systems ROADBUDDY 10 HHD 2 B5 koos kahe k\u00e4simikrofoniga on korraliku v\u00f5imsusega mobiilne aktiivk\u00f5lar, mis on disainitud eelk\u00f5ige vokaalseteks ja muusikalisteks esitlusteks. Suurep\u00e4rane aku tagab k\u00f5lari kestvuse kuni 8 h. 480 W peak, 120 W RMS, maksimaalne helir\u00f5hk 115 dB SPL, 10\" LF, 1\" HF","breadcrumb":{"@id":"https:\/\/elvtehnika.ee\/test\/epood\/akuga-aktiivkolar-ld-systems-roadbuddy-10-hhd-2-b5-koos-kahe-raadiomikrofoniga\/#breadcrumb"},"inLanguage":"et","potentialAction":[{"@type":"ReadAction","target":["https:\/\/elvtehnika.ee\/test\/epood\/akuga-aktiivkolar-ld-systems-roadbuddy-10-hhd-2-b5-koos-kahe-raadiomikrofoniga\/"]}]},{"@type":"BreadcrumbList","@id":"https:\/\/elvtehnika.ee\/test\/epood\/akuga-aktiivkolar-ld-systems-roadbuddy-10-hhd-2-b5-koos-kahe-raadiomikrofoniga\/#breadcrumb","itemListElement":[{"@type":"ListItem","position":1,"name":"Home","item":"https:\/\/elvtehnika.ee\/test\/"},{"@type":"ListItem","position":2,"name":"E-pood","item":"https:\/\/elvtehnika.ee\/test\/epood\/"},{"@type":"ListItem","position":3,"name":"Akuga aktiivk\u00f5lar LD Systems ROADBUDDY 10 HHD 2 B5 koos kahe raadiomikrofoniga"}]},{"@type":"WebSite","@id":"https:\/\/elvtehnika.ee\/test\/#website","url":"https:\/\/elvtehnika.ee\/test\/","name":"ELV Tehnika","description":"Heli-, valgus- ja esitlustehnika","potentialAction":[{"@type":"SearchAction","target":{"@type":"EntryPoint","urlTemplate":"https:\/\/elvtehnika.ee\/test\/?s={search_term_string}"},"query-input":"required name=search_term_string"}],"inLanguage":"et"}]}},"_links":{"self":[{"href":"https:\/\/elvtehnika.ee\/test\/wp-json\/wp\/v2\/product\/11045"}],"collection":[{"href":"https:\/\/elvtehnika.ee\/test\/wp-json\/wp\/v2\/product"}],"about":[{"href":"https:\/\/elvtehnika.ee\/test\/wp-json\/wp\/v2\/types\/product"}],"wp:featuredmedia":[{"embeddable":true,"href":"https:\/\/elvtehnika.ee\/test\/wp-json\/wp\/v2\/media\/9935"}],"wp:attachment":[{"href":"https:\/\/elvtehnika.ee\/test\/wp-json\/wp\/v2\/media?parent=11045"}],"curies":[{"name":"wp","href":"https:\/\/api.w.org\/{rel}","templated":true}]}}