{"id":11067,"date":"2018-06-06T22:13:53","date_gmt":"2018-06-06T19:13:53","guid":{"rendered":"http:\/\/localhost\/plus\/elv3\/epood\/akuga-aktiivkolarikomplekt-ld-systems-maui-5-go\/"},"modified":"2018-12-21T17:30:28","modified_gmt":"2018-12-21T15:30:28","slug":"akuga-aktiivkolarikomplekt-ld-systems-maui-5-go","status":"publish","type":"product","link":"https:\/\/elvtehnika.ee\/test\/epood\/akuga-aktiivkolarikomplekt-ld-systems-maui-5-go\/","title":{"rendered":"Akuga aktiivk\u00f5larikomplekt LD Systems MAUI 5 GO"},"content":{"rendered":"","protected":false},"excerpt":{"rendered":"","protected":false},"featured_media":8435,"template":"","meta":[],"acf":[],"yoast_head":"<!-- This site is optimized with the Yoast SEO plugin v20.5 - https:\/\/yoast.com\/wordpress\/plugins\/seo\/ -->\n<title>Akuga aktiivk\u00f5larikomplekt LD Systems MAUI 5 GO - ELV Tehnika<\/title>\n<meta name=\"description\" content=\"LD Systems MAUI 5 GO on saksamaal toodetud t\u00e4iesti uudse disainiga, suurep\u00e4rase ja detailse helipildi edastusv\u00f5imega aktiivk\u00f5lar ning seda ka k\u00f5rgemate dB juures. Antud aktiivk\u00f5lar sobib \u00fcrituste l\u00e4biviimiseks nii siseruumides kui ka v\u00e4listingimustes ning heliv\u00f5imenduseks \u00fcle 100-le inimesele.\" \/>\n<meta name=\"robots\" content=\"noindex, follow, max-snippet:-1, max-image-preview:large, max-video-preview:-1\" \/>\n<meta property=\"og:locale\" content=\"et_EE\" \/>\n<meta property=\"og:type\" content=\"article\" \/>\n<meta property=\"og:title\" content=\"Akuga aktiivk\u00f5larikomplekt LD Systems MAUI 5 GO - ELV Tehnika\" \/>\n<meta property=\"og:description\" content=\"LD Systems MAUI 5 GO on saksamaal toodetud t\u00e4iesti uudse disainiga, suurep\u00e4rase ja detailse helipildi edastusv\u00f5imega aktiivk\u00f5lar ning seda ka k\u00f5rgemate dB juures. Antud aktiivk\u00f5lar sobib \u00fcrituste l\u00e4biviimiseks nii siseruumides kui ka v\u00e4listingimustes ning heliv\u00f5imenduseks \u00fcle 100-le inimesele.\" \/>\n<meta property=\"og:url\" content=\"https:\/\/elvtehnika.ee\/test\/epood\/akuga-aktiivkolarikomplekt-ld-systems-maui-5-go\/\" \/>\n<meta property=\"og:site_name\" content=\"ELV Tehnika\" \/>\n<meta property=\"article:modified_time\" content=\"2018-12-21T15:30:28+00:00\" \/>\n<meta property=\"og:image\" content=\"https:\/\/elvtehnika.ee\/test\/wp-content\/uploads\/akuga-aktiivkolarikomplekt-ld-systems-maui-5-go.jpg\" \/>\n\t<meta property=\"og:image:width\" content=\"1000\" \/>\n\t<meta property=\"og:image:height\" content=\"1000\" \/>\n\t<meta property=\"og:image:type\" content=\"image\/jpeg\" \/>\n<script type=\"application\/ld+json\" class=\"yoast-schema-graph\">{\"@context\":\"https:\/\/schema.org\",\"@graph\":[{\"@type\":\"WebPage\",\"@id\":\"https:\/\/elvtehnika.ee\/test\/epood\/akuga-aktiivkolarikomplekt-ld-systems-maui-5-go\/\",\"url\":\"https:\/\/elvtehnika.ee\/test\/epood\/akuga-aktiivkolarikomplekt-ld-systems-maui-5-go\/\",\"name\":\"Akuga aktiivk\u00f5larikomplekt LD Systems MAUI 5 GO - ELV Tehnika\",\"isPartOf\":{\"@id\":\"https:\/\/elvtehnika.ee\/test\/#website\"},\"datePublished\":\"2018-06-06T19:13:53+00:00\",\"dateModified\":\"2018-12-21T15:30:28+00:00\",\"description\":\"LD Systems MAUI 5 GO on saksamaal toodetud t\u00e4iesti uudse disainiga, suurep\u00e4rase ja detailse helipildi edastusv\u00f5imega aktiivk\u00f5lar ning seda ka k\u00f5rgemate dB juures. Antud aktiivk\u00f5lar sobib \u00fcrituste l\u00e4biviimiseks nii siseruumides kui ka v\u00e4listingimustes ning heliv\u00f5imenduseks \u00fcle 100-le inimesele.\",\"breadcrumb\":{\"@id\":\"https:\/\/elvtehnika.ee\/test\/epood\/akuga-aktiivkolarikomplekt-ld-systems-maui-5-go\/#breadcrumb\"},\"inLanguage\":\"et\",\"potentialAction\":[{\"@type\":\"ReadAction\",\"target\":[\"https:\/\/elvtehnika.ee\/test\/epood\/akuga-aktiivkolarikomplekt-ld-systems-maui-5-go\/\"]}]},{\"@type\":\"BreadcrumbList\",\"@id\":\"https:\/\/elvtehnika.ee\/test\/epood\/akuga-aktiivkolarikomplekt-ld-systems-maui-5-go\/#breadcrumb\",\"itemListElement\":[{\"@type\":\"ListItem\",\"position\":1,\"name\":\"Home\",\"item\":\"https:\/\/elvtehnika.ee\/test\/\"},{\"@type\":\"ListItem\",\"position\":2,\"name\":\"E-pood\",\"item\":\"https:\/\/elvtehnika.ee\/test\/epood\/\"},{\"@type\":\"ListItem\",\"position\":3,\"name\":\"Akuga aktiivk\u00f5larikomplekt LD Systems MAUI 5 GO\"}]},{\"@type\":\"WebSite\",\"@id\":\"https:\/\/elvtehnika.ee\/test\/#website\",\"url\":\"https:\/\/elvtehnika.ee\/test\/\",\"name\":\"ELV Tehnika\",\"description\":\"Heli-, valgus- ja esitlustehnika\",\"potentialAction\":[{\"@type\":\"SearchAction\",\"target\":{\"@type\":\"EntryPoint\",\"urlTemplate\":\"https:\/\/elvtehnika.ee\/test\/?s={search_term_string}\"},\"query-input\":\"required name=search_term_string\"}],\"inLanguage\":\"et\"}]}<\/script>\n<!-- \/ Yoast SEO plugin. -->","yoast_head_json":{"title":"Akuga aktiivk\u00f5larikomplekt LD Systems MAUI 5 GO - ELV Tehnika","description":"LD Systems MAUI 5 GO on saksamaal toodetud t\u00e4iesti uudse disainiga, suurep\u00e4rase ja detailse helipildi edastusv\u00f5imega aktiivk\u00f5lar ning seda ka k\u00f5rgemate dB juures. Antud aktiivk\u00f5lar sobib \u00fcrituste l\u00e4biviimiseks nii siseruumides kui ka v\u00e4listingimustes ning heliv\u00f5imenduseks \u00fcle 100-le inimesele.","robots":{"index":"noindex","follow":"follow","max-snippet":"max-snippet:-1","max-image-preview":"max-image-preview:large","max-video-preview":"max-video-preview:-1"},"og_locale":"et_EE","og_type":"article","og_title":"Akuga aktiivk\u00f5larikomplekt LD Systems MAUI 5 GO - ELV Tehnika","og_description":"LD Systems MAUI 5 GO on saksamaal toodetud t\u00e4iesti uudse disainiga, suurep\u00e4rase ja detailse helipildi edastusv\u00f5imega aktiivk\u00f5lar ning seda ka k\u00f5rgemate dB juures. Antud aktiivk\u00f5lar sobib \u00fcrituste l\u00e4biviimiseks nii siseruumides kui ka v\u00e4listingimustes ning heliv\u00f5imenduseks \u00fcle 100-le inimesele.","og_url":"https:\/\/elvtehnika.ee\/test\/epood\/akuga-aktiivkolarikomplekt-ld-systems-maui-5-go\/","og_site_name":"ELV Tehnika","article_modified_time":"2018-12-21T15:30:28+00:00","og_image":[{"width":1000,"height":1000,"url":"https:\/\/elvtehnika.ee\/test\/wp-content\/uploads\/akuga-aktiivkolarikomplekt-ld-systems-maui-5-go.jpg","type":"image\/jpeg"}],"schema":{"@context":"https:\/\/schema.org","@graph":[{"@type":"WebPage","@id":"https:\/\/elvtehnika.ee\/test\/epood\/akuga-aktiivkolarikomplekt-ld-systems-maui-5-go\/","url":"https:\/\/elvtehnika.ee\/test\/epood\/akuga-aktiivkolarikomplekt-ld-systems-maui-5-go\/","name":"Akuga aktiivk\u00f5larikomplekt LD Systems MAUI 5 GO - ELV Tehnika","isPartOf":{"@id":"https:\/\/elvtehnika.ee\/test\/#website"},"datePublished":"2018-06-06T19:13:53+00:00","dateModified":"2018-12-21T15:30:28+00:00","description":"LD Systems MAUI 5 GO on saksamaal toodetud t\u00e4iesti uudse disainiga, suurep\u00e4rase ja detailse helipildi edastusv\u00f5imega aktiivk\u00f5lar ning seda ka k\u00f5rgemate dB juures. Antud aktiivk\u00f5lar sobib \u00fcrituste l\u00e4biviimiseks nii siseruumides kui ka v\u00e4listingimustes ning heliv\u00f5imenduseks \u00fcle 100-le inimesele.","breadcrumb":{"@id":"https:\/\/elvtehnika.ee\/test\/epood\/akuga-aktiivkolarikomplekt-ld-systems-maui-5-go\/#breadcrumb"},"inLanguage":"et","potentialAction":[{"@type":"ReadAction","target":["https:\/\/elvtehnika.ee\/test\/epood\/akuga-aktiivkolarikomplekt-ld-systems-maui-5-go\/"]}]},{"@type":"BreadcrumbList","@id":"https:\/\/elvtehnika.ee\/test\/epood\/akuga-aktiivkolarikomplekt-ld-systems-maui-5-go\/#breadcrumb","itemListElement":[{"@type":"ListItem","position":1,"name":"Home","item":"https:\/\/elvtehnika.ee\/test\/"},{"@type":"ListItem","position":2,"name":"E-pood","item":"https:\/\/elvtehnika.ee\/test\/epood\/"},{"@type":"ListItem","position":3,"name":"Akuga aktiivk\u00f5larikomplekt LD Systems MAUI 5 GO"}]},{"@type":"WebSite","@id":"https:\/\/elvtehnika.ee\/test\/#website","url":"https:\/\/elvtehnika.ee\/test\/","name":"ELV Tehnika","description":"Heli-, valgus- ja esitlustehnika","potentialAction":[{"@type":"SearchAction","target":{"@type":"EntryPoint","urlTemplate":"https:\/\/elvtehnika.ee\/test\/?s={search_term_string}"},"query-input":"required name=search_term_string"}],"inLanguage":"et"}]}},"_links":{"self":[{"href":"https:\/\/elvtehnika.ee\/test\/wp-json\/wp\/v2\/product\/11067"}],"collection":[{"href":"https:\/\/elvtehnika.ee\/test\/wp-json\/wp\/v2\/product"}],"about":[{"href":"https:\/\/elvtehnika.ee\/test\/wp-json\/wp\/v2\/types\/product"}],"wp:featuredmedia":[{"embeddable":true,"href":"https:\/\/elvtehnika.ee\/test\/wp-json\/wp\/v2\/media\/8435"}],"wp:attachment":[{"href":"https:\/\/elvtehnika.ee\/test\/wp-json\/wp\/v2\/media?parent=11067"}],"curies":[{"name":"wp","href":"https:\/\/api.w.org\/{rel}","templated":true}]}}