{"id":11068,"date":"2018-06-06T22:12:20","date_gmt":"2018-06-06T19:12:20","guid":{"rendered":"http:\/\/localhost\/plus\/elv3\/epood\/aktiivkolar-alto-ts-215\/"},"modified":"2018-12-21T17:30:28","modified_gmt":"2018-12-21T15:30:28","slug":"aktiivkolar-alto-ts-215","status":"publish","type":"product","link":"https:\/\/elvtehnika.ee\/test\/epood\/aktiivkolar-alto-ts-215\/","title":{"rendered":"Aktiivk\u00f5lar Alto TS 215"},"content":{"rendered":"","protected":false},"excerpt":{"rendered":"","protected":false},"featured_media":8550,"template":"","meta":[],"acf":[],"yoast_head":"<!-- This site is optimized with the Yoast SEO plugin v20.5 - https:\/\/yoast.com\/wordpress\/plugins\/seo\/ -->\n<title>Aktiivk\u00f5lar Alto TS 215 - ELV Tehnika<\/title>\n<meta name=\"description\" content=\"Aktiivk\u00f5lar Alto TS 215 on madalad j\u00f5ulised bassid ning selged ja teravad k\u00f5rghelid. K\u00f5laril on 15&quot; madalsagedus- ja 2,5&quot; k\u00f5rgsageduselement,\u00a0 550W continous, 1100W peak digiv\u00f5imendus, mille abil saavutatakse 129 dB maksimaalne helir\u00f5hk (126 dB continous) ning taasesitatav sagedusriba on\u00a050 - 20.000 Hz.\" \/>\n<meta name=\"robots\" content=\"noindex, follow, max-snippet:-1, max-image-preview:large, max-video-preview:-1\" \/>\n<meta property=\"og:locale\" content=\"et_EE\" \/>\n<meta property=\"og:type\" content=\"article\" \/>\n<meta property=\"og:title\" content=\"Aktiivk\u00f5lar Alto TS 215 - ELV Tehnika\" \/>\n<meta property=\"og:description\" content=\"Aktiivk\u00f5lar Alto TS 215 on madalad j\u00f5ulised bassid ning selged ja teravad k\u00f5rghelid. K\u00f5laril on 15&quot; madalsagedus- ja 2,5&quot; k\u00f5rgsageduselement,\u00a0 550W continous, 1100W peak digiv\u00f5imendus, mille abil saavutatakse 129 dB maksimaalne helir\u00f5hk (126 dB continous) ning taasesitatav sagedusriba on\u00a050 - 20.000 Hz.\" \/>\n<meta property=\"og:url\" content=\"https:\/\/elvtehnika.ee\/test\/epood\/aktiivkolar-alto-ts-215\/\" \/>\n<meta property=\"og:site_name\" content=\"ELV Tehnika\" \/>\n<meta property=\"article:modified_time\" content=\"2018-12-21T15:30:28+00:00\" \/>\n<meta property=\"og:image\" content=\"https:\/\/elvtehnika.ee\/test\/wp-content\/uploads\/aktiivkolar-alto-ts-215-1.jpg\" \/>\n\t<meta property=\"og:image:width\" content=\"453\" \/>\n\t<meta property=\"og:image:height\" content=\"620\" \/>\n\t<meta property=\"og:image:type\" content=\"image\/jpeg\" \/>\n<script type=\"application\/ld+json\" class=\"yoast-schema-graph\">{\"@context\":\"https:\/\/schema.org\",\"@graph\":[{\"@type\":\"WebPage\",\"@id\":\"https:\/\/elvtehnika.ee\/test\/epood\/aktiivkolar-alto-ts-215\/\",\"url\":\"https:\/\/elvtehnika.ee\/test\/epood\/aktiivkolar-alto-ts-215\/\",\"name\":\"Aktiivk\u00f5lar Alto TS 215 - ELV Tehnika\",\"isPartOf\":{\"@id\":\"https:\/\/elvtehnika.ee\/test\/#website\"},\"datePublished\":\"2018-06-06T19:12:20+00:00\",\"dateModified\":\"2018-12-21T15:30:28+00:00\",\"description\":\"Aktiivk\u00f5lar Alto TS 215 on madalad j\u00f5ulised bassid ning selged ja teravad k\u00f5rghelid. K\u00f5laril on 15\\\" madalsagedus- ja 2,5\\\" k\u00f5rgsageduselement,\u00a0 550W continous, 1100W peak digiv\u00f5imendus, mille abil saavutatakse 129 dB maksimaalne helir\u00f5hk (126 dB continous) ning taasesitatav sagedusriba on\u00a050 - 20.000 Hz.\",\"breadcrumb\":{\"@id\":\"https:\/\/elvtehnika.ee\/test\/epood\/aktiivkolar-alto-ts-215\/#breadcrumb\"},\"inLanguage\":\"et\",\"potentialAction\":[{\"@type\":\"ReadAction\",\"target\":[\"https:\/\/elvtehnika.ee\/test\/epood\/aktiivkolar-alto-ts-215\/\"]}]},{\"@type\":\"BreadcrumbList\",\"@id\":\"https:\/\/elvtehnika.ee\/test\/epood\/aktiivkolar-alto-ts-215\/#breadcrumb\",\"itemListElement\":[{\"@type\":\"ListItem\",\"position\":1,\"name\":\"Home\",\"item\":\"https:\/\/elvtehnika.ee\/test\/\"},{\"@type\":\"ListItem\",\"position\":2,\"name\":\"E-pood\",\"item\":\"https:\/\/elvtehnika.ee\/test\/epood\/\"},{\"@type\":\"ListItem\",\"position\":3,\"name\":\"Aktiivk\u00f5lar Alto TS 215\"}]},{\"@type\":\"WebSite\",\"@id\":\"https:\/\/elvtehnika.ee\/test\/#website\",\"url\":\"https:\/\/elvtehnika.ee\/test\/\",\"name\":\"ELV Tehnika\",\"description\":\"Heli-, valgus- ja esitlustehnika\",\"potentialAction\":[{\"@type\":\"SearchAction\",\"target\":{\"@type\":\"EntryPoint\",\"urlTemplate\":\"https:\/\/elvtehnika.ee\/test\/?s={search_term_string}\"},\"query-input\":\"required name=search_term_string\"}],\"inLanguage\":\"et\"}]}<\/script>\n<!-- \/ Yoast SEO plugin. -->","yoast_head_json":{"title":"Aktiivk\u00f5lar Alto TS 215 - ELV Tehnika","description":"Aktiivk\u00f5lar Alto TS 215 on madalad j\u00f5ulised bassid ning selged ja teravad k\u00f5rghelid. K\u00f5laril on 15\" madalsagedus- ja 2,5\" k\u00f5rgsageduselement,\u00a0 550W continous, 1100W peak digiv\u00f5imendus, mille abil saavutatakse 129 dB maksimaalne helir\u00f5hk (126 dB continous) ning taasesitatav sagedusriba on\u00a050 - 20.000 Hz.","robots":{"index":"noindex","follow":"follow","max-snippet":"max-snippet:-1","max-image-preview":"max-image-preview:large","max-video-preview":"max-video-preview:-1"},"og_locale":"et_EE","og_type":"article","og_title":"Aktiivk\u00f5lar Alto TS 215 - ELV Tehnika","og_description":"Aktiivk\u00f5lar Alto TS 215 on madalad j\u00f5ulised bassid ning selged ja teravad k\u00f5rghelid. K\u00f5laril on 15\" madalsagedus- ja 2,5\" k\u00f5rgsageduselement,\u00a0 550W continous, 1100W peak digiv\u00f5imendus, mille abil saavutatakse 129 dB maksimaalne helir\u00f5hk (126 dB continous) ning taasesitatav sagedusriba on\u00a050 - 20.000 Hz.","og_url":"https:\/\/elvtehnika.ee\/test\/epood\/aktiivkolar-alto-ts-215\/","og_site_name":"ELV Tehnika","article_modified_time":"2018-12-21T15:30:28+00:00","og_image":[{"width":453,"height":620,"url":"https:\/\/elvtehnika.ee\/test\/wp-content\/uploads\/aktiivkolar-alto-ts-215-1.jpg","type":"image\/jpeg"}],"schema":{"@context":"https:\/\/schema.org","@graph":[{"@type":"WebPage","@id":"https:\/\/elvtehnika.ee\/test\/epood\/aktiivkolar-alto-ts-215\/","url":"https:\/\/elvtehnika.ee\/test\/epood\/aktiivkolar-alto-ts-215\/","name":"Aktiivk\u00f5lar Alto TS 215 - ELV Tehnika","isPartOf":{"@id":"https:\/\/elvtehnika.ee\/test\/#website"},"datePublished":"2018-06-06T19:12:20+00:00","dateModified":"2018-12-21T15:30:28+00:00","description":"Aktiivk\u00f5lar Alto TS 215 on madalad j\u00f5ulised bassid ning selged ja teravad k\u00f5rghelid. K\u00f5laril on 15\" madalsagedus- ja 2,5\" k\u00f5rgsageduselement,\u00a0 550W continous, 1100W peak digiv\u00f5imendus, mille abil saavutatakse 129 dB maksimaalne helir\u00f5hk (126 dB continous) ning taasesitatav sagedusriba on\u00a050 - 20.000 Hz.","breadcrumb":{"@id":"https:\/\/elvtehnika.ee\/test\/epood\/aktiivkolar-alto-ts-215\/#breadcrumb"},"inLanguage":"et","potentialAction":[{"@type":"ReadAction","target":["https:\/\/elvtehnika.ee\/test\/epood\/aktiivkolar-alto-ts-215\/"]}]},{"@type":"BreadcrumbList","@id":"https:\/\/elvtehnika.ee\/test\/epood\/aktiivkolar-alto-ts-215\/#breadcrumb","itemListElement":[{"@type":"ListItem","position":1,"name":"Home","item":"https:\/\/elvtehnika.ee\/test\/"},{"@type":"ListItem","position":2,"name":"E-pood","item":"https:\/\/elvtehnika.ee\/test\/epood\/"},{"@type":"ListItem","position":3,"name":"Aktiivk\u00f5lar Alto TS 215"}]},{"@type":"WebSite","@id":"https:\/\/elvtehnika.ee\/test\/#website","url":"https:\/\/elvtehnika.ee\/test\/","name":"ELV Tehnika","description":"Heli-, valgus- ja esitlustehnika","potentialAction":[{"@type":"SearchAction","target":{"@type":"EntryPoint","urlTemplate":"https:\/\/elvtehnika.ee\/test\/?s={search_term_string}"},"query-input":"required name=search_term_string"}],"inLanguage":"et"}]}},"_links":{"self":[{"href":"https:\/\/elvtehnika.ee\/test\/wp-json\/wp\/v2\/product\/11068"}],"collection":[{"href":"https:\/\/elvtehnika.ee\/test\/wp-json\/wp\/v2\/product"}],"about":[{"href":"https:\/\/elvtehnika.ee\/test\/wp-json\/wp\/v2\/types\/product"}],"wp:featuredmedia":[{"embeddable":true,"href":"https:\/\/elvtehnika.ee\/test\/wp-json\/wp\/v2\/media\/8550"}],"wp:attachment":[{"href":"https:\/\/elvtehnika.ee\/test\/wp-json\/wp\/v2\/media?parent=11068"}],"curies":[{"name":"wp","href":"https:\/\/api.w.org\/{rel}","templated":true}]}}