{"id":11094,"date":"2018-05-11T21:02:37","date_gmt":"2018-05-11T18:02:37","guid":{"rendered":"http:\/\/localhost\/plus\/elv3\/epood\/ultra-lahikuva-laser-led-projektor-casio-xj-ut351w-3500-lum-wxga-1280-x-800-1610\/"},"modified":"2018-12-21T17:30:30","modified_gmt":"2018-12-21T15:30:30","slug":"ultra-lahikuva-laser-led-projektor-casio-xj-ut351w-3500-lum-wxga-1280-x-800-1610","status":"publish","type":"product","link":"https:\/\/elvtehnika.ee\/test\/epood\/ultra-lahikuva-laser-led-projektor-casio-xj-ut351w-3500-lum-wxga-1280-x-800-1610\/","title":{"rendered":"Ultra-l\u00e4hikuva laser-LED projektor Casio XJ-UT351W; 3500 lum  WXGA (1280 x 800) 16:10"},"content":{"rendered":"","protected":false},"excerpt":{"rendered":"","protected":false},"featured_media":9003,"template":"","meta":[],"acf":[],"yoast_head":"<!-- This site is optimized with the Yoast SEO plugin v20.5 - https:\/\/yoast.com\/wordpress\/plugins\/seo\/ -->\n<title>Ultra-l\u00e4hikuva laser-LED projektor Casio XJ-UT351W; 3500 lum WXGA (1280 x 800) 16:10 - ELV Tehnika<\/title>\n<meta name=\"description\" content=\"Tegu on ultra-l\u00e4hikuva laserprojektoriga, mis v\u00f5imaldab p\u00e4ris suure pildi (kuni 130\u2033) pildi kuvada v\u00e4ga v\u00e4ikese vahemaa pealt ning t\u00e4nu laser-led-tehnoloogiale on v\u00e4ga pika elueaga, suurep\u00e4raste v\u00e4rvidega ja hooldusvaba.\" \/>\n<meta name=\"robots\" content=\"noindex, follow, max-snippet:-1, max-image-preview:large, max-video-preview:-1\" \/>\n<meta property=\"og:locale\" content=\"et_EE\" \/>\n<meta property=\"og:type\" content=\"article\" \/>\n<meta property=\"og:title\" content=\"Ultra-l\u00e4hikuva laser-LED projektor Casio XJ-UT351W; 3500 lum WXGA (1280 x 800) 16:10 - ELV Tehnika\" \/>\n<meta property=\"og:description\" content=\"Tegu on ultra-l\u00e4hikuva laserprojektoriga, mis v\u00f5imaldab p\u00e4ris suure pildi (kuni 130\u2033) pildi kuvada v\u00e4ga v\u00e4ikese vahemaa pealt ning t\u00e4nu laser-led-tehnoloogiale on v\u00e4ga pika elueaga, suurep\u00e4raste v\u00e4rvidega ja hooldusvaba.\" \/>\n<meta property=\"og:url\" content=\"https:\/\/elvtehnika.ee\/test\/epood\/ultra-lahikuva-laser-led-projektor-casio-xj-ut351w-3500-lum-wxga-1280-x-800-1610\/\" \/>\n<meta property=\"og:site_name\" content=\"ELV Tehnika\" \/>\n<meta property=\"article:modified_time\" content=\"2018-12-21T15:30:30+00:00\" \/>\n<meta property=\"og:image\" content=\"https:\/\/elvtehnika.ee\/test\/wp-content\/uploads\/xj-ut351w.jpg\" \/>\n\t<meta property=\"og:image:width\" content=\"600\" \/>\n\t<meta property=\"og:image:height\" content=\"376\" \/>\n\t<meta property=\"og:image:type\" content=\"image\/jpeg\" \/>\n<script type=\"application\/ld+json\" class=\"yoast-schema-graph\">{\"@context\":\"https:\/\/schema.org\",\"@graph\":[{\"@type\":\"WebPage\",\"@id\":\"https:\/\/elvtehnika.ee\/test\/epood\/ultra-lahikuva-laser-led-projektor-casio-xj-ut351w-3500-lum-wxga-1280-x-800-1610\/\",\"url\":\"https:\/\/elvtehnika.ee\/test\/epood\/ultra-lahikuva-laser-led-projektor-casio-xj-ut351w-3500-lum-wxga-1280-x-800-1610\/\",\"name\":\"Ultra-l\u00e4hikuva laser-LED projektor Casio XJ-UT351W; 3500 lum WXGA (1280 x 800) 16:10 - ELV Tehnika\",\"isPartOf\":{\"@id\":\"https:\/\/elvtehnika.ee\/test\/#website\"},\"datePublished\":\"2018-05-11T18:02:37+00:00\",\"dateModified\":\"2018-12-21T15:30:30+00:00\",\"description\":\"Tegu on ultra-l\u00e4hikuva laserprojektoriga, mis v\u00f5imaldab p\u00e4ris suure pildi (kuni 130\u2033) pildi kuvada v\u00e4ga v\u00e4ikese vahemaa pealt ning t\u00e4nu laser-led-tehnoloogiale on v\u00e4ga pika elueaga, suurep\u00e4raste v\u00e4rvidega ja hooldusvaba.\",\"breadcrumb\":{\"@id\":\"https:\/\/elvtehnika.ee\/test\/epood\/ultra-lahikuva-laser-led-projektor-casio-xj-ut351w-3500-lum-wxga-1280-x-800-1610\/#breadcrumb\"},\"inLanguage\":\"et\",\"potentialAction\":[{\"@type\":\"ReadAction\",\"target\":[\"https:\/\/elvtehnika.ee\/test\/epood\/ultra-lahikuva-laser-led-projektor-casio-xj-ut351w-3500-lum-wxga-1280-x-800-1610\/\"]}]},{\"@type\":\"BreadcrumbList\",\"@id\":\"https:\/\/elvtehnika.ee\/test\/epood\/ultra-lahikuva-laser-led-projektor-casio-xj-ut351w-3500-lum-wxga-1280-x-800-1610\/#breadcrumb\",\"itemListElement\":[{\"@type\":\"ListItem\",\"position\":1,\"name\":\"Home\",\"item\":\"https:\/\/elvtehnika.ee\/test\/\"},{\"@type\":\"ListItem\",\"position\":2,\"name\":\"E-pood\",\"item\":\"https:\/\/elvtehnika.ee\/test\/epood\/\"},{\"@type\":\"ListItem\",\"position\":3,\"name\":\"Ultra-l\u00e4hikuva laser-LED projektor Casio XJ-UT351W; 3500 lum WXGA (1280 x 800) 16:10\"}]},{\"@type\":\"WebSite\",\"@id\":\"https:\/\/elvtehnika.ee\/test\/#website\",\"url\":\"https:\/\/elvtehnika.ee\/test\/\",\"name\":\"ELV Tehnika\",\"description\":\"Heli-, valgus- ja esitlustehnika\",\"potentialAction\":[{\"@type\":\"SearchAction\",\"target\":{\"@type\":\"EntryPoint\",\"urlTemplate\":\"https:\/\/elvtehnika.ee\/test\/?s={search_term_string}\"},\"query-input\":\"required name=search_term_string\"}],\"inLanguage\":\"et\"}]}<\/script>\n<!-- \/ Yoast SEO plugin. -->","yoast_head_json":{"title":"Ultra-l\u00e4hikuva laser-LED projektor Casio XJ-UT351W; 3500 lum WXGA (1280 x 800) 16:10 - ELV Tehnika","description":"Tegu on ultra-l\u00e4hikuva laserprojektoriga, mis v\u00f5imaldab p\u00e4ris suure pildi (kuni 130\u2033) pildi kuvada v\u00e4ga v\u00e4ikese vahemaa pealt ning t\u00e4nu laser-led-tehnoloogiale on v\u00e4ga pika elueaga, suurep\u00e4raste v\u00e4rvidega ja hooldusvaba.","robots":{"index":"noindex","follow":"follow","max-snippet":"max-snippet:-1","max-image-preview":"max-image-preview:large","max-video-preview":"max-video-preview:-1"},"og_locale":"et_EE","og_type":"article","og_title":"Ultra-l\u00e4hikuva laser-LED projektor Casio XJ-UT351W; 3500 lum WXGA (1280 x 800) 16:10 - ELV Tehnika","og_description":"Tegu on ultra-l\u00e4hikuva laserprojektoriga, mis v\u00f5imaldab p\u00e4ris suure pildi (kuni 130\u2033) pildi kuvada v\u00e4ga v\u00e4ikese vahemaa pealt ning t\u00e4nu laser-led-tehnoloogiale on v\u00e4ga pika elueaga, suurep\u00e4raste v\u00e4rvidega ja hooldusvaba.","og_url":"https:\/\/elvtehnika.ee\/test\/epood\/ultra-lahikuva-laser-led-projektor-casio-xj-ut351w-3500-lum-wxga-1280-x-800-1610\/","og_site_name":"ELV Tehnika","article_modified_time":"2018-12-21T15:30:30+00:00","og_image":[{"width":600,"height":376,"url":"https:\/\/elvtehnika.ee\/test\/wp-content\/uploads\/xj-ut351w.jpg","type":"image\/jpeg"}],"schema":{"@context":"https:\/\/schema.org","@graph":[{"@type":"WebPage","@id":"https:\/\/elvtehnika.ee\/test\/epood\/ultra-lahikuva-laser-led-projektor-casio-xj-ut351w-3500-lum-wxga-1280-x-800-1610\/","url":"https:\/\/elvtehnika.ee\/test\/epood\/ultra-lahikuva-laser-led-projektor-casio-xj-ut351w-3500-lum-wxga-1280-x-800-1610\/","name":"Ultra-l\u00e4hikuva laser-LED projektor Casio XJ-UT351W; 3500 lum WXGA (1280 x 800) 16:10 - ELV Tehnika","isPartOf":{"@id":"https:\/\/elvtehnika.ee\/test\/#website"},"datePublished":"2018-05-11T18:02:37+00:00","dateModified":"2018-12-21T15:30:30+00:00","description":"Tegu on ultra-l\u00e4hikuva laserprojektoriga, mis v\u00f5imaldab p\u00e4ris suure pildi (kuni 130\u2033) pildi kuvada v\u00e4ga v\u00e4ikese vahemaa pealt ning t\u00e4nu laser-led-tehnoloogiale on v\u00e4ga pika elueaga, suurep\u00e4raste v\u00e4rvidega ja hooldusvaba.","breadcrumb":{"@id":"https:\/\/elvtehnika.ee\/test\/epood\/ultra-lahikuva-laser-led-projektor-casio-xj-ut351w-3500-lum-wxga-1280-x-800-1610\/#breadcrumb"},"inLanguage":"et","potentialAction":[{"@type":"ReadAction","target":["https:\/\/elvtehnika.ee\/test\/epood\/ultra-lahikuva-laser-led-projektor-casio-xj-ut351w-3500-lum-wxga-1280-x-800-1610\/"]}]},{"@type":"BreadcrumbList","@id":"https:\/\/elvtehnika.ee\/test\/epood\/ultra-lahikuva-laser-led-projektor-casio-xj-ut351w-3500-lum-wxga-1280-x-800-1610\/#breadcrumb","itemListElement":[{"@type":"ListItem","position":1,"name":"Home","item":"https:\/\/elvtehnika.ee\/test\/"},{"@type":"ListItem","position":2,"name":"E-pood","item":"https:\/\/elvtehnika.ee\/test\/epood\/"},{"@type":"ListItem","position":3,"name":"Ultra-l\u00e4hikuva laser-LED projektor Casio XJ-UT351W; 3500 lum WXGA (1280 x 800) 16:10"}]},{"@type":"WebSite","@id":"https:\/\/elvtehnika.ee\/test\/#website","url":"https:\/\/elvtehnika.ee\/test\/","name":"ELV Tehnika","description":"Heli-, valgus- ja esitlustehnika","potentialAction":[{"@type":"SearchAction","target":{"@type":"EntryPoint","urlTemplate":"https:\/\/elvtehnika.ee\/test\/?s={search_term_string}"},"query-input":"required name=search_term_string"}],"inLanguage":"et"}]}},"_links":{"self":[{"href":"https:\/\/elvtehnika.ee\/test\/wp-json\/wp\/v2\/product\/11094"}],"collection":[{"href":"https:\/\/elvtehnika.ee\/test\/wp-json\/wp\/v2\/product"}],"about":[{"href":"https:\/\/elvtehnika.ee\/test\/wp-json\/wp\/v2\/types\/product"}],"wp:featuredmedia":[{"embeddable":true,"href":"https:\/\/elvtehnika.ee\/test\/wp-json\/wp\/v2\/media\/9003"}],"wp:attachment":[{"href":"https:\/\/elvtehnika.ee\/test\/wp-json\/wp\/v2\/media?parent=11094"}],"curies":[{"name":"wp","href":"https:\/\/api.w.org\/{rel}","templated":true}]}}