{"id":11106,"date":"2018-04-01T21:25:26","date_gmt":"2018-04-01T18:25:26","guid":{"rendered":"http:\/\/localhost\/plus\/elv3\/epood\/aktiivkolar-alto-ts-208-valge\/"},"modified":"2018-12-21T17:30:30","modified_gmt":"2018-12-21T15:30:30","slug":"aktiivkolar-alto-ts-208-valge","status":"publish","type":"product","link":"https:\/\/elvtehnika.ee\/test\/epood\/aktiivkolar-alto-ts-208-valge\/","title":{"rendered":"Aktiivk\u00f5lar Alto TS 208 valge"},"content":{"rendered":"","protected":false},"excerpt":{"rendered":"","protected":false},"featured_media":8295,"template":"","meta":[],"acf":[],"yoast_head":"<!-- This site is optimized with the Yoast SEO plugin v20.5 - https:\/\/yoast.com\/wordpress\/plugins\/seo\/ -->\n<title>Aktiivk\u00f5lar Alto TS 208 valge - ELV Tehnika<\/title>\n<meta name=\"description\" content=\"T\u00f5eliselt v\u00f5imekas 8&quot; elemendiga profi PA k\u00f5lar mis sobib live esinemisteks muusikutele, DJ-dele tantsumuusika m\u00e4ngimiseks ning ka k\u00f5nev\u00f5imenduseks - selge helipilt, madal bass, v\u00e4ga kerge kaal (8kg) ning korralik helir\u00f5hk: SPL 123 dB peak - valge versioon, sobib h\u00e4sti valgesse saali.\" \/>\n<meta name=\"robots\" content=\"noindex, follow, max-snippet:-1, max-image-preview:large, max-video-preview:-1\" \/>\n<meta property=\"og:locale\" content=\"et_EE\" \/>\n<meta property=\"og:type\" content=\"article\" \/>\n<meta property=\"og:title\" content=\"Aktiivk\u00f5lar Alto TS 208 valge - ELV Tehnika\" \/>\n<meta property=\"og:description\" content=\"T\u00f5eliselt v\u00f5imekas 8&quot; elemendiga profi PA k\u00f5lar mis sobib live esinemisteks muusikutele, DJ-dele tantsumuusika m\u00e4ngimiseks ning ka k\u00f5nev\u00f5imenduseks - selge helipilt, madal bass, v\u00e4ga kerge kaal (8kg) ning korralik helir\u00f5hk: SPL 123 dB peak - valge versioon, sobib h\u00e4sti valgesse saali.\" \/>\n<meta property=\"og:url\" content=\"https:\/\/elvtehnika.ee\/test\/epood\/aktiivkolar-alto-ts-208-valge\/\" \/>\n<meta property=\"og:site_name\" content=\"ELV Tehnika\" \/>\n<meta property=\"article:modified_time\" content=\"2018-12-21T15:30:30+00:00\" \/>\n<meta property=\"og:image\" content=\"https:\/\/elvtehnika.ee\/test\/wp-content\/uploads\/aktiivkolar-alto-ts-208-valge-3.jpg\" \/>\n\t<meta property=\"og:image:width\" content=\"1200\" \/>\n\t<meta property=\"og:image:height\" content=\"1200\" \/>\n\t<meta property=\"og:image:type\" content=\"image\/jpeg\" \/>\n<script type=\"application\/ld+json\" class=\"yoast-schema-graph\">{\"@context\":\"https:\/\/schema.org\",\"@graph\":[{\"@type\":\"WebPage\",\"@id\":\"https:\/\/elvtehnika.ee\/test\/epood\/aktiivkolar-alto-ts-208-valge\/\",\"url\":\"https:\/\/elvtehnika.ee\/test\/epood\/aktiivkolar-alto-ts-208-valge\/\",\"name\":\"Aktiivk\u00f5lar Alto TS 208 valge - ELV Tehnika\",\"isPartOf\":{\"@id\":\"https:\/\/elvtehnika.ee\/test\/#website\"},\"datePublished\":\"2018-04-01T18:25:26+00:00\",\"dateModified\":\"2018-12-21T15:30:30+00:00\",\"description\":\"T\u00f5eliselt v\u00f5imekas 8\\\" elemendiga profi PA k\u00f5lar mis sobib live esinemisteks muusikutele, DJ-dele tantsumuusika m\u00e4ngimiseks ning ka k\u00f5nev\u00f5imenduseks - selge helipilt, madal bass, v\u00e4ga kerge kaal (8kg) ning korralik helir\u00f5hk: SPL 123 dB peak - valge versioon, sobib h\u00e4sti valgesse saali.\",\"breadcrumb\":{\"@id\":\"https:\/\/elvtehnika.ee\/test\/epood\/aktiivkolar-alto-ts-208-valge\/#breadcrumb\"},\"inLanguage\":\"et\",\"potentialAction\":[{\"@type\":\"ReadAction\",\"target\":[\"https:\/\/elvtehnika.ee\/test\/epood\/aktiivkolar-alto-ts-208-valge\/\"]}]},{\"@type\":\"BreadcrumbList\",\"@id\":\"https:\/\/elvtehnika.ee\/test\/epood\/aktiivkolar-alto-ts-208-valge\/#breadcrumb\",\"itemListElement\":[{\"@type\":\"ListItem\",\"position\":1,\"name\":\"Home\",\"item\":\"https:\/\/elvtehnika.ee\/test\/\"},{\"@type\":\"ListItem\",\"position\":2,\"name\":\"E-pood\",\"item\":\"https:\/\/elvtehnika.ee\/test\/epood\/\"},{\"@type\":\"ListItem\",\"position\":3,\"name\":\"Aktiivk\u00f5lar Alto TS 208 valge\"}]},{\"@type\":\"WebSite\",\"@id\":\"https:\/\/elvtehnika.ee\/test\/#website\",\"url\":\"https:\/\/elvtehnika.ee\/test\/\",\"name\":\"ELV Tehnika\",\"description\":\"Heli-, valgus- ja esitlustehnika\",\"potentialAction\":[{\"@type\":\"SearchAction\",\"target\":{\"@type\":\"EntryPoint\",\"urlTemplate\":\"https:\/\/elvtehnika.ee\/test\/?s={search_term_string}\"},\"query-input\":\"required name=search_term_string\"}],\"inLanguage\":\"et\"}]}<\/script>\n<!-- \/ Yoast SEO plugin. -->","yoast_head_json":{"title":"Aktiivk\u00f5lar Alto TS 208 valge - ELV Tehnika","description":"T\u00f5eliselt v\u00f5imekas 8\" elemendiga profi PA k\u00f5lar mis sobib live esinemisteks muusikutele, DJ-dele tantsumuusika m\u00e4ngimiseks ning ka k\u00f5nev\u00f5imenduseks - selge helipilt, madal bass, v\u00e4ga kerge kaal (8kg) ning korralik helir\u00f5hk: SPL 123 dB peak - valge versioon, sobib h\u00e4sti valgesse saali.","robots":{"index":"noindex","follow":"follow","max-snippet":"max-snippet:-1","max-image-preview":"max-image-preview:large","max-video-preview":"max-video-preview:-1"},"og_locale":"et_EE","og_type":"article","og_title":"Aktiivk\u00f5lar Alto TS 208 valge - ELV Tehnika","og_description":"T\u00f5eliselt v\u00f5imekas 8\" elemendiga profi PA k\u00f5lar mis sobib live esinemisteks muusikutele, DJ-dele tantsumuusika m\u00e4ngimiseks ning ka k\u00f5nev\u00f5imenduseks - selge helipilt, madal bass, v\u00e4ga kerge kaal (8kg) ning korralik helir\u00f5hk: SPL 123 dB peak - valge versioon, sobib h\u00e4sti valgesse saali.","og_url":"https:\/\/elvtehnika.ee\/test\/epood\/aktiivkolar-alto-ts-208-valge\/","og_site_name":"ELV Tehnika","article_modified_time":"2018-12-21T15:30:30+00:00","og_image":[{"width":1200,"height":1200,"url":"https:\/\/elvtehnika.ee\/test\/wp-content\/uploads\/aktiivkolar-alto-ts-208-valge-3.jpg","type":"image\/jpeg"}],"schema":{"@context":"https:\/\/schema.org","@graph":[{"@type":"WebPage","@id":"https:\/\/elvtehnika.ee\/test\/epood\/aktiivkolar-alto-ts-208-valge\/","url":"https:\/\/elvtehnika.ee\/test\/epood\/aktiivkolar-alto-ts-208-valge\/","name":"Aktiivk\u00f5lar Alto TS 208 valge - ELV Tehnika","isPartOf":{"@id":"https:\/\/elvtehnika.ee\/test\/#website"},"datePublished":"2018-04-01T18:25:26+00:00","dateModified":"2018-12-21T15:30:30+00:00","description":"T\u00f5eliselt v\u00f5imekas 8\" elemendiga profi PA k\u00f5lar mis sobib live esinemisteks muusikutele, DJ-dele tantsumuusika m\u00e4ngimiseks ning ka k\u00f5nev\u00f5imenduseks - selge helipilt, madal bass, v\u00e4ga kerge kaal (8kg) ning korralik helir\u00f5hk: SPL 123 dB peak - valge versioon, sobib h\u00e4sti valgesse saali.","breadcrumb":{"@id":"https:\/\/elvtehnika.ee\/test\/epood\/aktiivkolar-alto-ts-208-valge\/#breadcrumb"},"inLanguage":"et","potentialAction":[{"@type":"ReadAction","target":["https:\/\/elvtehnika.ee\/test\/epood\/aktiivkolar-alto-ts-208-valge\/"]}]},{"@type":"BreadcrumbList","@id":"https:\/\/elvtehnika.ee\/test\/epood\/aktiivkolar-alto-ts-208-valge\/#breadcrumb","itemListElement":[{"@type":"ListItem","position":1,"name":"Home","item":"https:\/\/elvtehnika.ee\/test\/"},{"@type":"ListItem","position":2,"name":"E-pood","item":"https:\/\/elvtehnika.ee\/test\/epood\/"},{"@type":"ListItem","position":3,"name":"Aktiivk\u00f5lar Alto TS 208 valge"}]},{"@type":"WebSite","@id":"https:\/\/elvtehnika.ee\/test\/#website","url":"https:\/\/elvtehnika.ee\/test\/","name":"ELV Tehnika","description":"Heli-, valgus- ja esitlustehnika","potentialAction":[{"@type":"SearchAction","target":{"@type":"EntryPoint","urlTemplate":"https:\/\/elvtehnika.ee\/test\/?s={search_term_string}"},"query-input":"required name=search_term_string"}],"inLanguage":"et"}]}},"_links":{"self":[{"href":"https:\/\/elvtehnika.ee\/test\/wp-json\/wp\/v2\/product\/11106"}],"collection":[{"href":"https:\/\/elvtehnika.ee\/test\/wp-json\/wp\/v2\/product"}],"about":[{"href":"https:\/\/elvtehnika.ee\/test\/wp-json\/wp\/v2\/types\/product"}],"wp:featuredmedia":[{"embeddable":true,"href":"https:\/\/elvtehnika.ee\/test\/wp-json\/wp\/v2\/media\/8295"}],"wp:attachment":[{"href":"https:\/\/elvtehnika.ee\/test\/wp-json\/wp\/v2\/media?parent=11106"}],"curies":[{"name":"wp","href":"https:\/\/api.w.org\/{rel}","templated":true}]}}

Aktiivkõlar Alto TS 208 valge

<!-- This site is optimized with the Yoast SEO plugin v20.5 - https://yoast.com/wordpress/plugins/seo/ -->
<title>Aktiivkõlar Alto TS 208 valge - ELV Tehnika</title>
<meta name="description" content="Tõeliselt võimekas 8&quot; elemendiga profi PA kõlar mis sobib live esinemisteks muusikutele, DJ-dele tantsumuusika mängimiseks ning ka kõnevõimenduseks - selge helipilt, madal bass, väga kerge kaal (8kg) ning korralik helirõhk: SPL 123 dB peak - valge versioon, sobib hästi valgesse saali." />
<meta name="robots" content="noindex, follow, max-snippet:-1, max-image-preview:large, max-video-preview:-1" />
<meta property="og:locale" content="et_EE" />
<meta property="og:type" content="article" />
<meta property="og:title" content="Aktiivkõlar Alto TS 208 valge - ELV Tehnika" />
<meta property="og:description" content="Tõeliselt võimekas 8&quot; elemendiga profi PA kõlar mis sobib live esinemisteks muusikutele, DJ-dele tantsumuusika mängimiseks ning ka kõnevõimenduseks - selge helipilt, madal bass, väga kerge kaal (8kg) ning korralik helirõhk: SPL 123 dB peak - valge versioon, sobib hästi valgesse saali." />
<meta property="og:url" content="https://elvtehnika.ee/test/epood/aktiivkolar-alto-ts-208-valge/" />
<meta property="og:site_name" content="ELV Tehnika" />
<meta property="article:modified_time" content="2018-12-21T15:30:30+00:00" />
<meta property="og:image" content="https://elvtehnika.ee/test/wp-content/uploads/aktiivkolar-alto-ts-208-valge-3.jpg" />
	<meta property="og:image:width" content="1200" />
	<meta property="og:image:height" content="1200" />
	<meta property="og:image:type" content="image/jpeg" />
<script type="application/ld+json" class="yoast-schema-graph">{"@context":"https://schema.org","@graph":[{"@type":"WebPage","@id":"https://elvtehnika.ee/test/epood/aktiivkolar-alto-ts-208-valge/","url":"https://elvtehnika.ee/test/epood/aktiivkolar-alto-ts-208-valge/","name":"Aktiivkõlar Alto TS 208 valge - ELV Tehnika","isPartOf":{"@id":"https://elvtehnika.ee/test/#website"},"datePublished":"2018-04-01T18:25:26+00:00","dateModified":"2018-12-21T15:30:30+00:00","description":"Tõeliselt võimekas 8\" elemendiga profi PA kõlar mis sobib live esinemisteks muusikutele, DJ-dele tantsumuusika mängimiseks ning ka kõnevõimenduseks - selge helipilt, madal bass, väga kerge kaal (8kg) ning korralik helirõhk: SPL 123 dB peak - valge versioon, sobib hästi valgesse saali.","breadcrumb":{"@id":"https://elvtehnika.ee/test/epood/aktiivkolar-alto-ts-208-valge/#breadcrumb"},"inLanguage":"et","potentialAction":[{"@type":"ReadAction","target":["https://elvtehnika.ee/test/epood/aktiivkolar-alto-ts-208-valge/"]}]},{"@type":"BreadcrumbList","@id":"https://elvtehnika.ee/test/epood/aktiivkolar-alto-ts-208-valge/#breadcrumb","itemListElement":[{"@type":"ListItem","position":1,"name":"Home","item":"https://elvtehnika.ee/test/"},{"@type":"ListItem","position":2,"name":"E-pood","item":"https://elvtehnika.ee/test/epood/"},{"@type":"ListItem","position":3,"name":"Aktiivkõlar Alto TS 208 valge"}]},{"@type":"WebSite","@id":"https://elvtehnika.ee/test/#website","url":"https://elvtehnika.ee/test/","name":"ELV Tehnika","description":"Heli-, valgus- ja esitlustehnika","potentialAction":[{"@type":"SearchAction","target":{"@type":"EntryPoint","urlTemplate":"https://elvtehnika.ee/test/?s={search_term_string}"},"query-input":"required name=search_term_string"}],"inLanguage":"et"}]}</script>
<!-- / Yoast SEO plugin. -->

Aktiivkõlar Alto TS 208 valge - ELV Tehnika

Tõeliselt võimekas 8" elemendiga profi PA kõlar mis sobib live esinemisteks muusikutele, DJ-dele tantsumuusika mängimiseks ning ka kõnevõimenduseks - selge helipilt, madal bass, väga kerge kaal (8kg) ning korralik helirõhk: SPL 123 dB peak - valge versioon, sobib hästi valgesse saali.
