{"id":11145,"date":"2018-01-20T22:43:05","date_gmt":"2018-01-20T20:43:05","guid":{"rendered":"http:\/\/localhost\/plus\/elv3\/epood\/65-4k-ultra-hd-uhd-lcd-ekraan-hitachi-65hl15w64\/"},"modified":"2018-12-21T17:30:33","modified_gmt":"2018-12-21T15:30:33","slug":"65-4k-ultra-hd-uhd-lcd-ekraan-hitachi-65hl15w64","status":"publish","type":"product","link":"https:\/\/elvtehnika.ee\/test\/epood\/65-4k-ultra-hd-uhd-lcd-ekraan-hitachi-65hl15w64\/","title":{"rendered":"65&#8243; 4K (ultra HD, UHD)  LCD ekraan Hitachi 65HL15W64"},"content":{"rendered":"","protected":false},"excerpt":{"rendered":"","protected":false},"featured_media":7879,"template":"","meta":[],"acf":[],"yoast_head":"<!-- This site is optimized with the Yoast SEO plugin v20.5 - https:\/\/yoast.com\/wordpress\/plugins\/seo\/ -->\n<title>65&quot; 4K (ultra HD, UHD) LCD ekraan Hitachi 65HL15W64 - ELV Tehnika<\/title>\n<meta name=\"description\" content=\"Hitachi 65HL15W64 65&quot;\u00a0(165 cm) on k\u00f5rge Ultra HD lahutusv\u00f5imega ekraan, mis suudab oma 3840 \u00d7 2160 pikslite arvuga kuvada v\u00e4ga detailse pildi. Ekraanil on olemas Smart TV funktsioonid, Wi-Fi valmidus ja \u00fchendatav HDMI ning SCART pesadega.\" \/>\n<meta name=\"robots\" content=\"noindex, follow, max-snippet:-1, max-image-preview:large, max-video-preview:-1\" \/>\n<meta property=\"og:locale\" content=\"et_EE\" \/>\n<meta property=\"og:type\" content=\"article\" \/>\n<meta property=\"og:title\" content=\"65&quot; 4K (ultra HD, UHD) LCD ekraan Hitachi 65HL15W64 - ELV Tehnika\" \/>\n<meta property=\"og:description\" content=\"Hitachi 65HL15W64 65&quot;\u00a0(165 cm) on k\u00f5rge Ultra HD lahutusv\u00f5imega ekraan, mis suudab oma 3840 \u00d7 2160 pikslite arvuga kuvada v\u00e4ga detailse pildi. Ekraanil on olemas Smart TV funktsioonid, Wi-Fi valmidus ja \u00fchendatav HDMI ning SCART pesadega.\" \/>\n<meta property=\"og:url\" content=\"https:\/\/elvtehnika.ee\/test\/epood\/65-4k-ultra-hd-uhd-lcd-ekraan-hitachi-65hl15w64\/\" \/>\n<meta property=\"og:site_name\" content=\"ELV Tehnika\" \/>\n<meta property=\"article:modified_time\" content=\"2018-12-21T15:30:33+00:00\" \/>\n<meta property=\"og:image\" content=\"https:\/\/elvtehnika.ee\/test\/wp-content\/uploads\/6522-4k-ultra-hd-uhd-lcd-ekraan-hitachi-65hl15w64.png\" \/>\n\t<meta property=\"og:image:width\" content=\"1187\" \/>\n\t<meta property=\"og:image:height\" content=\"671\" \/>\n\t<meta property=\"og:image:type\" content=\"image\/png\" \/>\n<script type=\"application\/ld+json\" class=\"yoast-schema-graph\">{\"@context\":\"https:\/\/schema.org\",\"@graph\":[{\"@type\":\"WebPage\",\"@id\":\"https:\/\/elvtehnika.ee\/test\/epood\/65-4k-ultra-hd-uhd-lcd-ekraan-hitachi-65hl15w64\/\",\"url\":\"https:\/\/elvtehnika.ee\/test\/epood\/65-4k-ultra-hd-uhd-lcd-ekraan-hitachi-65hl15w64\/\",\"name\":\"65\\\" 4K (ultra HD, UHD) LCD ekraan Hitachi 65HL15W64 - ELV Tehnika\",\"isPartOf\":{\"@id\":\"https:\/\/elvtehnika.ee\/test\/#website\"},\"datePublished\":\"2018-01-20T20:43:05+00:00\",\"dateModified\":\"2018-12-21T15:30:33+00:00\",\"description\":\"Hitachi 65HL15W64 65\\\"\u00a0(165 cm) on k\u00f5rge Ultra HD lahutusv\u00f5imega ekraan, mis suudab oma 3840 \u00d7 2160 pikslite arvuga kuvada v\u00e4ga detailse pildi. Ekraanil on olemas Smart TV funktsioonid, Wi-Fi valmidus ja \u00fchendatav HDMI ning SCART pesadega.\",\"breadcrumb\":{\"@id\":\"https:\/\/elvtehnika.ee\/test\/epood\/65-4k-ultra-hd-uhd-lcd-ekraan-hitachi-65hl15w64\/#breadcrumb\"},\"inLanguage\":\"et\",\"potentialAction\":[{\"@type\":\"ReadAction\",\"target\":[\"https:\/\/elvtehnika.ee\/test\/epood\/65-4k-ultra-hd-uhd-lcd-ekraan-hitachi-65hl15w64\/\"]}]},{\"@type\":\"BreadcrumbList\",\"@id\":\"https:\/\/elvtehnika.ee\/test\/epood\/65-4k-ultra-hd-uhd-lcd-ekraan-hitachi-65hl15w64\/#breadcrumb\",\"itemListElement\":[{\"@type\":\"ListItem\",\"position\":1,\"name\":\"Home\",\"item\":\"https:\/\/elvtehnika.ee\/test\/\"},{\"@type\":\"ListItem\",\"position\":2,\"name\":\"E-pood\",\"item\":\"https:\/\/elvtehnika.ee\/test\/epood\/\"},{\"@type\":\"ListItem\",\"position\":3,\"name\":\"65&#8243; 4K (ultra HD, UHD) LCD ekraan Hitachi 65HL15W64\"}]},{\"@type\":\"WebSite\",\"@id\":\"https:\/\/elvtehnika.ee\/test\/#website\",\"url\":\"https:\/\/elvtehnika.ee\/test\/\",\"name\":\"ELV Tehnika\",\"description\":\"Heli-, valgus- ja esitlustehnika\",\"potentialAction\":[{\"@type\":\"SearchAction\",\"target\":{\"@type\":\"EntryPoint\",\"urlTemplate\":\"https:\/\/elvtehnika.ee\/test\/?s={search_term_string}\"},\"query-input\":\"required name=search_term_string\"}],\"inLanguage\":\"et\"}]}<\/script>\n<!-- \/ Yoast SEO plugin. -->","yoast_head_json":{"title":"65\" 4K (ultra HD, UHD) LCD ekraan Hitachi 65HL15W64 - ELV Tehnika","description":"Hitachi 65HL15W64 65\"\u00a0(165 cm) on k\u00f5rge Ultra HD lahutusv\u00f5imega ekraan, mis suudab oma 3840 \u00d7 2160 pikslite arvuga kuvada v\u00e4ga detailse pildi. Ekraanil on olemas Smart TV funktsioonid, Wi-Fi valmidus ja \u00fchendatav HDMI ning SCART pesadega.","robots":{"index":"noindex","follow":"follow","max-snippet":"max-snippet:-1","max-image-preview":"max-image-preview:large","max-video-preview":"max-video-preview:-1"},"og_locale":"et_EE","og_type":"article","og_title":"65\" 4K (ultra HD, UHD) LCD ekraan Hitachi 65HL15W64 - ELV Tehnika","og_description":"Hitachi 65HL15W64 65\"\u00a0(165 cm) on k\u00f5rge Ultra HD lahutusv\u00f5imega ekraan, mis suudab oma 3840 \u00d7 2160 pikslite arvuga kuvada v\u00e4ga detailse pildi. Ekraanil on olemas Smart TV funktsioonid, Wi-Fi valmidus ja \u00fchendatav HDMI ning SCART pesadega.","og_url":"https:\/\/elvtehnika.ee\/test\/epood\/65-4k-ultra-hd-uhd-lcd-ekraan-hitachi-65hl15w64\/","og_site_name":"ELV Tehnika","article_modified_time":"2018-12-21T15:30:33+00:00","og_image":[{"width":1187,"height":671,"url":"https:\/\/elvtehnika.ee\/test\/wp-content\/uploads\/6522-4k-ultra-hd-uhd-lcd-ekraan-hitachi-65hl15w64.png","type":"image\/png"}],"schema":{"@context":"https:\/\/schema.org","@graph":[{"@type":"WebPage","@id":"https:\/\/elvtehnika.ee\/test\/epood\/65-4k-ultra-hd-uhd-lcd-ekraan-hitachi-65hl15w64\/","url":"https:\/\/elvtehnika.ee\/test\/epood\/65-4k-ultra-hd-uhd-lcd-ekraan-hitachi-65hl15w64\/","name":"65\" 4K (ultra HD, UHD) LCD ekraan Hitachi 65HL15W64 - ELV Tehnika","isPartOf":{"@id":"https:\/\/elvtehnika.ee\/test\/#website"},"datePublished":"2018-01-20T20:43:05+00:00","dateModified":"2018-12-21T15:30:33+00:00","description":"Hitachi 65HL15W64 65\"\u00a0(165 cm) on k\u00f5rge Ultra HD lahutusv\u00f5imega ekraan, mis suudab oma 3840 \u00d7 2160 pikslite arvuga kuvada v\u00e4ga detailse pildi. Ekraanil on olemas Smart TV funktsioonid, Wi-Fi valmidus ja \u00fchendatav HDMI ning SCART pesadega.","breadcrumb":{"@id":"https:\/\/elvtehnika.ee\/test\/epood\/65-4k-ultra-hd-uhd-lcd-ekraan-hitachi-65hl15w64\/#breadcrumb"},"inLanguage":"et","potentialAction":[{"@type":"ReadAction","target":["https:\/\/elvtehnika.ee\/test\/epood\/65-4k-ultra-hd-uhd-lcd-ekraan-hitachi-65hl15w64\/"]}]},{"@type":"BreadcrumbList","@id":"https:\/\/elvtehnika.ee\/test\/epood\/65-4k-ultra-hd-uhd-lcd-ekraan-hitachi-65hl15w64\/#breadcrumb","itemListElement":[{"@type":"ListItem","position":1,"name":"Home","item":"https:\/\/elvtehnika.ee\/test\/"},{"@type":"ListItem","position":2,"name":"E-pood","item":"https:\/\/elvtehnika.ee\/test\/epood\/"},{"@type":"ListItem","position":3,"name":"65&#8243; 4K (ultra HD, UHD) LCD ekraan Hitachi 65HL15W64"}]},{"@type":"WebSite","@id":"https:\/\/elvtehnika.ee\/test\/#website","url":"https:\/\/elvtehnika.ee\/test\/","name":"ELV Tehnika","description":"Heli-, valgus- ja esitlustehnika","potentialAction":[{"@type":"SearchAction","target":{"@type":"EntryPoint","urlTemplate":"https:\/\/elvtehnika.ee\/test\/?s={search_term_string}"},"query-input":"required name=search_term_string"}],"inLanguage":"et"}]}},"_links":{"self":[{"href":"https:\/\/elvtehnika.ee\/test\/wp-json\/wp\/v2\/product\/11145"}],"collection":[{"href":"https:\/\/elvtehnika.ee\/test\/wp-json\/wp\/v2\/product"}],"about":[{"href":"https:\/\/elvtehnika.ee\/test\/wp-json\/wp\/v2\/types\/product"}],"wp:featuredmedia":[{"embeddable":true,"href":"https:\/\/elvtehnika.ee\/test\/wp-json\/wp\/v2\/media\/7879"}],"wp:attachment":[{"href":"https:\/\/elvtehnika.ee\/test\/wp-json\/wp\/v2\/media?parent=11145"}],"curies":[{"name":"wp","href":"https:\/\/api.w.org\/{rel}","templated":true}]}}