{"id":11223,"date":"2017-07-01T20:40:33","date_gmt":"2017-07-01T17:40:33","guid":{"rendered":"http:\/\/localhost\/plus\/elv3\/epood\/aktiivne-ribakolar-the-box-pro-achat-404-a\/"},"modified":"2018-12-21T17:30:36","modified_gmt":"2018-12-21T15:30:36","slug":"aktiivne-ribakolar-the-box-pro-achat-404-a","status":"publish","type":"product","link":"https:\/\/elvtehnika.ee\/test\/epood\/aktiivne-ribakolar-the-box-pro-achat-404-a\/","title":{"rendered":"Aktiivne ribak\u00f5lar the box pro Achat 404 A"},"content":{"rendered":"","protected":false},"excerpt":{"rendered":"","protected":false},"featured_media":6320,"template":"","meta":[],"acf":[],"yoast_head":"<!-- This site is optimized with the Yoast SEO plugin v20.5 - https:\/\/yoast.com\/wordpress\/plugins\/seo\/ -->\n<title>Aktiivne ribak\u00f5lar the box pro Achat 404 A - ELV Tehnika<\/title>\n<meta name=\"description\" content=\"Tulbakujulise disainiga aktiivk\u00f5lar, mis v\u00f5imaldab katta ruumi v\u00f5imalikult \u00fchtlase ja selge k\u00f5nev\u00f5imendusega; 4*4&quot; + 1&quot; elemendid, maks. helir\u00f5hk 117 dB\" \/>\n<meta name=\"robots\" content=\"noindex, follow, max-snippet:-1, max-image-preview:large, max-video-preview:-1\" \/>\n<meta property=\"og:locale\" content=\"et_EE\" \/>\n<meta property=\"og:type\" content=\"article\" \/>\n<meta property=\"og:title\" content=\"Aktiivne ribak\u00f5lar the box pro Achat 404 A - ELV Tehnika\" \/>\n<meta property=\"og:description\" content=\"Tulbakujulise disainiga aktiivk\u00f5lar, mis v\u00f5imaldab katta ruumi v\u00f5imalikult \u00fchtlase ja selge k\u00f5nev\u00f5imendusega; 4*4&quot; + 1&quot; elemendid, maks. helir\u00f5hk 117 dB\" \/>\n<meta property=\"og:url\" content=\"https:\/\/elvtehnika.ee\/test\/epood\/aktiivne-ribakolar-the-box-pro-achat-404-a\/\" \/>\n<meta property=\"og:site_name\" content=\"ELV Tehnika\" \/>\n<meta property=\"article:modified_time\" content=\"2018-12-21T15:30:36+00:00\" \/>\n<meta property=\"og:image\" content=\"https:\/\/elvtehnika.ee\/test\/wp-content\/uploads\/aktiivne-ribakolar-the-box-pro-achat-404-a-10.png\" \/>\n\t<meta property=\"og:image:width\" content=\"945\" \/>\n\t<meta property=\"og:image:height\" content=\"725\" \/>\n\t<meta property=\"og:image:type\" content=\"image\/png\" \/>\n<script type=\"application\/ld+json\" class=\"yoast-schema-graph\">{\"@context\":\"https:\/\/schema.org\",\"@graph\":[{\"@type\":\"WebPage\",\"@id\":\"https:\/\/elvtehnika.ee\/test\/epood\/aktiivne-ribakolar-the-box-pro-achat-404-a\/\",\"url\":\"https:\/\/elvtehnika.ee\/test\/epood\/aktiivne-ribakolar-the-box-pro-achat-404-a\/\",\"name\":\"Aktiivne ribak\u00f5lar the box pro Achat 404 A - ELV Tehnika\",\"isPartOf\":{\"@id\":\"https:\/\/elvtehnika.ee\/test\/#website\"},\"datePublished\":\"2017-07-01T17:40:33+00:00\",\"dateModified\":\"2018-12-21T15:30:36+00:00\",\"description\":\"Tulbakujulise disainiga aktiivk\u00f5lar, mis v\u00f5imaldab katta ruumi v\u00f5imalikult \u00fchtlase ja selge k\u00f5nev\u00f5imendusega; 4*4\\\" + 1\\\" elemendid, maks. helir\u00f5hk 117 dB\",\"breadcrumb\":{\"@id\":\"https:\/\/elvtehnika.ee\/test\/epood\/aktiivne-ribakolar-the-box-pro-achat-404-a\/#breadcrumb\"},\"inLanguage\":\"et\",\"potentialAction\":[{\"@type\":\"ReadAction\",\"target\":[\"https:\/\/elvtehnika.ee\/test\/epood\/aktiivne-ribakolar-the-box-pro-achat-404-a\/\"]}]},{\"@type\":\"BreadcrumbList\",\"@id\":\"https:\/\/elvtehnika.ee\/test\/epood\/aktiivne-ribakolar-the-box-pro-achat-404-a\/#breadcrumb\",\"itemListElement\":[{\"@type\":\"ListItem\",\"position\":1,\"name\":\"Home\",\"item\":\"https:\/\/elvtehnika.ee\/test\/\"},{\"@type\":\"ListItem\",\"position\":2,\"name\":\"E-pood\",\"item\":\"https:\/\/elvtehnika.ee\/test\/epood\/\"},{\"@type\":\"ListItem\",\"position\":3,\"name\":\"Aktiivne ribak\u00f5lar the box pro Achat 404 A\"}]},{\"@type\":\"WebSite\",\"@id\":\"https:\/\/elvtehnika.ee\/test\/#website\",\"url\":\"https:\/\/elvtehnika.ee\/test\/\",\"name\":\"ELV Tehnika\",\"description\":\"Heli-, valgus- ja esitlustehnika\",\"potentialAction\":[{\"@type\":\"SearchAction\",\"target\":{\"@type\":\"EntryPoint\",\"urlTemplate\":\"https:\/\/elvtehnika.ee\/test\/?s={search_term_string}\"},\"query-input\":\"required name=search_term_string\"}],\"inLanguage\":\"et\"}]}<\/script>\n<!-- \/ Yoast SEO plugin. -->","yoast_head_json":{"title":"Aktiivne ribak\u00f5lar the box pro Achat 404 A - ELV Tehnika","description":"Tulbakujulise disainiga aktiivk\u00f5lar, mis v\u00f5imaldab katta ruumi v\u00f5imalikult \u00fchtlase ja selge k\u00f5nev\u00f5imendusega; 4*4\" + 1\" elemendid, maks. helir\u00f5hk 117 dB","robots":{"index":"noindex","follow":"follow","max-snippet":"max-snippet:-1","max-image-preview":"max-image-preview:large","max-video-preview":"max-video-preview:-1"},"og_locale":"et_EE","og_type":"article","og_title":"Aktiivne ribak\u00f5lar the box pro Achat 404 A - ELV Tehnika","og_description":"Tulbakujulise disainiga aktiivk\u00f5lar, mis v\u00f5imaldab katta ruumi v\u00f5imalikult \u00fchtlase ja selge k\u00f5nev\u00f5imendusega; 4*4\" + 1\" elemendid, maks. helir\u00f5hk 117 dB","og_url":"https:\/\/elvtehnika.ee\/test\/epood\/aktiivne-ribakolar-the-box-pro-achat-404-a\/","og_site_name":"ELV Tehnika","article_modified_time":"2018-12-21T15:30:36+00:00","og_image":[{"width":945,"height":725,"url":"https:\/\/elvtehnika.ee\/test\/wp-content\/uploads\/aktiivne-ribakolar-the-box-pro-achat-404-a-10.png","type":"image\/png"}],"schema":{"@context":"https:\/\/schema.org","@graph":[{"@type":"WebPage","@id":"https:\/\/elvtehnika.ee\/test\/epood\/aktiivne-ribakolar-the-box-pro-achat-404-a\/","url":"https:\/\/elvtehnika.ee\/test\/epood\/aktiivne-ribakolar-the-box-pro-achat-404-a\/","name":"Aktiivne ribak\u00f5lar the box pro Achat 404 A - ELV Tehnika","isPartOf":{"@id":"https:\/\/elvtehnika.ee\/test\/#website"},"datePublished":"2017-07-01T17:40:33+00:00","dateModified":"2018-12-21T15:30:36+00:00","description":"Tulbakujulise disainiga aktiivk\u00f5lar, mis v\u00f5imaldab katta ruumi v\u00f5imalikult \u00fchtlase ja selge k\u00f5nev\u00f5imendusega; 4*4\" + 1\" elemendid, maks. helir\u00f5hk 117 dB","breadcrumb":{"@id":"https:\/\/elvtehnika.ee\/test\/epood\/aktiivne-ribakolar-the-box-pro-achat-404-a\/#breadcrumb"},"inLanguage":"et","potentialAction":[{"@type":"ReadAction","target":["https:\/\/elvtehnika.ee\/test\/epood\/aktiivne-ribakolar-the-box-pro-achat-404-a\/"]}]},{"@type":"BreadcrumbList","@id":"https:\/\/elvtehnika.ee\/test\/epood\/aktiivne-ribakolar-the-box-pro-achat-404-a\/#breadcrumb","itemListElement":[{"@type":"ListItem","position":1,"name":"Home","item":"https:\/\/elvtehnika.ee\/test\/"},{"@type":"ListItem","position":2,"name":"E-pood","item":"https:\/\/elvtehnika.ee\/test\/epood\/"},{"@type":"ListItem","position":3,"name":"Aktiivne ribak\u00f5lar the box pro Achat 404 A"}]},{"@type":"WebSite","@id":"https:\/\/elvtehnika.ee\/test\/#website","url":"https:\/\/elvtehnika.ee\/test\/","name":"ELV Tehnika","description":"Heli-, valgus- ja esitlustehnika","potentialAction":[{"@type":"SearchAction","target":{"@type":"EntryPoint","urlTemplate":"https:\/\/elvtehnika.ee\/test\/?s={search_term_string}"},"query-input":"required name=search_term_string"}],"inLanguage":"et"}]}},"_links":{"self":[{"href":"https:\/\/elvtehnika.ee\/test\/wp-json\/wp\/v2\/product\/11223"}],"collection":[{"href":"https:\/\/elvtehnika.ee\/test\/wp-json\/wp\/v2\/product"}],"about":[{"href":"https:\/\/elvtehnika.ee\/test\/wp-json\/wp\/v2\/types\/product"}],"wp:featuredmedia":[{"embeddable":true,"href":"https:\/\/elvtehnika.ee\/test\/wp-json\/wp\/v2\/media\/6320"}],"wp:attachment":[{"href":"https:\/\/elvtehnika.ee\/test\/wp-json\/wp\/v2\/media?parent=11223"}],"curies":[{"name":"wp","href":"https:\/\/api.w.org\/{rel}","templated":true}]}}

Aktiivne ribakõlar the box pro Achat 404 A

<!-- This site is optimized with the Yoast SEO plugin v20.5 - https://yoast.com/wordpress/plugins/seo/ -->
<title>Aktiivne ribakõlar the box pro Achat 404 A - ELV Tehnika</title>
<meta name="description" content="Tulbakujulise disainiga aktiivkõlar, mis võimaldab katta ruumi võimalikult ühtlase ja selge kõnevõimendusega; 4*4&quot; + 1&quot; elemendid, maks. helirõhk 117 dB" />
<meta name="robots" content="noindex, follow, max-snippet:-1, max-image-preview:large, max-video-preview:-1" />
<meta property="og:locale" content="et_EE" />
<meta property="og:type" content="article" />
<meta property="og:title" content="Aktiivne ribakõlar the box pro Achat 404 A - ELV Tehnika" />
<meta property="og:description" content="Tulbakujulise disainiga aktiivkõlar, mis võimaldab katta ruumi võimalikult ühtlase ja selge kõnevõimendusega; 4*4&quot; + 1&quot; elemendid, maks. helirõhk 117 dB" />
<meta property="og:url" content="https://elvtehnika.ee/test/epood/aktiivne-ribakolar-the-box-pro-achat-404-a/" />
<meta property="og:site_name" content="ELV Tehnika" />
<meta property="article:modified_time" content="2018-12-21T15:30:36+00:00" />
<meta property="og:image" content="https://elvtehnika.ee/test/wp-content/uploads/aktiivne-ribakolar-the-box-pro-achat-404-a-10.png" />
	<meta property="og:image:width" content="945" />
	<meta property="og:image:height" content="725" />
	<meta property="og:image:type" content="image/png" />
<script type="application/ld+json" class="yoast-schema-graph">{"@context":"https://schema.org","@graph":[{"@type":"WebPage","@id":"https://elvtehnika.ee/test/epood/aktiivne-ribakolar-the-box-pro-achat-404-a/","url":"https://elvtehnika.ee/test/epood/aktiivne-ribakolar-the-box-pro-achat-404-a/","name":"Aktiivne ribakõlar the box pro Achat 404 A - ELV Tehnika","isPartOf":{"@id":"https://elvtehnika.ee/test/#website"},"datePublished":"2017-07-01T17:40:33+00:00","dateModified":"2018-12-21T15:30:36+00:00","description":"Tulbakujulise disainiga aktiivkõlar, mis võimaldab katta ruumi võimalikult ühtlase ja selge kõnevõimendusega; 4*4\" + 1\" elemendid, maks. helirõhk 117 dB","breadcrumb":{"@id":"https://elvtehnika.ee/test/epood/aktiivne-ribakolar-the-box-pro-achat-404-a/#breadcrumb"},"inLanguage":"et","potentialAction":[{"@type":"ReadAction","target":["https://elvtehnika.ee/test/epood/aktiivne-ribakolar-the-box-pro-achat-404-a/"]}]},{"@type":"BreadcrumbList","@id":"https://elvtehnika.ee/test/epood/aktiivne-ribakolar-the-box-pro-achat-404-a/#breadcrumb","itemListElement":[{"@type":"ListItem","position":1,"name":"Home","item":"https://elvtehnika.ee/test/"},{"@type":"ListItem","position":2,"name":"E-pood","item":"https://elvtehnika.ee/test/epood/"},{"@type":"ListItem","position":3,"name":"Aktiivne ribakõlar the box pro Achat 404 A"}]},{"@type":"WebSite","@id":"https://elvtehnika.ee/test/#website","url":"https://elvtehnika.ee/test/","name":"ELV Tehnika","description":"Heli-, valgus- ja esitlustehnika","potentialAction":[{"@type":"SearchAction","target":{"@type":"EntryPoint","urlTemplate":"https://elvtehnika.ee/test/?s={search_term_string}"},"query-input":"required name=search_term_string"}],"inLanguage":"et"}]}</script>
<!-- / Yoast SEO plugin. -->

Aktiivne ribakõlar the box pro Achat 404 A - ELV Tehnika

Tulbakujulise disainiga aktiivkõlar, mis võimaldab katta ruumi võimalikult ühtlase ja selge kõnevõimendusega; 4*4" + 1" elemendid, maks. helirõhk 117 dB
