{"id":11274,"date":"2017-02-28T13:57:39","date_gmt":"2017-02-28T11:57:39","guid":{"rendered":"http:\/\/localhost\/plus\/elv3\/epood\/hd-videode-kontroller-roland-pro-av-v-1hd\/"},"modified":"2018-12-21T17:30:38","modified_gmt":"2018-12-21T15:30:38","slug":"hd-videode-kontroller-roland-pro-av-v-1hd","status":"publish","type":"product","link":"https:\/\/elvtehnika.ee\/test\/epood\/hd-videode-kontroller-roland-pro-av-v-1hd\/","title":{"rendered":"Full HD videopult, videoswitch Roland Pro A\/V V-1HD"},"content":{"rendered":"","protected":false},"excerpt":{"rendered":"","protected":false},"featured_media":5895,"template":"","meta":[],"acf":[],"yoast_head":"<!-- This site is optimized with the Yoast SEO plugin v20.5 - https:\/\/yoast.com\/wordpress\/plugins\/seo\/ -->\n<title>Full HD videopult, videoswitch Roland Pro A\/V V-1HD - ELV Tehnika<\/title>\n<meta name=\"description\" content=\"Videopult pildi \u00fcmberl\u00fclitamiseks ja videote kokkumonteerimiseks. Sobib h\u00e4sti kasutamiseks live-\u00fcritustel, erinevad visuaalsed efektid, 4 HDMI sisendit\" \/>\n<meta name=\"robots\" content=\"noindex, follow, max-snippet:-1, max-image-preview:large, max-video-preview:-1\" \/>\n<meta property=\"og:locale\" content=\"et_EE\" \/>\n<meta property=\"og:type\" content=\"article\" \/>\n<meta property=\"og:title\" content=\"Full HD videopult, videoswitch Roland Pro A\/V V-1HD - ELV Tehnika\" \/>\n<meta property=\"og:description\" content=\"Videopult pildi \u00fcmberl\u00fclitamiseks ja videote kokkumonteerimiseks. Sobib h\u00e4sti kasutamiseks live-\u00fcritustel, erinevad visuaalsed efektid, 4 HDMI sisendit\" \/>\n<meta property=\"og:url\" content=\"https:\/\/elvtehnika.ee\/test\/epood\/hd-videode-kontroller-roland-pro-av-v-1hd\/\" \/>\n<meta property=\"og:site_name\" content=\"ELV Tehnika\" \/>\n<meta property=\"article:modified_time\" content=\"2018-12-21T15:30:38+00:00\" \/>\n<meta property=\"og:image\" content=\"https:\/\/elvtehnika.ee\/test\/wp-content\/uploads\/proav-roland-v1hd-1.jpg\" \/>\n\t<meta property=\"og:image:width\" content=\"750\" \/>\n\t<meta property=\"og:image:height\" content=\"750\" \/>\n\t<meta property=\"og:image:type\" content=\"image\/jpeg\" \/>\n<script type=\"application\/ld+json\" class=\"yoast-schema-graph\">{\"@context\":\"https:\/\/schema.org\",\"@graph\":[{\"@type\":\"WebPage\",\"@id\":\"https:\/\/elvtehnika.ee\/test\/epood\/hd-videode-kontroller-roland-pro-av-v-1hd\/\",\"url\":\"https:\/\/elvtehnika.ee\/test\/epood\/hd-videode-kontroller-roland-pro-av-v-1hd\/\",\"name\":\"Full HD videopult, videoswitch Roland Pro A\/V V-1HD - ELV Tehnika\",\"isPartOf\":{\"@id\":\"https:\/\/elvtehnika.ee\/test\/#website\"},\"datePublished\":\"2017-02-28T11:57:39+00:00\",\"dateModified\":\"2018-12-21T15:30:38+00:00\",\"description\":\"Videopult pildi \u00fcmberl\u00fclitamiseks ja videote kokkumonteerimiseks. Sobib h\u00e4sti kasutamiseks live-\u00fcritustel, erinevad visuaalsed efektid, 4 HDMI sisendit\",\"breadcrumb\":{\"@id\":\"https:\/\/elvtehnika.ee\/test\/epood\/hd-videode-kontroller-roland-pro-av-v-1hd\/#breadcrumb\"},\"inLanguage\":\"et\",\"potentialAction\":[{\"@type\":\"ReadAction\",\"target\":[\"https:\/\/elvtehnika.ee\/test\/epood\/hd-videode-kontroller-roland-pro-av-v-1hd\/\"]}]},{\"@type\":\"BreadcrumbList\",\"@id\":\"https:\/\/elvtehnika.ee\/test\/epood\/hd-videode-kontroller-roland-pro-av-v-1hd\/#breadcrumb\",\"itemListElement\":[{\"@type\":\"ListItem\",\"position\":1,\"name\":\"Home\",\"item\":\"https:\/\/elvtehnika.ee\/test\/\"},{\"@type\":\"ListItem\",\"position\":2,\"name\":\"E-pood\",\"item\":\"https:\/\/elvtehnika.ee\/test\/epood\/\"},{\"@type\":\"ListItem\",\"position\":3,\"name\":\"Full HD videopult, videoswitch Roland Pro A\/V V-1HD\"}]},{\"@type\":\"WebSite\",\"@id\":\"https:\/\/elvtehnika.ee\/test\/#website\",\"url\":\"https:\/\/elvtehnika.ee\/test\/\",\"name\":\"ELV Tehnika\",\"description\":\"Heli-, valgus- ja esitlustehnika\",\"potentialAction\":[{\"@type\":\"SearchAction\",\"target\":{\"@type\":\"EntryPoint\",\"urlTemplate\":\"https:\/\/elvtehnika.ee\/test\/?s={search_term_string}\"},\"query-input\":\"required name=search_term_string\"}],\"inLanguage\":\"et\"}]}<\/script>\n<!-- \/ Yoast SEO plugin. -->","yoast_head_json":{"title":"Full HD videopult, videoswitch Roland Pro A\/V V-1HD - ELV Tehnika","description":"Videopult pildi \u00fcmberl\u00fclitamiseks ja videote kokkumonteerimiseks. Sobib h\u00e4sti kasutamiseks live-\u00fcritustel, erinevad visuaalsed efektid, 4 HDMI sisendit","robots":{"index":"noindex","follow":"follow","max-snippet":"max-snippet:-1","max-image-preview":"max-image-preview:large","max-video-preview":"max-video-preview:-1"},"og_locale":"et_EE","og_type":"article","og_title":"Full HD videopult, videoswitch Roland Pro A\/V V-1HD - ELV Tehnika","og_description":"Videopult pildi \u00fcmberl\u00fclitamiseks ja videote kokkumonteerimiseks. Sobib h\u00e4sti kasutamiseks live-\u00fcritustel, erinevad visuaalsed efektid, 4 HDMI sisendit","og_url":"https:\/\/elvtehnika.ee\/test\/epood\/hd-videode-kontroller-roland-pro-av-v-1hd\/","og_site_name":"ELV Tehnika","article_modified_time":"2018-12-21T15:30:38+00:00","og_image":[{"width":750,"height":750,"url":"https:\/\/elvtehnika.ee\/test\/wp-content\/uploads\/proav-roland-v1hd-1.jpg","type":"image\/jpeg"}],"schema":{"@context":"https:\/\/schema.org","@graph":[{"@type":"WebPage","@id":"https:\/\/elvtehnika.ee\/test\/epood\/hd-videode-kontroller-roland-pro-av-v-1hd\/","url":"https:\/\/elvtehnika.ee\/test\/epood\/hd-videode-kontroller-roland-pro-av-v-1hd\/","name":"Full HD videopult, videoswitch Roland Pro A\/V V-1HD - ELV Tehnika","isPartOf":{"@id":"https:\/\/elvtehnika.ee\/test\/#website"},"datePublished":"2017-02-28T11:57:39+00:00","dateModified":"2018-12-21T15:30:38+00:00","description":"Videopult pildi \u00fcmberl\u00fclitamiseks ja videote kokkumonteerimiseks. Sobib h\u00e4sti kasutamiseks live-\u00fcritustel, erinevad visuaalsed efektid, 4 HDMI sisendit","breadcrumb":{"@id":"https:\/\/elvtehnika.ee\/test\/epood\/hd-videode-kontroller-roland-pro-av-v-1hd\/#breadcrumb"},"inLanguage":"et","potentialAction":[{"@type":"ReadAction","target":["https:\/\/elvtehnika.ee\/test\/epood\/hd-videode-kontroller-roland-pro-av-v-1hd\/"]}]},{"@type":"BreadcrumbList","@id":"https:\/\/elvtehnika.ee\/test\/epood\/hd-videode-kontroller-roland-pro-av-v-1hd\/#breadcrumb","itemListElement":[{"@type":"ListItem","position":1,"name":"Home","item":"https:\/\/elvtehnika.ee\/test\/"},{"@type":"ListItem","position":2,"name":"E-pood","item":"https:\/\/elvtehnika.ee\/test\/epood\/"},{"@type":"ListItem","position":3,"name":"Full HD videopult, videoswitch Roland Pro A\/V V-1HD"}]},{"@type":"WebSite","@id":"https:\/\/elvtehnika.ee\/test\/#website","url":"https:\/\/elvtehnika.ee\/test\/","name":"ELV Tehnika","description":"Heli-, valgus- ja esitlustehnika","potentialAction":[{"@type":"SearchAction","target":{"@type":"EntryPoint","urlTemplate":"https:\/\/elvtehnika.ee\/test\/?s={search_term_string}"},"query-input":"required name=search_term_string"}],"inLanguage":"et"}]}},"_links":{"self":[{"href":"https:\/\/elvtehnika.ee\/test\/wp-json\/wp\/v2\/product\/11274"}],"collection":[{"href":"https:\/\/elvtehnika.ee\/test\/wp-json\/wp\/v2\/product"}],"about":[{"href":"https:\/\/elvtehnika.ee\/test\/wp-json\/wp\/v2\/types\/product"}],"wp:featuredmedia":[{"embeddable":true,"href":"https:\/\/elvtehnika.ee\/test\/wp-json\/wp\/v2\/media\/5895"}],"wp:attachment":[{"href":"https:\/\/elvtehnika.ee\/test\/wp-json\/wp\/v2\/media?parent=11274"}],"curies":[{"name":"wp","href":"https:\/\/api.w.org\/{rel}","templated":true}]}}