{"id":11541,"date":"2016-08-03T16:28:39","date_gmt":"2016-08-03T13:28:39","guid":{"rendered":"http:\/\/localhost\/plus\/elv3\/epood\/videoseina-ekraan-samsung-ue46d-led-46\/"},"modified":"2018-12-21T17:30:47","modified_gmt":"2018-12-21T15:30:47","slug":"videoseina-ekraan-samsung-ue46d-led-46","status":"publish","type":"product","link":"https:\/\/elvtehnika.ee\/test\/epood\/videoseina-ekraan-samsung-ue46d-led-46\/","title":{"rendered":"Videoseina ekraan Samsung UE46D LED 46&#8243;"},"content":{"rendered":"","protected":false},"excerpt":{"rendered":"","protected":false},"featured_media":4146,"template":"","meta":[],"acf":[],"yoast_head":"<!-- This site is optimized with the Yoast SEO plugin v20.5 - https:\/\/yoast.com\/wordpress\/plugins\/seo\/ -->\n<title>Videoseina ekraan Samsung UE46D LED 46&quot; - ELV Tehnika<\/title>\n<meta name=\"description\" content=\"Ekraan videoseinte kokkupanemiseks - \u00e4\u00e4rmiselt \u00f5huke serv, suur 450 nit heledus, videoseina-funktsioon, WiFi ning mugav sisuhaldustarkvara, ei vaja arvutit\" \/>\n<meta name=\"robots\" content=\"noindex, follow, max-snippet:-1, max-image-preview:large, max-video-preview:-1\" \/>\n<meta property=\"og:locale\" content=\"et_EE\" \/>\n<meta property=\"og:type\" content=\"article\" \/>\n<meta property=\"og:title\" content=\"Videoseina ekraan Samsung UE46D LED 46&quot; - ELV Tehnika\" \/>\n<meta property=\"og:description\" content=\"Ekraan videoseinte kokkupanemiseks - \u00e4\u00e4rmiselt \u00f5huke serv, suur 450 nit heledus, videoseina-funktsioon, WiFi ning mugav sisuhaldustarkvara, ei vaja arvutit\" \/>\n<meta property=\"og:url\" content=\"https:\/\/elvtehnika.ee\/test\/epood\/videoseina-ekraan-samsung-ue46d-led-46\/\" \/>\n<meta property=\"og:site_name\" content=\"ELV Tehnika\" \/>\n<meta property=\"article:modified_time\" content=\"2018-12-21T15:30:47+00:00\" \/>\n<meta property=\"og:image\" content=\"https:\/\/elvtehnika.ee\/test\/wp-content\/uploads\/Videoseina-ekraan-Samsung-UE46D-LED-46.jpg\" \/>\n\t<meta property=\"og:image:width\" content=\"861\" \/>\n\t<meta property=\"og:image:height\" content=\"518\" \/>\n\t<meta property=\"og:image:type\" content=\"image\/jpeg\" \/>\n<script type=\"application\/ld+json\" class=\"yoast-schema-graph\">{\"@context\":\"https:\/\/schema.org\",\"@graph\":[{\"@type\":\"WebPage\",\"@id\":\"https:\/\/elvtehnika.ee\/test\/epood\/videoseina-ekraan-samsung-ue46d-led-46\/\",\"url\":\"https:\/\/elvtehnika.ee\/test\/epood\/videoseina-ekraan-samsung-ue46d-led-46\/\",\"name\":\"Videoseina ekraan Samsung UE46D LED 46\\\" - ELV Tehnika\",\"isPartOf\":{\"@id\":\"https:\/\/elvtehnika.ee\/test\/#website\"},\"datePublished\":\"2016-08-03T13:28:39+00:00\",\"dateModified\":\"2018-12-21T15:30:47+00:00\",\"description\":\"Ekraan videoseinte kokkupanemiseks - \u00e4\u00e4rmiselt \u00f5huke serv, suur 450 nit heledus, videoseina-funktsioon, WiFi ning mugav sisuhaldustarkvara, ei vaja arvutit\",\"breadcrumb\":{\"@id\":\"https:\/\/elvtehnika.ee\/test\/epood\/videoseina-ekraan-samsung-ue46d-led-46\/#breadcrumb\"},\"inLanguage\":\"et\",\"potentialAction\":[{\"@type\":\"ReadAction\",\"target\":[\"https:\/\/elvtehnika.ee\/test\/epood\/videoseina-ekraan-samsung-ue46d-led-46\/\"]}]},{\"@type\":\"BreadcrumbList\",\"@id\":\"https:\/\/elvtehnika.ee\/test\/epood\/videoseina-ekraan-samsung-ue46d-led-46\/#breadcrumb\",\"itemListElement\":[{\"@type\":\"ListItem\",\"position\":1,\"name\":\"Home\",\"item\":\"https:\/\/elvtehnika.ee\/test\/\"},{\"@type\":\"ListItem\",\"position\":2,\"name\":\"E-pood\",\"item\":\"https:\/\/elvtehnika.ee\/test\/epood\/\"},{\"@type\":\"ListItem\",\"position\":3,\"name\":\"Videoseina ekraan Samsung UE46D LED 46&#8243;\"}]},{\"@type\":\"WebSite\",\"@id\":\"https:\/\/elvtehnika.ee\/test\/#website\",\"url\":\"https:\/\/elvtehnika.ee\/test\/\",\"name\":\"ELV Tehnika\",\"description\":\"Heli-, valgus- ja esitlustehnika\",\"potentialAction\":[{\"@type\":\"SearchAction\",\"target\":{\"@type\":\"EntryPoint\",\"urlTemplate\":\"https:\/\/elvtehnika.ee\/test\/?s={search_term_string}\"},\"query-input\":\"required name=search_term_string\"}],\"inLanguage\":\"et\"}]}<\/script>\n<!-- \/ Yoast SEO plugin. -->","yoast_head_json":{"title":"Videoseina ekraan Samsung UE46D LED 46\" - ELV Tehnika","description":"Ekraan videoseinte kokkupanemiseks - \u00e4\u00e4rmiselt \u00f5huke serv, suur 450 nit heledus, videoseina-funktsioon, WiFi ning mugav sisuhaldustarkvara, ei vaja arvutit","robots":{"index":"noindex","follow":"follow","max-snippet":"max-snippet:-1","max-image-preview":"max-image-preview:large","max-video-preview":"max-video-preview:-1"},"og_locale":"et_EE","og_type":"article","og_title":"Videoseina ekraan Samsung UE46D LED 46\" - ELV Tehnika","og_description":"Ekraan videoseinte kokkupanemiseks - \u00e4\u00e4rmiselt \u00f5huke serv, suur 450 nit heledus, videoseina-funktsioon, WiFi ning mugav sisuhaldustarkvara, ei vaja arvutit","og_url":"https:\/\/elvtehnika.ee\/test\/epood\/videoseina-ekraan-samsung-ue46d-led-46\/","og_site_name":"ELV Tehnika","article_modified_time":"2018-12-21T15:30:47+00:00","og_image":[{"width":861,"height":518,"url":"https:\/\/elvtehnika.ee\/test\/wp-content\/uploads\/Videoseina-ekraan-Samsung-UE46D-LED-46.jpg","type":"image\/jpeg"}],"schema":{"@context":"https:\/\/schema.org","@graph":[{"@type":"WebPage","@id":"https:\/\/elvtehnika.ee\/test\/epood\/videoseina-ekraan-samsung-ue46d-led-46\/","url":"https:\/\/elvtehnika.ee\/test\/epood\/videoseina-ekraan-samsung-ue46d-led-46\/","name":"Videoseina ekraan Samsung UE46D LED 46\" - ELV Tehnika","isPartOf":{"@id":"https:\/\/elvtehnika.ee\/test\/#website"},"datePublished":"2016-08-03T13:28:39+00:00","dateModified":"2018-12-21T15:30:47+00:00","description":"Ekraan videoseinte kokkupanemiseks - \u00e4\u00e4rmiselt \u00f5huke serv, suur 450 nit heledus, videoseina-funktsioon, WiFi ning mugav sisuhaldustarkvara, ei vaja arvutit","breadcrumb":{"@id":"https:\/\/elvtehnika.ee\/test\/epood\/videoseina-ekraan-samsung-ue46d-led-46\/#breadcrumb"},"inLanguage":"et","potentialAction":[{"@type":"ReadAction","target":["https:\/\/elvtehnika.ee\/test\/epood\/videoseina-ekraan-samsung-ue46d-led-46\/"]}]},{"@type":"BreadcrumbList","@id":"https:\/\/elvtehnika.ee\/test\/epood\/videoseina-ekraan-samsung-ue46d-led-46\/#breadcrumb","itemListElement":[{"@type":"ListItem","position":1,"name":"Home","item":"https:\/\/elvtehnika.ee\/test\/"},{"@type":"ListItem","position":2,"name":"E-pood","item":"https:\/\/elvtehnika.ee\/test\/epood\/"},{"@type":"ListItem","position":3,"name":"Videoseina ekraan Samsung UE46D LED 46&#8243;"}]},{"@type":"WebSite","@id":"https:\/\/elvtehnika.ee\/test\/#website","url":"https:\/\/elvtehnika.ee\/test\/","name":"ELV Tehnika","description":"Heli-, valgus- ja esitlustehnika","potentialAction":[{"@type":"SearchAction","target":{"@type":"EntryPoint","urlTemplate":"https:\/\/elvtehnika.ee\/test\/?s={search_term_string}"},"query-input":"required name=search_term_string"}],"inLanguage":"et"}]}},"_links":{"self":[{"href":"https:\/\/elvtehnika.ee\/test\/wp-json\/wp\/v2\/product\/11541"}],"collection":[{"href":"https:\/\/elvtehnika.ee\/test\/wp-json\/wp\/v2\/product"}],"about":[{"href":"https:\/\/elvtehnika.ee\/test\/wp-json\/wp\/v2\/types\/product"}],"wp:featuredmedia":[{"embeddable":true,"href":"https:\/\/elvtehnika.ee\/test\/wp-json\/wp\/v2\/media\/4146"}],"wp:attachment":[{"href":"https:\/\/elvtehnika.ee\/test\/wp-json\/wp\/v2\/media?parent=11541"}],"curies":[{"name":"wp","href":"https:\/\/api.w.org\/{rel}","templated":true}]}}