{"id":11553,"date":"2016-07-24T10:01:19","date_gmt":"2016-07-24T07:01:19","guid":{"rendered":"http:\/\/localhost\/plus\/elv3\/epood\/juhtmega-delegaadimikrofoni-susteemi-mikrofonid-itc-th-0804-chairman-ja-th-0804a-delegate\/"},"modified":"2018-12-21T17:30:48","modified_gmt":"2018-12-21T15:30:48","slug":"juhtmega-delegaadimikrofoni-susteemi-mikrofonid-itc-th-0804-chairman-ja-th-0804a-delegate","status":"publish","type":"product","link":"https:\/\/elvtehnika.ee\/test\/epood\/juhtmega-delegaadimikrofoni-susteemi-mikrofonid-itc-th-0804-chairman-ja-th-0804a-delegate\/","title":{"rendered":"Juhtmega delegaadimikrofoni-s\u00fcsteemi mikrofonid ITC TH-0804 (chairman) ja TH-0804A (delegate)"},"content":{"rendered":"","protected":false},"excerpt":{"rendered":"","protected":false},"featured_media":4091,"template":"","meta":[],"acf":[],"yoast_head":"<!-- This site is optimized with the Yoast SEO plugin v20.5 - https:\/\/yoast.com\/wordpress\/plugins\/seo\/ -->\n<title>Juhtmega delegaadimikrofoni-s\u00fcsteemi mikrofonid ITC TH-0804 (chairman) ja TH-0804A (delegate) - ELV Tehnika<\/title>\n<meta name=\"description\" content=\"Delegaadimikrofonid ametlike kohtumiste, n\u00f5upidamiste ja videokonverentside l\u00e4biviimiseks-elegantne, esinduslik disain ja n\u00f5upidamise juhtimise funktsioonid\" \/>\n<meta name=\"robots\" content=\"noindex, follow, max-snippet:-1, max-image-preview:large, max-video-preview:-1\" \/>\n<meta property=\"og:locale\" content=\"et_EE\" \/>\n<meta property=\"og:type\" content=\"article\" \/>\n<meta property=\"og:title\" content=\"Juhtmega delegaadimikrofoni-s\u00fcsteemi mikrofonid ITC TH-0804 (chairman) ja TH-0804A (delegate) - ELV Tehnika\" \/>\n<meta property=\"og:description\" content=\"Delegaadimikrofonid ametlike kohtumiste, n\u00f5upidamiste ja videokonverentside l\u00e4biviimiseks-elegantne, esinduslik disain ja n\u00f5upidamise juhtimise funktsioonid\" \/>\n<meta property=\"og:url\" content=\"https:\/\/elvtehnika.ee\/test\/epood\/juhtmega-delegaadimikrofoni-susteemi-mikrofonid-itc-th-0804-chairman-ja-th-0804a-delegate\/\" \/>\n<meta property=\"og:site_name\" content=\"ELV Tehnika\" \/>\n<meta property=\"article:modified_time\" content=\"2018-12-21T15:30:48+00:00\" \/>\n<meta property=\"og:image\" content=\"https:\/\/elvtehnika.ee\/test\/wp-content\/uploads\/Juhtmevaba-delegaadimikrofoni-s\u00fcsteemi-mikrofonid-ITC-TH-0804-chairman-ja-TH-0804A-delegate-3.jpg\" \/>\n\t<meta property=\"og:image:width\" content=\"490\" \/>\n\t<meta property=\"og:image:height\" content=\"664\" \/>\n\t<meta property=\"og:image:type\" content=\"image\/jpeg\" \/>\n<script type=\"application\/ld+json\" class=\"yoast-schema-graph\">{\"@context\":\"https:\/\/schema.org\",\"@graph\":[{\"@type\":\"WebPage\",\"@id\":\"https:\/\/elvtehnika.ee\/test\/epood\/juhtmega-delegaadimikrofoni-susteemi-mikrofonid-itc-th-0804-chairman-ja-th-0804a-delegate\/\",\"url\":\"https:\/\/elvtehnika.ee\/test\/epood\/juhtmega-delegaadimikrofoni-susteemi-mikrofonid-itc-th-0804-chairman-ja-th-0804a-delegate\/\",\"name\":\"Juhtmega delegaadimikrofoni-s\u00fcsteemi mikrofonid ITC TH-0804 (chairman) ja TH-0804A (delegate) - ELV Tehnika\",\"isPartOf\":{\"@id\":\"https:\/\/elvtehnika.ee\/test\/#website\"},\"datePublished\":\"2016-07-24T07:01:19+00:00\",\"dateModified\":\"2018-12-21T15:30:48+00:00\",\"description\":\"Delegaadimikrofonid ametlike kohtumiste, n\u00f5upidamiste ja videokonverentside l\u00e4biviimiseks-elegantne, esinduslik disain ja n\u00f5upidamise juhtimise funktsioonid\",\"breadcrumb\":{\"@id\":\"https:\/\/elvtehnika.ee\/test\/epood\/juhtmega-delegaadimikrofoni-susteemi-mikrofonid-itc-th-0804-chairman-ja-th-0804a-delegate\/#breadcrumb\"},\"inLanguage\":\"et\",\"potentialAction\":[{\"@type\":\"ReadAction\",\"target\":[\"https:\/\/elvtehnika.ee\/test\/epood\/juhtmega-delegaadimikrofoni-susteemi-mikrofonid-itc-th-0804-chairman-ja-th-0804a-delegate\/\"]}]},{\"@type\":\"BreadcrumbList\",\"@id\":\"https:\/\/elvtehnika.ee\/test\/epood\/juhtmega-delegaadimikrofoni-susteemi-mikrofonid-itc-th-0804-chairman-ja-th-0804a-delegate\/#breadcrumb\",\"itemListElement\":[{\"@type\":\"ListItem\",\"position\":1,\"name\":\"Home\",\"item\":\"https:\/\/elvtehnika.ee\/test\/\"},{\"@type\":\"ListItem\",\"position\":2,\"name\":\"E-pood\",\"item\":\"https:\/\/elvtehnika.ee\/test\/epood\/\"},{\"@type\":\"ListItem\",\"position\":3,\"name\":\"Juhtmega delegaadimikrofoni-s\u00fcsteemi mikrofonid ITC TH-0804 (chairman) ja TH-0804A (delegate)\"}]},{\"@type\":\"WebSite\",\"@id\":\"https:\/\/elvtehnika.ee\/test\/#website\",\"url\":\"https:\/\/elvtehnika.ee\/test\/\",\"name\":\"ELV Tehnika\",\"description\":\"Heli-, valgus- ja esitlustehnika\",\"potentialAction\":[{\"@type\":\"SearchAction\",\"target\":{\"@type\":\"EntryPoint\",\"urlTemplate\":\"https:\/\/elvtehnika.ee\/test\/?s={search_term_string}\"},\"query-input\":\"required name=search_term_string\"}],\"inLanguage\":\"et\"}]}<\/script>\n<!-- \/ Yoast SEO plugin. -->","yoast_head_json":{"title":"Juhtmega delegaadimikrofoni-s\u00fcsteemi mikrofonid ITC TH-0804 (chairman) ja TH-0804A (delegate) - ELV Tehnika","description":"Delegaadimikrofonid ametlike kohtumiste, n\u00f5upidamiste ja videokonverentside l\u00e4biviimiseks-elegantne, esinduslik disain ja n\u00f5upidamise juhtimise funktsioonid","robots":{"index":"noindex","follow":"follow","max-snippet":"max-snippet:-1","max-image-preview":"max-image-preview:large","max-video-preview":"max-video-preview:-1"},"og_locale":"et_EE","og_type":"article","og_title":"Juhtmega delegaadimikrofoni-s\u00fcsteemi mikrofonid ITC TH-0804 (chairman) ja TH-0804A (delegate) - ELV Tehnika","og_description":"Delegaadimikrofonid ametlike kohtumiste, n\u00f5upidamiste ja videokonverentside l\u00e4biviimiseks-elegantne, esinduslik disain ja n\u00f5upidamise juhtimise funktsioonid","og_url":"https:\/\/elvtehnika.ee\/test\/epood\/juhtmega-delegaadimikrofoni-susteemi-mikrofonid-itc-th-0804-chairman-ja-th-0804a-delegate\/","og_site_name":"ELV Tehnika","article_modified_time":"2018-12-21T15:30:48+00:00","og_image":[{"width":490,"height":664,"url":"https:\/\/elvtehnika.ee\/test\/wp-content\/uploads\/Juhtmevaba-delegaadimikrofoni-s\u00fcsteemi-mikrofonid-ITC-TH-0804-chairman-ja-TH-0804A-delegate-3.jpg","type":"image\/jpeg"}],"schema":{"@context":"https:\/\/schema.org","@graph":[{"@type":"WebPage","@id":"https:\/\/elvtehnika.ee\/test\/epood\/juhtmega-delegaadimikrofoni-susteemi-mikrofonid-itc-th-0804-chairman-ja-th-0804a-delegate\/","url":"https:\/\/elvtehnika.ee\/test\/epood\/juhtmega-delegaadimikrofoni-susteemi-mikrofonid-itc-th-0804-chairman-ja-th-0804a-delegate\/","name":"Juhtmega delegaadimikrofoni-s\u00fcsteemi mikrofonid ITC TH-0804 (chairman) ja TH-0804A (delegate) - ELV Tehnika","isPartOf":{"@id":"https:\/\/elvtehnika.ee\/test\/#website"},"datePublished":"2016-07-24T07:01:19+00:00","dateModified":"2018-12-21T15:30:48+00:00","description":"Delegaadimikrofonid ametlike kohtumiste, n\u00f5upidamiste ja videokonverentside l\u00e4biviimiseks-elegantne, esinduslik disain ja n\u00f5upidamise juhtimise funktsioonid","breadcrumb":{"@id":"https:\/\/elvtehnika.ee\/test\/epood\/juhtmega-delegaadimikrofoni-susteemi-mikrofonid-itc-th-0804-chairman-ja-th-0804a-delegate\/#breadcrumb"},"inLanguage":"et","potentialAction":[{"@type":"ReadAction","target":["https:\/\/elvtehnika.ee\/test\/epood\/juhtmega-delegaadimikrofoni-susteemi-mikrofonid-itc-th-0804-chairman-ja-th-0804a-delegate\/"]}]},{"@type":"BreadcrumbList","@id":"https:\/\/elvtehnika.ee\/test\/epood\/juhtmega-delegaadimikrofoni-susteemi-mikrofonid-itc-th-0804-chairman-ja-th-0804a-delegate\/#breadcrumb","itemListElement":[{"@type":"ListItem","position":1,"name":"Home","item":"https:\/\/elvtehnika.ee\/test\/"},{"@type":"ListItem","position":2,"name":"E-pood","item":"https:\/\/elvtehnika.ee\/test\/epood\/"},{"@type":"ListItem","position":3,"name":"Juhtmega delegaadimikrofoni-s\u00fcsteemi mikrofonid ITC TH-0804 (chairman) ja TH-0804A (delegate)"}]},{"@type":"WebSite","@id":"https:\/\/elvtehnika.ee\/test\/#website","url":"https:\/\/elvtehnika.ee\/test\/","name":"ELV Tehnika","description":"Heli-, valgus- ja esitlustehnika","potentialAction":[{"@type":"SearchAction","target":{"@type":"EntryPoint","urlTemplate":"https:\/\/elvtehnika.ee\/test\/?s={search_term_string}"},"query-input":"required name=search_term_string"}],"inLanguage":"et"}]}},"_links":{"self":[{"href":"https:\/\/elvtehnika.ee\/test\/wp-json\/wp\/v2\/product\/11553"}],"collection":[{"href":"https:\/\/elvtehnika.ee\/test\/wp-json\/wp\/v2\/product"}],"about":[{"href":"https:\/\/elvtehnika.ee\/test\/wp-json\/wp\/v2\/types\/product"}],"wp:featuredmedia":[{"embeddable":true,"href":"https:\/\/elvtehnika.ee\/test\/wp-json\/wp\/v2\/media\/4091"}],"wp:attachment":[{"href":"https:\/\/elvtehnika.ee\/test\/wp-json\/wp\/v2\/media?parent=11553"}],"curies":[{"name":"wp","href":"https:\/\/api.w.org\/{rel}","templated":true}]}}