{"id":11868,"date":"2015-06-14T17:44:42","date_gmt":"2015-06-14T14:44:42","guid":{"rendered":"http:\/\/localhost\/plus\/elv3\/epood\/aktiivkolar-rcf-art-712-a-mk2\/"},"modified":"2018-12-21T17:30:59","modified_gmt":"2018-12-21T15:30:59","slug":"aktiivkolar-rcf-art-712-a-mk2","status":"publish","type":"product","link":"https:\/\/elvtehnika.ee\/test\/epood\/aktiivkolar-rcf-art-712-a-mk2\/","title":{"rendered":"Aktiivk\u00f5lar RCF ART 712-A MK2"},"content":{"rendered":"","protected":false},"excerpt":{"rendered":"","protected":false},"featured_media":1049,"template":"","meta":[],"acf":[],"yoast_head":"<!-- This site is optimized with the Yoast SEO plugin v20.5 - https:\/\/yoast.com\/wordpress\/plugins\/seo\/ -->\n<title>Aktiivk\u00f5lar RCF ART 712-A MK2 - ELV Tehnika<\/title>\n<meta name=\"description\" content=\"Aktiivk\u00f5lar RCF ART 712-A MK2 - \u00e4\u00e4rmisel suur j\u00f5udlus, madal bass, detailsed k\u00f5rghelid ning t\u00f6\u00f6kindel digiv\u00f5imendus ja protsessing - aktiivk\u00f5larid b\u00e4ndile\" \/>\n<meta name=\"robots\" content=\"noindex, follow, max-snippet:-1, max-image-preview:large, max-video-preview:-1\" \/>\n<meta property=\"og:locale\" content=\"et_EE\" \/>\n<meta property=\"og:type\" content=\"article\" \/>\n<meta property=\"og:title\" content=\"Aktiivk\u00f5lar RCF ART 712-A MK2 - ELV Tehnika\" \/>\n<meta property=\"og:description\" content=\"Aktiivk\u00f5lar RCF ART 712-A MK2 - \u00e4\u00e4rmisel suur j\u00f5udlus, madal bass, detailsed k\u00f5rghelid ning t\u00f6\u00f6kindel digiv\u00f5imendus ja protsessing - aktiivk\u00f5larid b\u00e4ndile\" \/>\n<meta property=\"og:url\" content=\"https:\/\/elvtehnika.ee\/test\/epood\/aktiivkolar-rcf-art-712-a-mk2\/\" \/>\n<meta property=\"og:site_name\" content=\"ELV Tehnika\" \/>\n<meta property=\"article:modified_time\" content=\"2018-12-21T15:30:59+00:00\" \/>\n<meta property=\"og:image\" content=\"https:\/\/elvtehnika.ee\/test\/wp-content\/uploads\/Art-712-A-front-web.jpg\" \/>\n\t<meta property=\"og:image:width\" content=\"800\" \/>\n\t<meta property=\"og:image:height\" content=\"600\" \/>\n\t<meta property=\"og:image:type\" content=\"image\/jpeg\" \/>\n<script type=\"application\/ld+json\" class=\"yoast-schema-graph\">{\"@context\":\"https:\/\/schema.org\",\"@graph\":[{\"@type\":\"WebPage\",\"@id\":\"https:\/\/elvtehnika.ee\/test\/epood\/aktiivkolar-rcf-art-712-a-mk2\/\",\"url\":\"https:\/\/elvtehnika.ee\/test\/epood\/aktiivkolar-rcf-art-712-a-mk2\/\",\"name\":\"Aktiivk\u00f5lar RCF ART 712-A MK2 - ELV Tehnika\",\"isPartOf\":{\"@id\":\"https:\/\/elvtehnika.ee\/test\/#website\"},\"datePublished\":\"2015-06-14T14:44:42+00:00\",\"dateModified\":\"2018-12-21T15:30:59+00:00\",\"description\":\"Aktiivk\u00f5lar RCF ART 712-A MK2 - \u00e4\u00e4rmisel suur j\u00f5udlus, madal bass, detailsed k\u00f5rghelid ning t\u00f6\u00f6kindel digiv\u00f5imendus ja protsessing - aktiivk\u00f5larid b\u00e4ndile\",\"breadcrumb\":{\"@id\":\"https:\/\/elvtehnika.ee\/test\/epood\/aktiivkolar-rcf-art-712-a-mk2\/#breadcrumb\"},\"inLanguage\":\"et\",\"potentialAction\":[{\"@type\":\"ReadAction\",\"target\":[\"https:\/\/elvtehnika.ee\/test\/epood\/aktiivkolar-rcf-art-712-a-mk2\/\"]}]},{\"@type\":\"BreadcrumbList\",\"@id\":\"https:\/\/elvtehnika.ee\/test\/epood\/aktiivkolar-rcf-art-712-a-mk2\/#breadcrumb\",\"itemListElement\":[{\"@type\":\"ListItem\",\"position\":1,\"name\":\"Home\",\"item\":\"https:\/\/elvtehnika.ee\/test\/\"},{\"@type\":\"ListItem\",\"position\":2,\"name\":\"E-pood\",\"item\":\"https:\/\/elvtehnika.ee\/test\/epood\/\"},{\"@type\":\"ListItem\",\"position\":3,\"name\":\"Aktiivk\u00f5lar RCF ART 712-A MK2\"}]},{\"@type\":\"WebSite\",\"@id\":\"https:\/\/elvtehnika.ee\/test\/#website\",\"url\":\"https:\/\/elvtehnika.ee\/test\/\",\"name\":\"ELV Tehnika\",\"description\":\"Heli-, valgus- ja esitlustehnika\",\"potentialAction\":[{\"@type\":\"SearchAction\",\"target\":{\"@type\":\"EntryPoint\",\"urlTemplate\":\"https:\/\/elvtehnika.ee\/test\/?s={search_term_string}\"},\"query-input\":\"required name=search_term_string\"}],\"inLanguage\":\"et\"}]}<\/script>\n<!-- \/ Yoast SEO plugin. -->","yoast_head_json":{"title":"Aktiivk\u00f5lar RCF ART 712-A MK2 - ELV Tehnika","description":"Aktiivk\u00f5lar RCF ART 712-A MK2 - \u00e4\u00e4rmisel suur j\u00f5udlus, madal bass, detailsed k\u00f5rghelid ning t\u00f6\u00f6kindel digiv\u00f5imendus ja protsessing - aktiivk\u00f5larid b\u00e4ndile","robots":{"index":"noindex","follow":"follow","max-snippet":"max-snippet:-1","max-image-preview":"max-image-preview:large","max-video-preview":"max-video-preview:-1"},"og_locale":"et_EE","og_type":"article","og_title":"Aktiivk\u00f5lar RCF ART 712-A MK2 - ELV Tehnika","og_description":"Aktiivk\u00f5lar RCF ART 712-A MK2 - \u00e4\u00e4rmisel suur j\u00f5udlus, madal bass, detailsed k\u00f5rghelid ning t\u00f6\u00f6kindel digiv\u00f5imendus ja protsessing - aktiivk\u00f5larid b\u00e4ndile","og_url":"https:\/\/elvtehnika.ee\/test\/epood\/aktiivkolar-rcf-art-712-a-mk2\/","og_site_name":"ELV Tehnika","article_modified_time":"2018-12-21T15:30:59+00:00","og_image":[{"width":800,"height":600,"url":"https:\/\/elvtehnika.ee\/test\/wp-content\/uploads\/Art-712-A-front-web.jpg","type":"image\/jpeg"}],"schema":{"@context":"https:\/\/schema.org","@graph":[{"@type":"WebPage","@id":"https:\/\/elvtehnika.ee\/test\/epood\/aktiivkolar-rcf-art-712-a-mk2\/","url":"https:\/\/elvtehnika.ee\/test\/epood\/aktiivkolar-rcf-art-712-a-mk2\/","name":"Aktiivk\u00f5lar RCF ART 712-A MK2 - ELV Tehnika","isPartOf":{"@id":"https:\/\/elvtehnika.ee\/test\/#website"},"datePublished":"2015-06-14T14:44:42+00:00","dateModified":"2018-12-21T15:30:59+00:00","description":"Aktiivk\u00f5lar RCF ART 712-A MK2 - \u00e4\u00e4rmisel suur j\u00f5udlus, madal bass, detailsed k\u00f5rghelid ning t\u00f6\u00f6kindel digiv\u00f5imendus ja protsessing - aktiivk\u00f5larid b\u00e4ndile","breadcrumb":{"@id":"https:\/\/elvtehnika.ee\/test\/epood\/aktiivkolar-rcf-art-712-a-mk2\/#breadcrumb"},"inLanguage":"et","potentialAction":[{"@type":"ReadAction","target":["https:\/\/elvtehnika.ee\/test\/epood\/aktiivkolar-rcf-art-712-a-mk2\/"]}]},{"@type":"BreadcrumbList","@id":"https:\/\/elvtehnika.ee\/test\/epood\/aktiivkolar-rcf-art-712-a-mk2\/#breadcrumb","itemListElement":[{"@type":"ListItem","position":1,"name":"Home","item":"https:\/\/elvtehnika.ee\/test\/"},{"@type":"ListItem","position":2,"name":"E-pood","item":"https:\/\/elvtehnika.ee\/test\/epood\/"},{"@type":"ListItem","position":3,"name":"Aktiivk\u00f5lar RCF ART 712-A MK2"}]},{"@type":"WebSite","@id":"https:\/\/elvtehnika.ee\/test\/#website","url":"https:\/\/elvtehnika.ee\/test\/","name":"ELV Tehnika","description":"Heli-, valgus- ja esitlustehnika","potentialAction":[{"@type":"SearchAction","target":{"@type":"EntryPoint","urlTemplate":"https:\/\/elvtehnika.ee\/test\/?s={search_term_string}"},"query-input":"required name=search_term_string"}],"inLanguage":"et"}]}},"_links":{"self":[{"href":"https:\/\/elvtehnika.ee\/test\/wp-json\/wp\/v2\/product\/11868"}],"collection":[{"href":"https:\/\/elvtehnika.ee\/test\/wp-json\/wp\/v2\/product"}],"about":[{"href":"https:\/\/elvtehnika.ee\/test\/wp-json\/wp\/v2\/types\/product"}],"wp:featuredmedia":[{"embeddable":true,"href":"https:\/\/elvtehnika.ee\/test\/wp-json\/wp\/v2\/media\/1049"}],"wp:attachment":[{"href":"https:\/\/elvtehnika.ee\/test\/wp-json\/wp\/v2\/media?parent=11868"}],"curies":[{"name":"wp","href":"https:\/\/api.w.org\/{rel}","templated":true}]}}

Aktiivkõlar RCF ART 712-A MK2

<!-- This site is optimized with the Yoast SEO plugin v20.5 - https://yoast.com/wordpress/plugins/seo/ -->
<title>Aktiivkõlar RCF ART 712-A MK2 - ELV Tehnika</title>
<meta name="description" content="Aktiivkõlar RCF ART 712-A MK2 - äärmisel suur jõudlus, madal bass, detailsed kõrghelid ning töökindel digivõimendus ja protsessing - aktiivkõlarid bändile" />
<meta name="robots" content="noindex, follow, max-snippet:-1, max-image-preview:large, max-video-preview:-1" />
<meta property="og:locale" content="et_EE" />
<meta property="og:type" content="article" />
<meta property="og:title" content="Aktiivkõlar RCF ART 712-A MK2 - ELV Tehnika" />
<meta property="og:description" content="Aktiivkõlar RCF ART 712-A MK2 - äärmisel suur jõudlus, madal bass, detailsed kõrghelid ning töökindel digivõimendus ja protsessing - aktiivkõlarid bändile" />
<meta property="og:url" content="https://elvtehnika.ee/test/epood/aktiivkolar-rcf-art-712-a-mk2/" />
<meta property="og:site_name" content="ELV Tehnika" />
<meta property="article:modified_time" content="2018-12-21T15:30:59+00:00" />
<meta property="og:image" content="https://elvtehnika.ee/test/wp-content/uploads/Art-712-A-front-web.jpg" />
	<meta property="og:image:width" content="800" />
	<meta property="og:image:height" content="600" />
	<meta property="og:image:type" content="image/jpeg" />
<script type="application/ld+json" class="yoast-schema-graph">{"@context":"https://schema.org","@graph":[{"@type":"WebPage","@id":"https://elvtehnika.ee/test/epood/aktiivkolar-rcf-art-712-a-mk2/","url":"https://elvtehnika.ee/test/epood/aktiivkolar-rcf-art-712-a-mk2/","name":"Aktiivkõlar RCF ART 712-A MK2 - ELV Tehnika","isPartOf":{"@id":"https://elvtehnika.ee/test/#website"},"datePublished":"2015-06-14T14:44:42+00:00","dateModified":"2018-12-21T15:30:59+00:00","description":"Aktiivkõlar RCF ART 712-A MK2 - äärmisel suur jõudlus, madal bass, detailsed kõrghelid ning töökindel digivõimendus ja protsessing - aktiivkõlarid bändile","breadcrumb":{"@id":"https://elvtehnika.ee/test/epood/aktiivkolar-rcf-art-712-a-mk2/#breadcrumb"},"inLanguage":"et","potentialAction":[{"@type":"ReadAction","target":["https://elvtehnika.ee/test/epood/aktiivkolar-rcf-art-712-a-mk2/"]}]},{"@type":"BreadcrumbList","@id":"https://elvtehnika.ee/test/epood/aktiivkolar-rcf-art-712-a-mk2/#breadcrumb","itemListElement":[{"@type":"ListItem","position":1,"name":"Home","item":"https://elvtehnika.ee/test/"},{"@type":"ListItem","position":2,"name":"E-pood","item":"https://elvtehnika.ee/test/epood/"},{"@type":"ListItem","position":3,"name":"Aktiivkõlar RCF ART 712-A MK2"}]},{"@type":"WebSite","@id":"https://elvtehnika.ee/test/#website","url":"https://elvtehnika.ee/test/","name":"ELV Tehnika","description":"Heli-, valgus- ja esitlustehnika","potentialAction":[{"@type":"SearchAction","target":{"@type":"EntryPoint","urlTemplate":"https://elvtehnika.ee/test/?s={search_term_string}"},"query-input":"required name=search_term_string"}],"inLanguage":"et"}]}</script>
<!-- / Yoast SEO plugin. -->

Aktiivkõlar RCF ART 712-A MK2 - ELV Tehnika

Aktiivkõlar RCF ART 712-A MK2 - äärmisel suur jõudlus, madal bass, detailsed kõrghelid ning töökindel digivõimendus ja protsessing - aktiivkõlarid bändile
